{"id":7079,"date":"2025-12-10T10:48:31","date_gmt":"2025-12-10T09:48:31","guid":{"rendered":"https:\/\/petrerjove.com\/evento\/contacontes-familiar-el-cor-que-va-illuminar-el-nadal\/"},"modified":"2025-12-10T11:41:26","modified_gmt":"2025-12-10T10:41:26","slug":"contacontes-familiar-el-cor-que-va-illuminar-el-nadal","status":"publish","type":"evento","link":"https:\/\/petrerjove.com\/ca\/evento\/contacontes-familiar-el-cor-que-va-illuminar-el-nadal\/","title":{"rendered":"Contacontes familiar \u2013 El cor que va il\u00b7luminar el Nadal"},"content":{"rendered":"\n<p>\ud83d\udcc5 Dissabte 20 de desembre de 2025&#13;\n\ud83d\udd5a 11:00 h \u2013 14:00 h&#13;\n\ud83d\udccd Parc El Campet<\/p>\n\n<p>Un mat\u00ed m\u00e0gic per viure el Nadal en fam\u00edlia. El cor que va il\u00b7luminar el Nadal \u00e9s un contacontes ple d&#8217;emoci\u00f3, valors i fantasia, pensat perqu\u00e8 els nens i els adults gaudeixin junts d&#8217;una hist\u00f2ria que celebra la generositat, la llum interior i la m\u00e0gia d&#8217;aquestes dates.<\/p>\n","protected":false},"author":1,"featured_media":6972,"template":"","tag-evento":[236],"edades-eventos":[141],"lugar-eventos":[130],"class_list":["post-7079","evento","type-evento","status-publish","has-post-thumbnail","hentry","tag-evento-nadal","edades-eventos-totes-les-edats","lugar-eventos-el-campet-ca"],"yoast_head":"<!-- This site is optimized with the Yoast SEO plugin v27.5 - https:\/\/yoast.com\/product\/yoast-seo-wordpress\/ -->\n<title>Contacontes familiar \u2013 El cor que va il\u00b7luminar el Nadal - Petrer Jove<\/title>\n<meta name=\"description\" content=\"Contacontes familiar El cor que va il\u00b7luminar el Nadal el 20 de desembre al Parc El Campet. Un mat\u00ed m\u00e0gic per a tota la fam\u00edlia.\" \/>\n<meta name=\"robots\" content=\"index, follow, max-snippet:-1, max-image-preview:large, max-video-preview:-1\" \/>\n<link rel=\"canonical\" href=\"https:\/\/petrerjove.com\/ca\/evento\/contacontes-familiar-el-cor-que-va-illuminar-el-nadal\/\" \/>\n<meta property=\"og:locale\" content=\"ca_ES\" \/>\n<meta property=\"og:type\" content=\"article\" \/>\n<meta property=\"og:title\" content=\"Contacontes familiar \u2013 El cor que va il\u00b7luminar el Nadal - Petrer Jove\" \/>\n<meta property=\"og:description\" content=\"Contacontes familiar El cor que va il\u00b7luminar el Nadal el 20 de desembre al Parc El Campet. Un mat\u00ed m\u00e0gic per a tota la fam\u00edlia.\" \/>\n<meta property=\"og:url\" content=\"https:\/\/petrerjove.com\/ca\/evento\/contacontes-familiar-el-cor-que-va-illuminar-el-nadal\/\" \/>\n<meta property=\"og:site_name\" content=\"Petrer Jove\" \/>\n<meta property=\"article:publisher\" content=\"https:\/\/www.facebook.com\/petrerjoven\/\" \/>\n<meta property=\"article:modified_time\" content=\"2025-12-10T10:41:26+00:00\" \/>\n<meta property=\"og:image\" content=\"https:\/\/petrerjove.com\/wp-content\/uploads\/2025\/12\/cuentacuentos_20dic_destacada-min.jpg\" \/>\n\t<meta property=\"og:image:width\" content=\"400\" \/>\n\t<meta property=\"og:image:height\" content=\"290\" \/>\n\t<meta property=\"og:image:type\" content=\"image\/jpeg\" \/>\n<meta name=\"twitter:card\" content=\"summary_large_image\" \/>\n<script type=\"application\/ld+json\" class=\"yoast-schema-graph\">{\"@context\":\"https:\\\/\\\/schema.org\",\"@graph\":[{\"@type\":\"WebPage\",\"@id\":\"https:\\\/\\\/petrerjove.com\\\/ca\\\/evento\\\/contacontes-familiar-el-cor-que-va-illuminar-el-nadal\\\/\",\"url\":\"https:\\\/\\\/petrerjove.com\\\/ca\\\/evento\\\/contacontes-familiar-el-cor-que-va-illuminar-el-nadal\\\/\",\"name\":\"Contacontes familiar \u2013 El cor que va il\u00b7luminar el Nadal - Petrer Jove\",\"isPartOf\":{\"@id\":\"https:\\\/\\\/petrerjove.com\\\/ca\\\/#website\"},\"primaryImageOfPage\":{\"@id\":\"https:\\\/\\\/petrerjove.com\\\/ca\\\/evento\\\/contacontes-familiar-el-cor-que-va-illuminar-el-nadal\\\/#primaryimage\"},\"image\":{\"@id\":\"https:\\\/\\\/petrerjove.com\\\/ca\\\/evento\\\/contacontes-familiar-el-cor-que-va-illuminar-el-nadal\\\/#primaryimage\"},\"thumbnailUrl\":\"https:\\\/\\\/petrerjove.com\\\/wp-content\\\/uploads\\\/2025\\\/12\\\/cuentacuentos_20dic_destacada-min.jpg\",\"datePublished\":\"2025-12-10T09:48:31+00:00\",\"dateModified\":\"2025-12-10T10:41:26+00:00\",\"description\":\"Contacontes familiar El cor que va il\u00b7luminar el Nadal el 20 de desembre al Parc El Campet. Un mat\u00ed m\u00e0gic per a tota la fam\u00edlia.\",\"breadcrumb\":{\"@id\":\"https:\\\/\\\/petrerjove.com\\\/ca\\\/evento\\\/contacontes-familiar-el-cor-que-va-illuminar-el-nadal\\\/#breadcrumb\"},\"inLanguage\":\"ca\",\"potentialAction\":[{\"@type\":\"ReadAction\",\"target\":[\"https:\\\/\\\/petrerjove.com\\\/ca\\\/evento\\\/contacontes-familiar-el-cor-que-va-illuminar-el-nadal\\\/\"]}]},{\"@type\":\"ImageObject\",\"inLanguage\":\"ca\",\"@id\":\"https:\\\/\\\/petrerjove.com\\\/ca\\\/evento\\\/contacontes-familiar-el-cor-que-va-illuminar-el-nadal\\\/#primaryimage\",\"url\":\"https:\\\/\\\/petrerjove.com\\\/wp-content\\\/uploads\\\/2025\\\/12\\\/cuentacuentos_20dic_destacada-min.jpg\",\"contentUrl\":\"https:\\\/\\\/petrerjove.com\\\/wp-content\\\/uploads\\\/2025\\\/12\\\/cuentacuentos_20dic_destacada-min.jpg\",\"width\":400,\"height\":290},{\"@type\":\"BreadcrumbList\",\"@id\":\"https:\\\/\\\/petrerjove.com\\\/ca\\\/evento\\\/contacontes-familiar-el-cor-que-va-illuminar-el-nadal\\\/#breadcrumb\",\"itemListElement\":[{\"@type\":\"ListItem\",\"position\":1,\"name\":\"Portada\",\"item\":\"https:\\\/\\\/petrerjove.com\\\/ca\\\/\"},{\"@type\":\"ListItem\",\"position\":2,\"name\":\"Contacontes familiar \u2013 El cor que va il\u00b7luminar el Nadal\"}]},{\"@type\":\"WebSite\",\"@id\":\"https:\\\/\\\/petrerjove.com\\\/ca\\\/#website\",\"url\":\"https:\\\/\\\/petrerjove.com\\\/ca\\\/\",\"name\":\"Petrer Jove\",\"description\":\"Concejal\u00eda de Infancia y Juventud de Petrer\",\"publisher\":{\"@id\":\"https:\\\/\\\/petrerjove.com\\\/ca\\\/#organization\"},\"potentialAction\":[{\"@type\":\"SearchAction\",\"target\":{\"@type\":\"EntryPoint\",\"urlTemplate\":\"https:\\\/\\\/petrerjove.com\\\/ca\\\/?s={search_term_string}\"},\"query-input\":{\"@type\":\"PropertyValueSpecification\",\"valueRequired\":true,\"valueName\":\"search_term_string\"}}],\"inLanguage\":\"ca\"},{\"@type\":\"Organization\",\"@id\":\"https:\\\/\\\/petrerjove.com\\\/ca\\\/#organization\",\"name\":\"Concejal\u00eda de Juventud de Petrer\",\"url\":\"https:\\\/\\\/petrerjove.com\\\/ca\\\/\",\"logo\":{\"@type\":\"ImageObject\",\"inLanguage\":\"ca\",\"@id\":\"https:\\\/\\\/petrerjove.com\\\/ca\\\/#\\\/schema\\\/logo\\\/image\\\/\",\"url\":\"https:\\\/\\\/petrerjove.com\\\/wp-content\\\/uploads\\\/2024\\\/02\\\/petrerjove_horizontal.svg\",\"contentUrl\":\"https:\\\/\\\/petrerjove.com\\\/wp-content\\\/uploads\\\/2024\\\/02\\\/petrerjove_horizontal.svg\",\"width\":200,\"height\":70,\"caption\":\"Concejal\u00eda de Juventud de Petrer\"},\"image\":{\"@id\":\"https:\\\/\\\/petrerjove.com\\\/ca\\\/#\\\/schema\\\/logo\\\/image\\\/\"},\"sameAs\":[\"https:\\\/\\\/www.facebook.com\\\/petrerjoven\\\/\",\"https:\\\/\\\/www.instagram.com\\\/petrerjove\\\/\"]}]}<\/script>\n<!-- \/ Yoast SEO plugin. -->","yoast_head_json":{"title":"Contacontes familiar \u2013 El cor que va il\u00b7luminar el Nadal - Petrer Jove","description":"Contacontes familiar El cor que va il\u00b7luminar el Nadal el 20 de desembre al Parc El Campet. Un mat\u00ed m\u00e0gic per a tota la fam\u00edlia.","robots":{"index":"index","follow":"follow","max-snippet":"max-snippet:-1","max-image-preview":"max-image-preview:large","max-video-preview":"max-video-preview:-1"},"canonical":"https:\/\/petrerjove.com\/ca\/evento\/contacontes-familiar-el-cor-que-va-illuminar-el-nadal\/","og_locale":"ca_ES","og_type":"article","og_title":"Contacontes familiar \u2013 El cor que va il\u00b7luminar el Nadal - Petrer Jove","og_description":"Contacontes familiar El cor que va il\u00b7luminar el Nadal el 20 de desembre al Parc El Campet. Un mat\u00ed m\u00e0gic per a tota la fam\u00edlia.","og_url":"https:\/\/petrerjove.com\/ca\/evento\/contacontes-familiar-el-cor-que-va-illuminar-el-nadal\/","og_site_name":"Petrer Jove","article_publisher":"https:\/\/www.facebook.com\/petrerjoven\/","article_modified_time":"2025-12-10T10:41:26+00:00","og_image":[{"width":400,"height":290,"url":"https:\/\/petrerjove.com\/wp-content\/uploads\/2025\/12\/cuentacuentos_20dic_destacada-min.jpg","type":"image\/jpeg"}],"twitter_card":"summary_large_image","schema":{"@context":"https:\/\/schema.org","@graph":[{"@type":"WebPage","@id":"https:\/\/petrerjove.com\/ca\/evento\/contacontes-familiar-el-cor-que-va-illuminar-el-nadal\/","url":"https:\/\/petrerjove.com\/ca\/evento\/contacontes-familiar-el-cor-que-va-illuminar-el-nadal\/","name":"Contacontes familiar \u2013 El cor que va il\u00b7luminar el Nadal - Petrer Jove","isPartOf":{"@id":"https:\/\/petrerjove.com\/ca\/#website"},"primaryImageOfPage":{"@id":"https:\/\/petrerjove.com\/ca\/evento\/contacontes-familiar-el-cor-que-va-illuminar-el-nadal\/#primaryimage"},"image":{"@id":"https:\/\/petrerjove.com\/ca\/evento\/contacontes-familiar-el-cor-que-va-illuminar-el-nadal\/#primaryimage"},"thumbnailUrl":"https:\/\/petrerjove.com\/wp-content\/uploads\/2025\/12\/cuentacuentos_20dic_destacada-min.jpg","datePublished":"2025-12-10T09:48:31+00:00","dateModified":"2025-12-10T10:41:26+00:00","description":"Contacontes familiar El cor que va il\u00b7luminar el Nadal el 20 de desembre al Parc El Campet. Un mat\u00ed m\u00e0gic per a tota la fam\u00edlia.","breadcrumb":{"@id":"https:\/\/petrerjove.com\/ca\/evento\/contacontes-familiar-el-cor-que-va-illuminar-el-nadal\/#breadcrumb"},"inLanguage":"ca","potentialAction":[{"@type":"ReadAction","target":["https:\/\/petrerjove.com\/ca\/evento\/contacontes-familiar-el-cor-que-va-illuminar-el-nadal\/"]}]},{"@type":"ImageObject","inLanguage":"ca","@id":"https:\/\/petrerjove.com\/ca\/evento\/contacontes-familiar-el-cor-que-va-illuminar-el-nadal\/#primaryimage","url":"https:\/\/petrerjove.com\/wp-content\/uploads\/2025\/12\/cuentacuentos_20dic_destacada-min.jpg","contentUrl":"https:\/\/petrerjove.com\/wp-content\/uploads\/2025\/12\/cuentacuentos_20dic_destacada-min.jpg","width":400,"height":290},{"@type":"BreadcrumbList","@id":"https:\/\/petrerjove.com\/ca\/evento\/contacontes-familiar-el-cor-que-va-illuminar-el-nadal\/#breadcrumb","itemListElement":[{"@type":"ListItem","position":1,"name":"Portada","item":"https:\/\/petrerjove.com\/ca\/"},{"@type":"ListItem","position":2,"name":"Contacontes familiar \u2013 El cor que va il\u00b7luminar el Nadal"}]},{"@type":"WebSite","@id":"https:\/\/petrerjove.com\/ca\/#website","url":"https:\/\/petrerjove.com\/ca\/","name":"Petrer Jove","description":"Concejal\u00eda de Infancia y Juventud de Petrer","publisher":{"@id":"https:\/\/petrerjove.com\/ca\/#organization"},"potentialAction":[{"@type":"SearchAction","target":{"@type":"EntryPoint","urlTemplate":"https:\/\/petrerjove.com\/ca\/?s={search_term_string}"},"query-input":{"@type":"PropertyValueSpecification","valueRequired":true,"valueName":"search_term_string"}}],"inLanguage":"ca"},{"@type":"Organization","@id":"https:\/\/petrerjove.com\/ca\/#organization","name":"Concejal\u00eda de Juventud de Petrer","url":"https:\/\/petrerjove.com\/ca\/","logo":{"@type":"ImageObject","inLanguage":"ca","@id":"https:\/\/petrerjove.com\/ca\/#\/schema\/logo\/image\/","url":"https:\/\/petrerjove.com\/wp-content\/uploads\/2024\/02\/petrerjove_horizontal.svg","contentUrl":"https:\/\/petrerjove.com\/wp-content\/uploads\/2024\/02\/petrerjove_horizontal.svg","width":200,"height":70,"caption":"Concejal\u00eda de Juventud de Petrer"},"image":{"@id":"https:\/\/petrerjove.com\/ca\/#\/schema\/logo\/image\/"},"sameAs":["https:\/\/www.facebook.com\/petrerjoven\/","https:\/\/www.instagram.com\/petrerjove\/"]}]}},"_links":{"self":[{"href":"https:\/\/petrerjove.com\/ca\/wp-json\/wp\/v2\/evento\/7079","targetHints":{"allow":["GET"]}}],"collection":[{"href":"https:\/\/petrerjove.com\/ca\/wp-json\/wp\/v2\/evento"}],"about":[{"href":"https:\/\/petrerjove.com\/ca\/wp-json\/wp\/v2\/types\/evento"}],"author":[{"embeddable":true,"href":"https:\/\/petrerjove.com\/ca\/wp-json\/wp\/v2\/users\/1"}],"version-history":[{"count":1,"href":"https:\/\/petrerjove.com\/ca\/wp-json\/wp\/v2\/evento\/7079\/revisions"}],"predecessor-version":[{"id":7080,"href":"https:\/\/petrerjove.com\/ca\/wp-json\/wp\/v2\/evento\/7079\/revisions\/7080"}],"wp:featuredmedia":[{"embeddable":true,"href":"https:\/\/petrerjove.com\/ca\/wp-json\/wp\/v2\/media\/6972"}],"wp:attachment":[{"href":"https:\/\/petrerjove.com\/ca\/wp-json\/wp\/v2\/media?parent=7079"}],"wp:term":[{"taxonomy":"tag-evento","embeddable":true,"href":"https:\/\/petrerjove.com\/ca\/wp-json\/wp\/v2\/tag-evento?post=7079"},{"taxonomy":"edades-eventos","embeddable":true,"href":"https:\/\/petrerjove.com\/ca\/wp-json\/wp\/v2\/edades-eventos?post=7079"},{"taxonomy":"lugar-eventos","embeddable":true,"href":"https:\/\/petrerjove.com\/ca\/wp-json\/wp\/v2\/lugar-eventos?post=7079"}],"curies":[{"name":"wp","href":"https:\/\/api.w.org\/{rel}","templated":true}]}}

<p>📅 Dissabte 20 de desembre de 2025&#13;
🕚 11:00 h – 14:00 h&#13;
📍 Parc El Campet</p>

<p>Un matí màgic per viure el Nadal en família. El cor que va il·luminar el Nadal és un contacontes ple d&#8217;emoció, valors i fantasia, pensat perquè els nens i els adults gaudeixin junts d&#8217;una història que celebra la generositat, la llum interior i la màgia d&#8217;aquestes dates.</p>

<!-- This site is optimized with the Yoast SEO plugin v27.5 - https://yoast.com/product/yoast-seo-wordpress/ -->
<title>Contacontes familiar – El cor que va il·luminar el Nadal - Petrer Jove</title>
<meta name="description" content="Contacontes familiar El cor que va il·luminar el Nadal el 20 de desembre al Parc El Campet. Un matí màgic per a tota la família." />
<meta name="robots" content="index, follow, max-snippet:-1, max-image-preview:large, max-video-preview:-1" />
<link rel="canonical" href="https://petrerjove.com/ca/evento/contacontes-familiar-el-cor-que-va-illuminar-el-nadal/" />
<meta property="og:locale" content="ca_ES" />
<meta property="og:type" content="article" />
<meta property="og:title" content="Contacontes familiar – El cor que va il·luminar el Nadal - Petrer Jove" />
<meta property="og:description" content="Contacontes familiar El cor que va il·luminar el Nadal el 20 de desembre al Parc El Campet. Un matí màgic per a tota la família." />
<meta property="og:url" content="https://petrerjove.com/ca/evento/contacontes-familiar-el-cor-que-va-illuminar-el-nadal/" />
<meta property="og:site_name" content="Petrer Jove" />
<meta property="article:publisher" content="https://www.facebook.com/petrerjoven/" />
<meta property="article:modified_time" content="2025-12-10T10:41:26+00:00" />
<meta property="og:image" content="https://petrerjove.com/wp-content/uploads/2025/12/cuentacuentos_20dic_destacada-min.jpg" />
	<meta property="og:image:width" content="400" />
	<meta property="og:image:height" content="290" />
	<meta property="og:image:type" content="image/jpeg" />
<meta name="twitter:card" content="summary_large_image" />
<script type="application/ld+json" class="yoast-schema-graph">{"@context":"https:\/\/schema.org","@graph":[{"@type":"WebPage","@id":"https:\/\/petrerjove.com\/ca\/evento\/contacontes-familiar-el-cor-que-va-illuminar-el-nadal\/","url":"https:\/\/petrerjove.com\/ca\/evento\/contacontes-familiar-el-cor-que-va-illuminar-el-nadal\/","name":"Contacontes familiar – El cor que va il·luminar el Nadal - Petrer Jove","isPartOf":{"@id":"https:\/\/petrerjove.com\/ca\/#website"},"primaryImageOfPage":{"@id":"https:\/\/petrerjove.com\/ca\/evento\/contacontes-familiar-el-cor-que-va-illuminar-el-nadal\/#primaryimage"},"image":{"@id":"https:\/\/petrerjove.com\/ca\/evento\/contacontes-familiar-el-cor-que-va-illuminar-el-nadal\/#primaryimage"},"thumbnailUrl":"https:\/\/petrerjove.com\/wp-content\/uploads\/2025\/12\/cuentacuentos_20dic_destacada-min.jpg","datePublished":"2025-12-10T09:48:31+00:00","dateModified":"2025-12-10T10:41:26+00:00","description":"Contacontes familiar El cor que va il·luminar el Nadal el 20 de desembre al Parc El Campet. Un matí màgic per a tota la família.","breadcrumb":{"@id":"https:\/\/petrerjove.com\/ca\/evento\/contacontes-familiar-el-cor-que-va-illuminar-el-nadal\/#breadcrumb"},"inLanguage":"ca","potentialAction":[{"@type":"ReadAction","target":["https:\/\/petrerjove.com\/ca\/evento\/contacontes-familiar-el-cor-que-va-illuminar-el-nadal\/"]}]},{"@type":"ImageObject","inLanguage":"ca","@id":"https:\/\/petrerjove.com\/ca\/evento\/contacontes-familiar-el-cor-que-va-illuminar-el-nadal\/#primaryimage","url":"https:\/\/petrerjove.com\/wp-content\/uploads\/2025\/12\/cuentacuentos_20dic_destacada-min.jpg","contentUrl":"https:\/\/petrerjove.com\/wp-content\/uploads\/2025\/12\/cuentacuentos_20dic_destacada-min.jpg","width":400,"height":290},{"@type":"BreadcrumbList","@id":"https:\/\/petrerjove.com\/ca\/evento\/contacontes-familiar-el-cor-que-va-illuminar-el-nadal\/#breadcrumb","itemListElement":[{"@type":"ListItem","position":1,"name":"Portada","item":"https:\/\/petrerjove.com\/ca\/"},{"@type":"ListItem","position":2,"name":"Contacontes familiar – El cor que va il·luminar el Nadal"}]},{"@type":"WebSite","@id":"https:\/\/petrerjove.com\/ca\/#website","url":"https:\/\/petrerjove.com\/ca\/","name":"Petrer Jove","description":"Concejalía de Infancia y Juventud de Petrer","publisher":{"@id":"https:\/\/petrerjove.com\/ca\/#organization"},"potentialAction":[{"@type":"SearchAction","target":{"@type":"EntryPoint","urlTemplate":"https:\/\/petrerjove.com\/ca\/?s={search_term_string}"},"query-input":{"@type":"PropertyValueSpecification","valueRequired":true,"valueName":"search_term_string"}}],"inLanguage":"ca"},{"@type":"Organization","@id":"https:\/\/petrerjove.com\/ca\/#organization","name":"Concejalía de Juventud de Petrer","url":"https:\/\/petrerjove.com\/ca\/","logo":{"@type":"ImageObject","inLanguage":"ca","@id":"https:\/\/petrerjove.com\/ca\/#\/schema\/logo\/image\/","url":"https:\/\/petrerjove.com\/wp-content\/uploads\/2024\/02\/petrerjove_horizontal.svg","contentUrl":"https:\/\/petrerjove.com\/wp-content\/uploads\/2024\/02\/petrerjove_horizontal.svg","width":200,"height":70,"caption":"Concejalía de Juventud de Petrer"},"image":{"@id":"https:\/\/petrerjove.com\/ca\/#\/schema\/logo\/image\/"},"sameAs":["https:\/\/www.facebook.com\/petrerjoven\/","https:\/\/www.instagram.com\/petrerjove\/"]}]}</script>
<!-- / Yoast SEO plugin. -->

Contacontes familiar El cor que va il·luminar el Nadal el 20 de desembre al Parc El Campet. Un matí màgic per a tota la família.

Concejalía de Infancia y Juventud de Petrer

Concejalía de Juventud de Petrer
