{"id":5514,"date":"2025-04-07T10:35:45","date_gmt":"2025-04-07T08:35:45","guid":{"rendered":"https:\/\/petrerjove.com\/evento\/taller-roses-de-paper\/"},"modified":"2025-04-07T12:11:41","modified_gmt":"2025-04-07T10:11:41","slug":"taller-roses-de-paper","status":"publish","type":"evento","link":"https:\/\/petrerjove.com\/ca\/evento\/taller-roses-de-paper\/","title":{"rendered":"Taller Roses de Paper"},"content":{"rendered":"\n<p>Celebra el Dia del Llibre creant la teva pr\u00f2pia <strong>rosa de paper<\/strong>, un bonic detall per regalar (o per a tu!).<br\/>Una activitat creativa i simb\u00f2lica on unim literatura, art i tradici\u00f3.<\/p>\n\n<p>\ud83c\udf39\ud83d\udcd6 Perqu\u00e8 cada hist\u00f2ria mereix una flor.<\/p>\n\n<p>\ud83d\udcc5 <em>Martes 23 d&#8217;abril<\/em><br\/>\ud83d\udd60 <em>De 17:30 a 18:30 h<\/em><br\/>\ud83d\udccd <em>Concejal\u00eda de Juventud \u2013 C\/ Ortega y Gasset, 26 \u2013 Petrer<\/em><br\/>\ud83d\udc67\ud83e\uddd1 1 anys <em>From<\/em><\/p>\n\n<div style=\"height:50px\" aria-hidden=\"true\" class=\"wp-block-spacer\"><\/div>\n\n<figure class=\"wp-block-image aligncenter size-large is-resized\"><img fetchpriority=\"high\" decoding=\"async\" width=\"819\" height=\"1024\" src=\"https:\/\/petrerjove.com\/wp-content\/uploads\/2025\/04\/WhatsApp-Image-2025-04-03-at-21.54.32-1-min-819x1024.jpeg\" alt=\"\" class=\"wp-image-5451\" style=\"width:350px\" srcset=\"https:\/\/petrerjove.com\/wp-content\/uploads\/2025\/04\/WhatsApp-Image-2025-04-03-at-21.54.32-1-min-819x1024.jpeg 819w, https:\/\/petrerjove.com\/wp-content\/uploads\/2025\/04\/WhatsApp-Image-2025-04-03-at-21.54.32-1-min-240x300.jpeg 240w, https:\/\/petrerjove.com\/wp-content\/uploads\/2025\/04\/WhatsApp-Image-2025-04-03-at-21.54.32-1-min-768x960.jpeg 768w, https:\/\/petrerjove.com\/wp-content\/uploads\/2025\/04\/WhatsApp-Image-2025-04-03-at-21.54.32-1-min.jpeg 1080w\" sizes=\"(max-width: 819px) 100vw, 819px\" \/><\/figure>\n","protected":false},"author":1,"featured_media":5448,"template":"","tag-evento":[],"edades-eventos":[73],"lugar-eventos":[69],"class_list":["post-5514","evento","type-evento","status-publish","has-post-thumbnail","hentry","edades-eventos-a-partir-de-10-anys","lugar-eventos-casal-de-la-joventut"],"yoast_head":"<!-- This site is optimized with the Yoast SEO plugin v27.5 - https:\/\/yoast.com\/product\/yoast-seo-wordpress\/ -->\n<title>Taller Roses de Paper - Petrer Jove<\/title>\n<meta name=\"robots\" content=\"index, follow, max-snippet:-1, max-image-preview:large, max-video-preview:-1\" \/>\n<link rel=\"canonical\" href=\"https:\/\/petrerjove.com\/ca\/evento\/taller-roses-de-paper\/\" \/>\n<meta property=\"og:locale\" content=\"ca_ES\" \/>\n<meta property=\"og:type\" content=\"article\" \/>\n<meta property=\"og:title\" content=\"Taller Roses de Paper - Petrer Jove\" \/>\n<meta property=\"og:description\" content=\"Celebra el Dia del Llibre creant la teva pr\u00f2pia rosa de paper, un bonic detall per regalar (o per a tu!).Una activitat creativa i simb\u00f2lica on unim literatura, art i tradici\u00f3. \ud83c\udf39\ud83d\udcd6 Perqu\u00e8 cada hist\u00f2ria mereix una flor. \ud83d\udcc5 Martes 23 d&#8217;abril\ud83d\udd60 De 17:30 a 18:30 h\ud83d\udccd Concejal\u00eda de Juventud \u2013 C\/ Ortega y Gasset, [&hellip;]\" \/>\n<meta property=\"og:url\" content=\"https:\/\/petrerjove.com\/ca\/evento\/taller-roses-de-paper\/\" \/>\n<meta property=\"og:site_name\" content=\"Petrer Jove\" \/>\n<meta property=\"article:publisher\" content=\"https:\/\/www.facebook.com\/petrerjoven\/\" \/>\n<meta property=\"article:modified_time\" content=\"2025-04-07T10:11:41+00:00\" \/>\n<meta property=\"og:image\" content=\"https:\/\/petrerjove.com\/wp-content\/uploads\/2025\/04\/rosaspapel_23abril_destacada.jpg\" \/>\n\t<meta property=\"og:image:width\" content=\"400\" \/>\n\t<meta property=\"og:image:height\" content=\"290\" \/>\n\t<meta property=\"og:image:type\" content=\"image\/jpeg\" \/>\n<meta name=\"twitter:card\" content=\"summary_large_image\" \/>\n<script type=\"application\/ld+json\" class=\"yoast-schema-graph\">{\"@context\":\"https:\\\/\\\/schema.org\",\"@graph\":[{\"@type\":\"WebPage\",\"@id\":\"https:\\\/\\\/petrerjove.com\\\/ca\\\/evento\\\/taller-roses-de-paper\\\/\",\"url\":\"https:\\\/\\\/petrerjove.com\\\/ca\\\/evento\\\/taller-roses-de-paper\\\/\",\"name\":\"Taller Roses de Paper - Petrer Jove\",\"isPartOf\":{\"@id\":\"https:\\\/\\\/petrerjove.com\\\/ca\\\/#website\"},\"primaryImageOfPage\":{\"@id\":\"https:\\\/\\\/petrerjove.com\\\/ca\\\/evento\\\/taller-roses-de-paper\\\/#primaryimage\"},\"image\":{\"@id\":\"https:\\\/\\\/petrerjove.com\\\/ca\\\/evento\\\/taller-roses-de-paper\\\/#primaryimage\"},\"thumbnailUrl\":\"https:\\\/\\\/petrerjove.com\\\/wp-content\\\/uploads\\\/2025\\\/04\\\/rosaspapel_23abril_destacada.jpg\",\"datePublished\":\"2025-04-07T08:35:45+00:00\",\"dateModified\":\"2025-04-07T10:11:41+00:00\",\"breadcrumb\":{\"@id\":\"https:\\\/\\\/petrerjove.com\\\/ca\\\/evento\\\/taller-roses-de-paper\\\/#breadcrumb\"},\"inLanguage\":\"ca\",\"potentialAction\":[{\"@type\":\"ReadAction\",\"target\":[\"https:\\\/\\\/petrerjove.com\\\/ca\\\/evento\\\/taller-roses-de-paper\\\/\"]}]},{\"@type\":\"ImageObject\",\"inLanguage\":\"ca\",\"@id\":\"https:\\\/\\\/petrerjove.com\\\/ca\\\/evento\\\/taller-roses-de-paper\\\/#primaryimage\",\"url\":\"https:\\\/\\\/petrerjove.com\\\/wp-content\\\/uploads\\\/2025\\\/04\\\/rosaspapel_23abril_destacada.jpg\",\"contentUrl\":\"https:\\\/\\\/petrerjove.com\\\/wp-content\\\/uploads\\\/2025\\\/04\\\/rosaspapel_23abril_destacada.jpg\",\"width\":400,\"height\":290},{\"@type\":\"BreadcrumbList\",\"@id\":\"https:\\\/\\\/petrerjove.com\\\/ca\\\/evento\\\/taller-roses-de-paper\\\/#breadcrumb\",\"itemListElement\":[{\"@type\":\"ListItem\",\"position\":1,\"name\":\"Portada\",\"item\":\"https:\\\/\\\/petrerjove.com\\\/ca\\\/\"},{\"@type\":\"ListItem\",\"position\":2,\"name\":\"Taller Roses de Paper\"}]},{\"@type\":\"WebSite\",\"@id\":\"https:\\\/\\\/petrerjove.com\\\/ca\\\/#website\",\"url\":\"https:\\\/\\\/petrerjove.com\\\/ca\\\/\",\"name\":\"Petrer Jove\",\"description\":\"Concejal\u00eda de Infancia y Juventud de Petrer\",\"publisher\":{\"@id\":\"https:\\\/\\\/petrerjove.com\\\/ca\\\/#organization\"},\"potentialAction\":[{\"@type\":\"SearchAction\",\"target\":{\"@type\":\"EntryPoint\",\"urlTemplate\":\"https:\\\/\\\/petrerjove.com\\\/ca\\\/?s={search_term_string}\"},\"query-input\":{\"@type\":\"PropertyValueSpecification\",\"valueRequired\":true,\"valueName\":\"search_term_string\"}}],\"inLanguage\":\"ca\"},{\"@type\":\"Organization\",\"@id\":\"https:\\\/\\\/petrerjove.com\\\/ca\\\/#organization\",\"name\":\"Concejal\u00eda de Juventud de Petrer\",\"url\":\"https:\\\/\\\/petrerjove.com\\\/ca\\\/\",\"logo\":{\"@type\":\"ImageObject\",\"inLanguage\":\"ca\",\"@id\":\"https:\\\/\\\/petrerjove.com\\\/ca\\\/#\\\/schema\\\/logo\\\/image\\\/\",\"url\":\"https:\\\/\\\/petrerjove.com\\\/wp-content\\\/uploads\\\/2024\\\/02\\\/petrerjove_horizontal.svg\",\"contentUrl\":\"https:\\\/\\\/petrerjove.com\\\/wp-content\\\/uploads\\\/2024\\\/02\\\/petrerjove_horizontal.svg\",\"width\":200,\"height\":70,\"caption\":\"Concejal\u00eda de Juventud de Petrer\"},\"image\":{\"@id\":\"https:\\\/\\\/petrerjove.com\\\/ca\\\/#\\\/schema\\\/logo\\\/image\\\/\"},\"sameAs\":[\"https:\\\/\\\/www.facebook.com\\\/petrerjoven\\\/\",\"https:\\\/\\\/www.instagram.com\\\/petrerjove\\\/\"]}]}<\/script>\n<!-- \/ Yoast SEO plugin. -->","yoast_head_json":{"title":"Taller Roses de Paper - Petrer Jove","robots":{"index":"index","follow":"follow","max-snippet":"max-snippet:-1","max-image-preview":"max-image-preview:large","max-video-preview":"max-video-preview:-1"},"canonical":"https:\/\/petrerjove.com\/ca\/evento\/taller-roses-de-paper\/","og_locale":"ca_ES","og_type":"article","og_title":"Taller Roses de Paper - Petrer Jove","og_description":"Celebra el Dia del Llibre creant la teva pr\u00f2pia rosa de paper, un bonic detall per regalar (o per a tu!).Una activitat creativa i simb\u00f2lica on unim literatura, art i tradici\u00f3. \ud83c\udf39\ud83d\udcd6 Perqu\u00e8 cada hist\u00f2ria mereix una flor. \ud83d\udcc5 Martes 23 d&#8217;abril\ud83d\udd60 De 17:30 a 18:30 h\ud83d\udccd Concejal\u00eda de Juventud \u2013 C\/ Ortega y Gasset, [&hellip;]","og_url":"https:\/\/petrerjove.com\/ca\/evento\/taller-roses-de-paper\/","og_site_name":"Petrer Jove","article_publisher":"https:\/\/www.facebook.com\/petrerjoven\/","article_modified_time":"2025-04-07T10:11:41+00:00","og_image":[{"width":400,"height":290,"url":"https:\/\/petrerjove.com\/wp-content\/uploads\/2025\/04\/rosaspapel_23abril_destacada.jpg","type":"image\/jpeg"}],"twitter_card":"summary_large_image","schema":{"@context":"https:\/\/schema.org","@graph":[{"@type":"WebPage","@id":"https:\/\/petrerjove.com\/ca\/evento\/taller-roses-de-paper\/","url":"https:\/\/petrerjove.com\/ca\/evento\/taller-roses-de-paper\/","name":"Taller Roses de Paper - Petrer Jove","isPartOf":{"@id":"https:\/\/petrerjove.com\/ca\/#website"},"primaryImageOfPage":{"@id":"https:\/\/petrerjove.com\/ca\/evento\/taller-roses-de-paper\/#primaryimage"},"image":{"@id":"https:\/\/petrerjove.com\/ca\/evento\/taller-roses-de-paper\/#primaryimage"},"thumbnailUrl":"https:\/\/petrerjove.com\/wp-content\/uploads\/2025\/04\/rosaspapel_23abril_destacada.jpg","datePublished":"2025-04-07T08:35:45+00:00","dateModified":"2025-04-07T10:11:41+00:00","breadcrumb":{"@id":"https:\/\/petrerjove.com\/ca\/evento\/taller-roses-de-paper\/#breadcrumb"},"inLanguage":"ca","potentialAction":[{"@type":"ReadAction","target":["https:\/\/petrerjove.com\/ca\/evento\/taller-roses-de-paper\/"]}]},{"@type":"ImageObject","inLanguage":"ca","@id":"https:\/\/petrerjove.com\/ca\/evento\/taller-roses-de-paper\/#primaryimage","url":"https:\/\/petrerjove.com\/wp-content\/uploads\/2025\/04\/rosaspapel_23abril_destacada.jpg","contentUrl":"https:\/\/petrerjove.com\/wp-content\/uploads\/2025\/04\/rosaspapel_23abril_destacada.jpg","width":400,"height":290},{"@type":"BreadcrumbList","@id":"https:\/\/petrerjove.com\/ca\/evento\/taller-roses-de-paper\/#breadcrumb","itemListElement":[{"@type":"ListItem","position":1,"name":"Portada","item":"https:\/\/petrerjove.com\/ca\/"},{"@type":"ListItem","position":2,"name":"Taller Roses de Paper"}]},{"@type":"WebSite","@id":"https:\/\/petrerjove.com\/ca\/#website","url":"https:\/\/petrerjove.com\/ca\/","name":"Petrer Jove","description":"Concejal\u00eda de Infancia y Juventud de Petrer","publisher":{"@id":"https:\/\/petrerjove.com\/ca\/#organization"},"potentialAction":[{"@type":"SearchAction","target":{"@type":"EntryPoint","urlTemplate":"https:\/\/petrerjove.com\/ca\/?s={search_term_string}"},"query-input":{"@type":"PropertyValueSpecification","valueRequired":true,"valueName":"search_term_string"}}],"inLanguage":"ca"},{"@type":"Organization","@id":"https:\/\/petrerjove.com\/ca\/#organization","name":"Concejal\u00eda de Juventud de Petrer","url":"https:\/\/petrerjove.com\/ca\/","logo":{"@type":"ImageObject","inLanguage":"ca","@id":"https:\/\/petrerjove.com\/ca\/#\/schema\/logo\/image\/","url":"https:\/\/petrerjove.com\/wp-content\/uploads\/2024\/02\/petrerjove_horizontal.svg","contentUrl":"https:\/\/petrerjove.com\/wp-content\/uploads\/2024\/02\/petrerjove_horizontal.svg","width":200,"height":70,"caption":"Concejal\u00eda de Juventud de Petrer"},"image":{"@id":"https:\/\/petrerjove.com\/ca\/#\/schema\/logo\/image\/"},"sameAs":["https:\/\/www.facebook.com\/petrerjoven\/","https:\/\/www.instagram.com\/petrerjove\/"]}]}},"_links":{"self":[{"href":"https:\/\/petrerjove.com\/ca\/wp-json\/wp\/v2\/evento\/5514","targetHints":{"allow":["GET"]}}],"collection":[{"href":"https:\/\/petrerjove.com\/ca\/wp-json\/wp\/v2\/evento"}],"about":[{"href":"https:\/\/petrerjove.com\/ca\/wp-json\/wp\/v2\/types\/evento"}],"author":[{"embeddable":true,"href":"https:\/\/petrerjove.com\/ca\/wp-json\/wp\/v2\/users\/1"}],"version-history":[{"count":1,"href":"https:\/\/petrerjove.com\/ca\/wp-json\/wp\/v2\/evento\/5514\/revisions"}],"predecessor-version":[{"id":5515,"href":"https:\/\/petrerjove.com\/ca\/wp-json\/wp\/v2\/evento\/5514\/revisions\/5515"}],"wp:featuredmedia":[{"embeddable":true,"href":"https:\/\/petrerjove.com\/ca\/wp-json\/wp\/v2\/media\/5448"}],"wp:attachment":[{"href":"https:\/\/petrerjove.com\/ca\/wp-json\/wp\/v2\/media?parent=5514"}],"wp:term":[{"taxonomy":"tag-evento","embeddable":true,"href":"https:\/\/petrerjove.com\/ca\/wp-json\/wp\/v2\/tag-evento?post=5514"},{"taxonomy":"edades-eventos","embeddable":true,"href":"https:\/\/petrerjove.com\/ca\/wp-json\/wp\/v2\/edades-eventos?post=5514"},{"taxonomy":"lugar-eventos","embeddable":true,"href":"https:\/\/petrerjove.com\/ca\/wp-json\/wp\/v2\/lugar-eventos?post=5514"}],"curies":[{"name":"wp","href":"https:\/\/api.w.org\/{rel}","templated":true}]}}

<p>Celebra el Dia del Llibre creant la teva pròpia <strong>rosa de paper</strong>, un bonic detall per regalar (o per a tu!).<br/>Una activitat creativa i simbòlica on unim literatura, art i tradició.</p>

<p>🌹📖 Perquè cada història mereix una flor.</p>

<p>📅 <em>Martes 23 d&#8217;abril</em><br/>🕠 <em>De 17:30 a 18:30 h</em><br/>📍 <em>Concejalía de Juventud – C/ Ortega y Gasset, 26 – Petrer</em><br/>👧🧑 1 anys <em>From</em></p>

<div style="height:50px" aria-hidden="true" class="wp-block-spacer"></div>

<figure class="wp-block-image aligncenter size-large is-resized"><img fetchpriority="high" decoding="async" width="819" height="1024" src="https://petrerjove.com/wp-content/uploads/2025/04/WhatsApp-Image-2025-04-03-at-21.54.32-1-min-819x1024.jpeg" alt="" class="wp-image-5451" style="width:350px" srcset="https://petrerjove.com/wp-content/uploads/2025/04/WhatsApp-Image-2025-04-03-at-21.54.32-1-min-819x1024.jpeg 819w, https://petrerjove.com/wp-content/uploads/2025/04/WhatsApp-Image-2025-04-03-at-21.54.32-1-min-240x300.jpeg 240w, https://petrerjove.com/wp-content/uploads/2025/04/WhatsApp-Image-2025-04-03-at-21.54.32-1-min-768x960.jpeg 768w, https://petrerjove.com/wp-content/uploads/2025/04/WhatsApp-Image-2025-04-03-at-21.54.32-1-min.jpeg 1080w" sizes="(max-width: 819px) 100vw, 819px" /></figure>

<!-- This site is optimized with the Yoast SEO plugin v27.5 - https://yoast.com/product/yoast-seo-wordpress/ -->
<title>Taller Roses de Paper - Petrer Jove</title>
<meta name="robots" content="index, follow, max-snippet:-1, max-image-preview:large, max-video-preview:-1" />
<link rel="canonical" href="https://petrerjove.com/ca/evento/taller-roses-de-paper/" />
<meta property="og:locale" content="ca_ES" />
<meta property="og:type" content="article" />
<meta property="og:title" content="Taller Roses de Paper - Petrer Jove" />
<meta property="og:description" content="Celebra el Dia del Llibre creant la teva pròpia rosa de paper, un bonic detall per regalar (o per a tu!).Una activitat creativa i simbòlica on unim literatura, art i tradició. 🌹📖 Perquè cada història mereix una flor. 📅 Martes 23 d&#8217;abril🕠 De 17:30 a 18:30 h📍 Concejalía de Juventud – C/ Ortega y Gasset, [&hellip;]" />
<meta property="og:url" content="https://petrerjove.com/ca/evento/taller-roses-de-paper/" />
<meta property="og:site_name" content="Petrer Jove" />
<meta property="article:publisher" content="https://www.facebook.com/petrerjoven/" />
<meta property="article:modified_time" content="2025-04-07T10:11:41+00:00" />
<meta property="og:image" content="https://petrerjove.com/wp-content/uploads/2025/04/rosaspapel_23abril_destacada.jpg" />
	<meta property="og:image:width" content="400" />
	<meta property="og:image:height" content="290" />
	<meta property="og:image:type" content="image/jpeg" />
<meta name="twitter:card" content="summary_large_image" />
<script type="application/ld+json" class="yoast-schema-graph">{"@context":"https:\/\/schema.org","@graph":[{"@type":"WebPage","@id":"https:\/\/petrerjove.com\/ca\/evento\/taller-roses-de-paper\/","url":"https:\/\/petrerjove.com\/ca\/evento\/taller-roses-de-paper\/","name":"Taller Roses de Paper - Petrer Jove","isPartOf":{"@id":"https:\/\/petrerjove.com\/ca\/#website"},"primaryImageOfPage":{"@id":"https:\/\/petrerjove.com\/ca\/evento\/taller-roses-de-paper\/#primaryimage"},"image":{"@id":"https:\/\/petrerjove.com\/ca\/evento\/taller-roses-de-paper\/#primaryimage"},"thumbnailUrl":"https:\/\/petrerjove.com\/wp-content\/uploads\/2025\/04\/rosaspapel_23abril_destacada.jpg","datePublished":"2025-04-07T08:35:45+00:00","dateModified":"2025-04-07T10:11:41+00:00","breadcrumb":{"@id":"https:\/\/petrerjove.com\/ca\/evento\/taller-roses-de-paper\/#breadcrumb"},"inLanguage":"ca","potentialAction":[{"@type":"ReadAction","target":["https:\/\/petrerjove.com\/ca\/evento\/taller-roses-de-paper\/"]}]},{"@type":"ImageObject","inLanguage":"ca","@id":"https:\/\/petrerjove.com\/ca\/evento\/taller-roses-de-paper\/#primaryimage","url":"https:\/\/petrerjove.com\/wp-content\/uploads\/2025\/04\/rosaspapel_23abril_destacada.jpg","contentUrl":"https:\/\/petrerjove.com\/wp-content\/uploads\/2025\/04\/rosaspapel_23abril_destacada.jpg","width":400,"height":290},{"@type":"BreadcrumbList","@id":"https:\/\/petrerjove.com\/ca\/evento\/taller-roses-de-paper\/#breadcrumb","itemListElement":[{"@type":"ListItem","position":1,"name":"Portada","item":"https:\/\/petrerjove.com\/ca\/"},{"@type":"ListItem","position":2,"name":"Taller Roses de Paper"}]},{"@type":"WebSite","@id":"https:\/\/petrerjove.com\/ca\/#website","url":"https:\/\/petrerjove.com\/ca\/","name":"Petrer Jove","description":"Concejalía de Infancia y Juventud de Petrer","publisher":{"@id":"https:\/\/petrerjove.com\/ca\/#organization"},"potentialAction":[{"@type":"SearchAction","target":{"@type":"EntryPoint","urlTemplate":"https:\/\/petrerjove.com\/ca\/?s={search_term_string}"},"query-input":{"@type":"PropertyValueSpecification","valueRequired":true,"valueName":"search_term_string"}}],"inLanguage":"ca"},{"@type":"Organization","@id":"https:\/\/petrerjove.com\/ca\/#organization","name":"Concejalía de Juventud de Petrer","url":"https:\/\/petrerjove.com\/ca\/","logo":{"@type":"ImageObject","inLanguage":"ca","@id":"https:\/\/petrerjove.com\/ca\/#\/schema\/logo\/image\/","url":"https:\/\/petrerjove.com\/wp-content\/uploads\/2024\/02\/petrerjove_horizontal.svg","contentUrl":"https:\/\/petrerjove.com\/wp-content\/uploads\/2024\/02\/petrerjove_horizontal.svg","width":200,"height":70,"caption":"Concejalía de Juventud de Petrer"},"image":{"@id":"https:\/\/petrerjove.com\/ca\/#\/schema\/logo\/image\/"},"sameAs":["https:\/\/www.facebook.com\/petrerjoven\/","https:\/\/www.instagram.com\/petrerjove\/"]}]}</script>
<!-- / Yoast SEO plugin. -->

Celebra el Dia del Llibre creant la teva pròpia rosa de paper, un bonic detall per regalar (o per a tu!).Una activitat creativa i simbòlica on unim literatura, art i tradició. 🌹📖 Perquè cada història mereix una flor. 📅 Martes 23 d&#8217;abril🕠 De 17:30 a 18:30 h📍 Concejalía de Juventud – C/ Ortega y Gasset, [&hellip;]

Concejalía de Infancia y Juventud de Petrer

Concejalía de Juventud de Petrer
