{"id":4593,"date":"2024-11-13T13:44:18","date_gmt":"2024-11-13T12:44:18","guid":{"rendered":"https:\/\/petrerjove.com\/evento\/micro-contra-la-violencia-de-genere\/"},"modified":"2024-11-13T13:44:59","modified_gmt":"2024-11-13T12:44:59","slug":"micro-contra-la-violencia-de-genere","status":"publish","type":"evento","link":"https:\/\/petrerjove.com\/ca\/evento\/micro-contra-la-violencia-de-genere\/","title":{"rendered":"Micro contra la viol\u00e8ncia de g\u00e8nere"},"content":{"rendered":"\n<p>Uneix-te a aquesta activitat especial per al\u00e7ar la veu contra la viol\u00e8ncia de g\u00e8nere en un espai de reflexi\u00f3 i solidaritat. &#8220;Cors oberts, \u00e0nimes en pau&#8221; \u00e9s una invitaci\u00f3 a expressar i escoltar testimonis i missatges que promoguin la pau i el respecte a la nostra comunitat.<\/p>\n\n<p><strong>Detalls de l&#8217;esdeveniment:<\/strong><br\/>\ud83d\udcc6 <strong>Data<\/strong>: 22 de novembre<br\/>\ud83d\udd62 <strong>Hora<\/strong>: 19:30 h<br\/> \ud83d\udccd <strong>Lloc<\/strong>: Casal de la Joventut<\/p>\n\n<div style=\"height:50px\" aria-hidden=\"true\" class=\"wp-block-spacer\"><\/div>\n\n<figure class=\"wp-block-image aligncenter size-large is-resized\"><img fetchpriority=\"high\" decoding=\"async\" width=\"724\" height=\"1024\" src=\"https:\/\/petrerjove.com\/wp-content\/uploads\/2024\/11\/Imagen_de_WhatsApp_2024-11-12_a_las_09.51.54_2a11fdd9-min-724x1024.jpg\" alt=\"\" class=\"wp-image-4586\" style=\"width:350px\" srcset=\"https:\/\/petrerjove.com\/wp-content\/uploads\/2024\/11\/Imagen_de_WhatsApp_2024-11-12_a_las_09.51.54_2a11fdd9-min-724x1024.jpg 724w, https:\/\/petrerjove.com\/wp-content\/uploads\/2024\/11\/Imagen_de_WhatsApp_2024-11-12_a_las_09.51.54_2a11fdd9-min-212x300.jpg 212w, https:\/\/petrerjove.com\/wp-content\/uploads\/2024\/11\/Imagen_de_WhatsApp_2024-11-12_a_las_09.51.54_2a11fdd9-min-768x1086.jpg 768w, https:\/\/petrerjove.com\/wp-content\/uploads\/2024\/11\/Imagen_de_WhatsApp_2024-11-12_a_las_09.51.54_2a11fdd9-min-1086x1536.jpg 1086w, https:\/\/petrerjove.com\/wp-content\/uploads\/2024\/11\/Imagen_de_WhatsApp_2024-11-12_a_las_09.51.54_2a11fdd9-min.jpg 1131w\" sizes=\"(max-width: 724px) 100vw, 724px\" \/><\/figure>\n","protected":false},"author":1,"featured_media":4591,"template":"","tag-evento":[],"edades-eventos":[141],"lugar-eventos":[69],"class_list":["post-4593","evento","type-evento","status-publish","has-post-thumbnail","hentry","edades-eventos-totes-les-edats","lugar-eventos-casal-de-la-joventut"],"yoast_head":"<!-- This site is optimized with the Yoast SEO plugin v27.5 - https:\/\/yoast.com\/product\/yoast-seo-wordpress\/ -->\n<title>Micro contra la viol\u00e8ncia de g\u00e8nere - Petrer Jove<\/title>\n<meta name=\"robots\" content=\"index, follow, max-snippet:-1, max-image-preview:large, max-video-preview:-1\" \/>\n<link rel=\"canonical\" href=\"https:\/\/petrerjove.com\/ca\/evento\/micro-contra-la-violencia-de-genere\/\" \/>\n<meta property=\"og:locale\" content=\"ca_ES\" \/>\n<meta property=\"og:type\" content=\"article\" \/>\n<meta property=\"og:title\" content=\"Micro contra la viol\u00e8ncia de g\u00e8nere - Petrer Jove\" \/>\n<meta property=\"og:description\" content=\"Uneix-te a aquesta activitat especial per al\u00e7ar la veu contra la viol\u00e8ncia de g\u00e8nere en un espai de reflexi\u00f3 i solidaritat. &#8220;Cors oberts, \u00e0nimes en pau&#8221; \u00e9s una invitaci\u00f3 a expressar i escoltar testimonis i missatges que promoguin la pau i el respecte a la nostra comunitat. Detalls de l&#8217;esdeveniment:\ud83d\udcc6 Data: 22 de novembre\ud83d\udd62 Hora: [&hellip;]\" \/>\n<meta property=\"og:url\" content=\"https:\/\/petrerjove.com\/ca\/evento\/micro-contra-la-violencia-de-genere\/\" \/>\n<meta property=\"og:site_name\" content=\"Petrer Jove\" \/>\n<meta property=\"article:publisher\" content=\"https:\/\/www.facebook.com\/petrerjoven\/\" \/>\n<meta property=\"article:modified_time\" content=\"2024-11-13T12:44:59+00:00\" \/>\n<meta property=\"og:image\" content=\"https:\/\/petrerjove.com\/wp-content\/uploads\/2024\/11\/microabierto_22nov_destacada-min.jpg\" \/>\n\t<meta property=\"og:image:width\" content=\"400\" \/>\n\t<meta property=\"og:image:height\" content=\"290\" \/>\n\t<meta property=\"og:image:type\" content=\"image\/jpeg\" \/>\n<meta name=\"twitter:card\" content=\"summary_large_image\" \/>\n<script type=\"application\/ld+json\" class=\"yoast-schema-graph\">{\"@context\":\"https:\\\/\\\/schema.org\",\"@graph\":[{\"@type\":\"WebPage\",\"@id\":\"https:\\\/\\\/petrerjove.com\\\/ca\\\/evento\\\/micro-contra-la-violencia-de-genere\\\/\",\"url\":\"https:\\\/\\\/petrerjove.com\\\/ca\\\/evento\\\/micro-contra-la-violencia-de-genere\\\/\",\"name\":\"Micro contra la viol\u00e8ncia de g\u00e8nere - Petrer Jove\",\"isPartOf\":{\"@id\":\"https:\\\/\\\/petrerjove.com\\\/ca\\\/#website\"},\"primaryImageOfPage\":{\"@id\":\"https:\\\/\\\/petrerjove.com\\\/ca\\\/evento\\\/micro-contra-la-violencia-de-genere\\\/#primaryimage\"},\"image\":{\"@id\":\"https:\\\/\\\/petrerjove.com\\\/ca\\\/evento\\\/micro-contra-la-violencia-de-genere\\\/#primaryimage\"},\"thumbnailUrl\":\"https:\\\/\\\/petrerjove.com\\\/wp-content\\\/uploads\\\/2024\\\/11\\\/microabierto_22nov_destacada-min.jpg\",\"datePublished\":\"2024-11-13T12:44:18+00:00\",\"dateModified\":\"2024-11-13T12:44:59+00:00\",\"breadcrumb\":{\"@id\":\"https:\\\/\\\/petrerjove.com\\\/ca\\\/evento\\\/micro-contra-la-violencia-de-genere\\\/#breadcrumb\"},\"inLanguage\":\"ca\",\"potentialAction\":[{\"@type\":\"ReadAction\",\"target\":[\"https:\\\/\\\/petrerjove.com\\\/ca\\\/evento\\\/micro-contra-la-violencia-de-genere\\\/\"]}]},{\"@type\":\"ImageObject\",\"inLanguage\":\"ca\",\"@id\":\"https:\\\/\\\/petrerjove.com\\\/ca\\\/evento\\\/micro-contra-la-violencia-de-genere\\\/#primaryimage\",\"url\":\"https:\\\/\\\/petrerjove.com\\\/wp-content\\\/uploads\\\/2024\\\/11\\\/microabierto_22nov_destacada-min.jpg\",\"contentUrl\":\"https:\\\/\\\/petrerjove.com\\\/wp-content\\\/uploads\\\/2024\\\/11\\\/microabierto_22nov_destacada-min.jpg\",\"width\":400,\"height\":290},{\"@type\":\"BreadcrumbList\",\"@id\":\"https:\\\/\\\/petrerjove.com\\\/ca\\\/evento\\\/micro-contra-la-violencia-de-genere\\\/#breadcrumb\",\"itemListElement\":[{\"@type\":\"ListItem\",\"position\":1,\"name\":\"Portada\",\"item\":\"https:\\\/\\\/petrerjove.com\\\/ca\\\/\"},{\"@type\":\"ListItem\",\"position\":2,\"name\":\"Micro contra la viol\u00e8ncia de g\u00e8nere\"}]},{\"@type\":\"WebSite\",\"@id\":\"https:\\\/\\\/petrerjove.com\\\/ca\\\/#website\",\"url\":\"https:\\\/\\\/petrerjove.com\\\/ca\\\/\",\"name\":\"Petrer Jove\",\"description\":\"Concejal\u00eda de Infancia y Juventud de Petrer\",\"publisher\":{\"@id\":\"https:\\\/\\\/petrerjove.com\\\/ca\\\/#organization\"},\"potentialAction\":[{\"@type\":\"SearchAction\",\"target\":{\"@type\":\"EntryPoint\",\"urlTemplate\":\"https:\\\/\\\/petrerjove.com\\\/ca\\\/?s={search_term_string}\"},\"query-input\":{\"@type\":\"PropertyValueSpecification\",\"valueRequired\":true,\"valueName\":\"search_term_string\"}}],\"inLanguage\":\"ca\"},{\"@type\":\"Organization\",\"@id\":\"https:\\\/\\\/petrerjove.com\\\/ca\\\/#organization\",\"name\":\"Concejal\u00eda de Juventud de Petrer\",\"url\":\"https:\\\/\\\/petrerjove.com\\\/ca\\\/\",\"logo\":{\"@type\":\"ImageObject\",\"inLanguage\":\"ca\",\"@id\":\"https:\\\/\\\/petrerjove.com\\\/ca\\\/#\\\/schema\\\/logo\\\/image\\\/\",\"url\":\"https:\\\/\\\/petrerjove.com\\\/wp-content\\\/uploads\\\/2024\\\/02\\\/petrerjove_horizontal.svg\",\"contentUrl\":\"https:\\\/\\\/petrerjove.com\\\/wp-content\\\/uploads\\\/2024\\\/02\\\/petrerjove_horizontal.svg\",\"width\":200,\"height\":70,\"caption\":\"Concejal\u00eda de Juventud de Petrer\"},\"image\":{\"@id\":\"https:\\\/\\\/petrerjove.com\\\/ca\\\/#\\\/schema\\\/logo\\\/image\\\/\"},\"sameAs\":[\"https:\\\/\\\/www.facebook.com\\\/petrerjoven\\\/\",\"https:\\\/\\\/www.instagram.com\\\/petrerjove\\\/\"]}]}<\/script>\n<!-- \/ Yoast SEO plugin. -->","yoast_head_json":{"title":"Micro contra la viol\u00e8ncia de g\u00e8nere - Petrer Jove","robots":{"index":"index","follow":"follow","max-snippet":"max-snippet:-1","max-image-preview":"max-image-preview:large","max-video-preview":"max-video-preview:-1"},"canonical":"https:\/\/petrerjove.com\/ca\/evento\/micro-contra-la-violencia-de-genere\/","og_locale":"ca_ES","og_type":"article","og_title":"Micro contra la viol\u00e8ncia de g\u00e8nere - Petrer Jove","og_description":"Uneix-te a aquesta activitat especial per al\u00e7ar la veu contra la viol\u00e8ncia de g\u00e8nere en un espai de reflexi\u00f3 i solidaritat. &#8220;Cors oberts, \u00e0nimes en pau&#8221; \u00e9s una invitaci\u00f3 a expressar i escoltar testimonis i missatges que promoguin la pau i el respecte a la nostra comunitat. Detalls de l&#8217;esdeveniment:\ud83d\udcc6 Data: 22 de novembre\ud83d\udd62 Hora: [&hellip;]","og_url":"https:\/\/petrerjove.com\/ca\/evento\/micro-contra-la-violencia-de-genere\/","og_site_name":"Petrer Jove","article_publisher":"https:\/\/www.facebook.com\/petrerjoven\/","article_modified_time":"2024-11-13T12:44:59+00:00","og_image":[{"width":400,"height":290,"url":"https:\/\/petrerjove.com\/wp-content\/uploads\/2024\/11\/microabierto_22nov_destacada-min.jpg","type":"image\/jpeg"}],"twitter_card":"summary_large_image","schema":{"@context":"https:\/\/schema.org","@graph":[{"@type":"WebPage","@id":"https:\/\/petrerjove.com\/ca\/evento\/micro-contra-la-violencia-de-genere\/","url":"https:\/\/petrerjove.com\/ca\/evento\/micro-contra-la-violencia-de-genere\/","name":"Micro contra la viol\u00e8ncia de g\u00e8nere - Petrer Jove","isPartOf":{"@id":"https:\/\/petrerjove.com\/ca\/#website"},"primaryImageOfPage":{"@id":"https:\/\/petrerjove.com\/ca\/evento\/micro-contra-la-violencia-de-genere\/#primaryimage"},"image":{"@id":"https:\/\/petrerjove.com\/ca\/evento\/micro-contra-la-violencia-de-genere\/#primaryimage"},"thumbnailUrl":"https:\/\/petrerjove.com\/wp-content\/uploads\/2024\/11\/microabierto_22nov_destacada-min.jpg","datePublished":"2024-11-13T12:44:18+00:00","dateModified":"2024-11-13T12:44:59+00:00","breadcrumb":{"@id":"https:\/\/petrerjove.com\/ca\/evento\/micro-contra-la-violencia-de-genere\/#breadcrumb"},"inLanguage":"ca","potentialAction":[{"@type":"ReadAction","target":["https:\/\/petrerjove.com\/ca\/evento\/micro-contra-la-violencia-de-genere\/"]}]},{"@type":"ImageObject","inLanguage":"ca","@id":"https:\/\/petrerjove.com\/ca\/evento\/micro-contra-la-violencia-de-genere\/#primaryimage","url":"https:\/\/petrerjove.com\/wp-content\/uploads\/2024\/11\/microabierto_22nov_destacada-min.jpg","contentUrl":"https:\/\/petrerjove.com\/wp-content\/uploads\/2024\/11\/microabierto_22nov_destacada-min.jpg","width":400,"height":290},{"@type":"BreadcrumbList","@id":"https:\/\/petrerjove.com\/ca\/evento\/micro-contra-la-violencia-de-genere\/#breadcrumb","itemListElement":[{"@type":"ListItem","position":1,"name":"Portada","item":"https:\/\/petrerjove.com\/ca\/"},{"@type":"ListItem","position":2,"name":"Micro contra la viol\u00e8ncia de g\u00e8nere"}]},{"@type":"WebSite","@id":"https:\/\/petrerjove.com\/ca\/#website","url":"https:\/\/petrerjove.com\/ca\/","name":"Petrer Jove","description":"Concejal\u00eda de Infancia y Juventud de Petrer","publisher":{"@id":"https:\/\/petrerjove.com\/ca\/#organization"},"potentialAction":[{"@type":"SearchAction","target":{"@type":"EntryPoint","urlTemplate":"https:\/\/petrerjove.com\/ca\/?s={search_term_string}"},"query-input":{"@type":"PropertyValueSpecification","valueRequired":true,"valueName":"search_term_string"}}],"inLanguage":"ca"},{"@type":"Organization","@id":"https:\/\/petrerjove.com\/ca\/#organization","name":"Concejal\u00eda de Juventud de Petrer","url":"https:\/\/petrerjove.com\/ca\/","logo":{"@type":"ImageObject","inLanguage":"ca","@id":"https:\/\/petrerjove.com\/ca\/#\/schema\/logo\/image\/","url":"https:\/\/petrerjove.com\/wp-content\/uploads\/2024\/02\/petrerjove_horizontal.svg","contentUrl":"https:\/\/petrerjove.com\/wp-content\/uploads\/2024\/02\/petrerjove_horizontal.svg","width":200,"height":70,"caption":"Concejal\u00eda de Juventud de Petrer"},"image":{"@id":"https:\/\/petrerjove.com\/ca\/#\/schema\/logo\/image\/"},"sameAs":["https:\/\/www.facebook.com\/petrerjoven\/","https:\/\/www.instagram.com\/petrerjove\/"]}]}},"_links":{"self":[{"href":"https:\/\/petrerjove.com\/ca\/wp-json\/wp\/v2\/evento\/4593","targetHints":{"allow":["GET"]}}],"collection":[{"href":"https:\/\/petrerjove.com\/ca\/wp-json\/wp\/v2\/evento"}],"about":[{"href":"https:\/\/petrerjove.com\/ca\/wp-json\/wp\/v2\/types\/evento"}],"author":[{"embeddable":true,"href":"https:\/\/petrerjove.com\/ca\/wp-json\/wp\/v2\/users\/1"}],"version-history":[{"count":1,"href":"https:\/\/petrerjove.com\/ca\/wp-json\/wp\/v2\/evento\/4593\/revisions"}],"predecessor-version":[{"id":4594,"href":"https:\/\/petrerjove.com\/ca\/wp-json\/wp\/v2\/evento\/4593\/revisions\/4594"}],"wp:featuredmedia":[{"embeddable":true,"href":"https:\/\/petrerjove.com\/ca\/wp-json\/wp\/v2\/media\/4591"}],"wp:attachment":[{"href":"https:\/\/petrerjove.com\/ca\/wp-json\/wp\/v2\/media?parent=4593"}],"wp:term":[{"taxonomy":"tag-evento","embeddable":true,"href":"https:\/\/petrerjove.com\/ca\/wp-json\/wp\/v2\/tag-evento?post=4593"},{"taxonomy":"edades-eventos","embeddable":true,"href":"https:\/\/petrerjove.com\/ca\/wp-json\/wp\/v2\/edades-eventos?post=4593"},{"taxonomy":"lugar-eventos","embeddable":true,"href":"https:\/\/petrerjove.com\/ca\/wp-json\/wp\/v2\/lugar-eventos?post=4593"}],"curies":[{"name":"wp","href":"https:\/\/api.w.org\/{rel}","templated":true}]}}

Micro contra la violència de gènere

<p>Uneix-te a aquesta activitat especial per alçar la veu contra la violència de gènere en un espai de reflexió i solidaritat. &#8220;Cors oberts, ànimes en pau&#8221; és una invitació a expressar i escoltar testimonis i missatges que promoguin la pau i el respecte a la nostra comunitat.</p>

<p><strong>Detalls de l&#8217;esdeveniment:</strong><br/>📆 <strong>Data</strong>: 22 de novembre<br/>🕢 <strong>Hora</strong>: 19:30 h<br/> 📍 <strong>Lloc</strong>: Casal de la Joventut</p>

<div style="height:50px" aria-hidden="true" class="wp-block-spacer"></div>

<figure class="wp-block-image aligncenter size-large is-resized"><img fetchpriority="high" decoding="async" width="724" height="1024" src="https://petrerjove.com/wp-content/uploads/2024/11/Imagen_de_WhatsApp_2024-11-12_a_las_09.51.54_2a11fdd9-min-724x1024.jpg" alt="" class="wp-image-4586" style="width:350px" srcset="https://petrerjove.com/wp-content/uploads/2024/11/Imagen_de_WhatsApp_2024-11-12_a_las_09.51.54_2a11fdd9-min-724x1024.jpg 724w, https://petrerjove.com/wp-content/uploads/2024/11/Imagen_de_WhatsApp_2024-11-12_a_las_09.51.54_2a11fdd9-min-212x300.jpg 212w, https://petrerjove.com/wp-content/uploads/2024/11/Imagen_de_WhatsApp_2024-11-12_a_las_09.51.54_2a11fdd9-min-768x1086.jpg 768w, https://petrerjove.com/wp-content/uploads/2024/11/Imagen_de_WhatsApp_2024-11-12_a_las_09.51.54_2a11fdd9-min-1086x1536.jpg 1086w, https://petrerjove.com/wp-content/uploads/2024/11/Imagen_de_WhatsApp_2024-11-12_a_las_09.51.54_2a11fdd9-min.jpg 1131w" sizes="(max-width: 724px) 100vw, 724px" /></figure>

<!-- This site is optimized with the Yoast SEO plugin v27.5 - https://yoast.com/product/yoast-seo-wordpress/ -->
<title>Micro contra la violència de gènere - Petrer Jove</title>
<meta name="robots" content="index, follow, max-snippet:-1, max-image-preview:large, max-video-preview:-1" />
<link rel="canonical" href="https://petrerjove.com/ca/evento/micro-contra-la-violencia-de-genere/" />
<meta property="og:locale" content="ca_ES" />
<meta property="og:type" content="article" />
<meta property="og:title" content="Micro contra la violència de gènere - Petrer Jove" />
<meta property="og:description" content="Uneix-te a aquesta activitat especial per alçar la veu contra la violència de gènere en un espai de reflexió i solidaritat. &#8220;Cors oberts, ànimes en pau&#8221; és una invitació a expressar i escoltar testimonis i missatges que promoguin la pau i el respecte a la nostra comunitat. Detalls de l&#8217;esdeveniment:📆 Data: 22 de novembre🕢 Hora: [&hellip;]" />
<meta property="og:url" content="https://petrerjove.com/ca/evento/micro-contra-la-violencia-de-genere/" />
<meta property="og:site_name" content="Petrer Jove" />
<meta property="article:publisher" content="https://www.facebook.com/petrerjoven/" />
<meta property="article:modified_time" content="2024-11-13T12:44:59+00:00" />
<meta property="og:image" content="https://petrerjove.com/wp-content/uploads/2024/11/microabierto_22nov_destacada-min.jpg" />
	<meta property="og:image:width" content="400" />
	<meta property="og:image:height" content="290" />
	<meta property="og:image:type" content="image/jpeg" />
<meta name="twitter:card" content="summary_large_image" />
<script type="application/ld+json" class="yoast-schema-graph">{"@context":"https:\/\/schema.org","@graph":[{"@type":"WebPage","@id":"https:\/\/petrerjove.com\/ca\/evento\/micro-contra-la-violencia-de-genere\/","url":"https:\/\/petrerjove.com\/ca\/evento\/micro-contra-la-violencia-de-genere\/","name":"Micro contra la violència de gènere - Petrer Jove","isPartOf":{"@id":"https:\/\/petrerjove.com\/ca\/#website"},"primaryImageOfPage":{"@id":"https:\/\/petrerjove.com\/ca\/evento\/micro-contra-la-violencia-de-genere\/#primaryimage"},"image":{"@id":"https:\/\/petrerjove.com\/ca\/evento\/micro-contra-la-violencia-de-genere\/#primaryimage"},"thumbnailUrl":"https:\/\/petrerjove.com\/wp-content\/uploads\/2024\/11\/microabierto_22nov_destacada-min.jpg","datePublished":"2024-11-13T12:44:18+00:00","dateModified":"2024-11-13T12:44:59+00:00","breadcrumb":{"@id":"https:\/\/petrerjove.com\/ca\/evento\/micro-contra-la-violencia-de-genere\/#breadcrumb"},"inLanguage":"ca","potentialAction":[{"@type":"ReadAction","target":["https:\/\/petrerjove.com\/ca\/evento\/micro-contra-la-violencia-de-genere\/"]}]},{"@type":"ImageObject","inLanguage":"ca","@id":"https:\/\/petrerjove.com\/ca\/evento\/micro-contra-la-violencia-de-genere\/#primaryimage","url":"https:\/\/petrerjove.com\/wp-content\/uploads\/2024\/11\/microabierto_22nov_destacada-min.jpg","contentUrl":"https:\/\/petrerjove.com\/wp-content\/uploads\/2024\/11\/microabierto_22nov_destacada-min.jpg","width":400,"height":290},{"@type":"BreadcrumbList","@id":"https:\/\/petrerjove.com\/ca\/evento\/micro-contra-la-violencia-de-genere\/#breadcrumb","itemListElement":[{"@type":"ListItem","position":1,"name":"Portada","item":"https:\/\/petrerjove.com\/ca\/"},{"@type":"ListItem","position":2,"name":"Micro contra la violència de gènere"}]},{"@type":"WebSite","@id":"https:\/\/petrerjove.com\/ca\/#website","url":"https:\/\/petrerjove.com\/ca\/","name":"Petrer Jove","description":"Concejalía de Infancia y Juventud de Petrer","publisher":{"@id":"https:\/\/petrerjove.com\/ca\/#organization"},"potentialAction":[{"@type":"SearchAction","target":{"@type":"EntryPoint","urlTemplate":"https:\/\/petrerjove.com\/ca\/?s={search_term_string}"},"query-input":{"@type":"PropertyValueSpecification","valueRequired":true,"valueName":"search_term_string"}}],"inLanguage":"ca"},{"@type":"Organization","@id":"https:\/\/petrerjove.com\/ca\/#organization","name":"Concejalía de Juventud de Petrer","url":"https:\/\/petrerjove.com\/ca\/","logo":{"@type":"ImageObject","inLanguage":"ca","@id":"https:\/\/petrerjove.com\/ca\/#\/schema\/logo\/image\/","url":"https:\/\/petrerjove.com\/wp-content\/uploads\/2024\/02\/petrerjove_horizontal.svg","contentUrl":"https:\/\/petrerjove.com\/wp-content\/uploads\/2024\/02\/petrerjove_horizontal.svg","width":200,"height":70,"caption":"Concejalía de Juventud de Petrer"},"image":{"@id":"https:\/\/petrerjove.com\/ca\/#\/schema\/logo\/image\/"},"sameAs":["https:\/\/www.facebook.com\/petrerjoven\/","https:\/\/www.instagram.com\/petrerjove\/"]}]}</script>
<!-- / Yoast SEO plugin. -->

Micro contra la violència de gènere - Petrer Jove

Uneix-te a aquesta activitat especial per alçar la veu contra la violència de gènere en un espai de reflexió i solidaritat. &#8220;Cors oberts, ànimes en pau&#8221; és una invitació a expressar i escoltar testimonis i missatges que promoguin la pau i el respecte a la nostra comunitat. Detalls de l&#8217;esdeveniment:📆 Data: 22 de novembre🕢 Hora: [&hellip;]

Concejalía de Infancia y Juventud de Petrer

Concejalía de Juventud de Petrer
