{"id":4543,"date":"2024-11-12T13:27:05","date_gmt":"2024-11-12T12:27:05","guid":{"rendered":"https:\/\/petrerjove.com\/evento\/dinosaures-parc-crisal\/"},"modified":"2024-11-12T13:46:43","modified_gmt":"2024-11-12T12:46:43","slug":"dinosaures-parc-crisal","status":"publish","type":"evento","link":"https:\/\/petrerjove.com\/ca\/evento\/dinosaures-parc-crisal\/","title":{"rendered":"Dinosaures &#8211; Parc Crisal"},"content":{"rendered":"\n<p>Aquest 23 i 24 de novembre, el Forn Cultural es transforma en una experi\u00e8ncia prehist\u00f2rica per a tota la fam\u00edlia. Submergeix-te en una activitat did\u00e0ctica en qu\u00e8 els dinosaures respiren, es mouen i semblen vius. Una aventura educativa que encantar\u00e0 grans i petits, on la m\u00e0gia d&#8217;aquests \u00e9ssers antics us portar\u00e0 milions d&#8217;anys enrere.<\/p>\n\n<p><strong>Detalls de l&#8217;activitat:<\/strong><br\/>\ud83d\udcc6 <strong>Datas<\/strong>: 23 i 24 de novembre de 10h a 14h i de 15h a 21h<br\/>\ud83d\udccd <strong>Lloc&lt; \/strong&gt;: Forn Cultural<br\/>\ud83c\udfab <strong>Entrades<\/strong>: 7\u20ac a la taquilla<\/strong><\/p>\n\n<p>No us perdeu l&#8217;oportunitat de viure aquesta experi\u00e8ncia interactiva amb tota la fam\u00edlia!<\/p>\n\n<div style=\"height:50px\" aria-hidden=\"true\" class=\"wp-block-spacer\"><\/div>\n\n<figure class=\"wp-block-image aligncenter size-large is-resized\"><img fetchpriority=\"high\" decoding=\"async\" width=\"717\" height=\"1024\" src=\"https:\/\/petrerjove.com\/wp-content\/uploads\/2024\/11\/IMG-20241107-WA0014-min-717x1024.jpg\" alt=\"\" class=\"wp-image-4535\" style=\"width:350px\" srcset=\"https:\/\/petrerjove.com\/wp-content\/uploads\/2024\/11\/IMG-20241107-WA0014-min-717x1024.jpg 717w, https:\/\/petrerjove.com\/wp-content\/uploads\/2024\/11\/IMG-20241107-WA0014-min-210x300.jpg 210w, https:\/\/petrerjove.com\/wp-content\/uploads\/2024\/11\/IMG-20241107-WA0014-min-768x1097.jpg 768w, https:\/\/petrerjove.com\/wp-content\/uploads\/2024\/11\/IMG-20241107-WA0014-min-1075x1536.jpg 1075w, https:\/\/petrerjove.com\/wp-content\/uploads\/2024\/11\/IMG-20241107-WA0014-min.jpg 1120w\" sizes=\"(max-width: 717px) 100vw, 717px\" \/><\/figure>\n","protected":false},"author":1,"featured_media":4541,"template":"","tag-evento":[],"edades-eventos":[141],"lugar-eventos":[68],"class_list":["post-4543","evento","type-evento","status-publish","has-post-thumbnail","hentry","edades-eventos-totes-les-edats","lugar-eventos-forn-cultural-petrer-ca"],"yoast_head":"<!-- This site is optimized with the Yoast SEO plugin v27.5 - https:\/\/yoast.com\/product\/yoast-seo-wordpress\/ -->\n<title>Dinosaures - Parc Crisal - Petrer Jove<\/title>\n<meta name=\"robots\" content=\"index, follow, max-snippet:-1, max-image-preview:large, max-video-preview:-1\" \/>\n<link rel=\"canonical\" href=\"https:\/\/petrerjove.com\/ca\/evento\/dinosaures-parc-crisal\/\" \/>\n<meta property=\"og:locale\" content=\"ca_ES\" \/>\n<meta property=\"og:type\" content=\"article\" \/>\n<meta property=\"og:title\" content=\"Dinosaures - Parc Crisal - Petrer Jove\" \/>\n<meta property=\"og:description\" content=\"Aquest 23 i 24 de novembre, el Forn Cultural es transforma en una experi\u00e8ncia prehist\u00f2rica per a tota la fam\u00edlia. Submergeix-te en una activitat did\u00e0ctica en qu\u00e8 els dinosaures respiren, es mouen i semblen vius. Una aventura educativa que encantar\u00e0 grans i petits, on la m\u00e0gia d&#8217;aquests \u00e9ssers antics us portar\u00e0 milions d&#8217;anys enrere. Detalls [&hellip;]\" \/>\n<meta property=\"og:url\" content=\"https:\/\/petrerjove.com\/ca\/evento\/dinosaures-parc-crisal\/\" \/>\n<meta property=\"og:site_name\" content=\"Petrer Jove\" \/>\n<meta property=\"article:publisher\" content=\"https:\/\/www.facebook.com\/petrerjoven\/\" \/>\n<meta property=\"article:modified_time\" content=\"2024-11-12T12:46:43+00:00\" \/>\n<meta property=\"og:image\" content=\"https:\/\/petrerjove.com\/wp-content\/uploads\/2024\/11\/dinosaurios_23nov_destacada-min.jpg\" \/>\n\t<meta property=\"og:image:width\" content=\"400\" \/>\n\t<meta property=\"og:image:height\" content=\"290\" \/>\n\t<meta property=\"og:image:type\" content=\"image\/jpeg\" \/>\n<meta name=\"twitter:card\" content=\"summary_large_image\" \/>\n<script type=\"application\/ld+json\" class=\"yoast-schema-graph\">{\"@context\":\"https:\\\/\\\/schema.org\",\"@graph\":[{\"@type\":\"WebPage\",\"@id\":\"https:\\\/\\\/petrerjove.com\\\/ca\\\/evento\\\/dinosaures-parc-crisal\\\/\",\"url\":\"https:\\\/\\\/petrerjove.com\\\/ca\\\/evento\\\/dinosaures-parc-crisal\\\/\",\"name\":\"Dinosaures - Parc Crisal - Petrer Jove\",\"isPartOf\":{\"@id\":\"https:\\\/\\\/petrerjove.com\\\/ca\\\/#website\"},\"primaryImageOfPage\":{\"@id\":\"https:\\\/\\\/petrerjove.com\\\/ca\\\/evento\\\/dinosaures-parc-crisal\\\/#primaryimage\"},\"image\":{\"@id\":\"https:\\\/\\\/petrerjove.com\\\/ca\\\/evento\\\/dinosaures-parc-crisal\\\/#primaryimage\"},\"thumbnailUrl\":\"https:\\\/\\\/petrerjove.com\\\/wp-content\\\/uploads\\\/2024\\\/11\\\/dinosaurios_23nov_destacada-min.jpg\",\"datePublished\":\"2024-11-12T12:27:05+00:00\",\"dateModified\":\"2024-11-12T12:46:43+00:00\",\"breadcrumb\":{\"@id\":\"https:\\\/\\\/petrerjove.com\\\/ca\\\/evento\\\/dinosaures-parc-crisal\\\/#breadcrumb\"},\"inLanguage\":\"ca\",\"potentialAction\":[{\"@type\":\"ReadAction\",\"target\":[\"https:\\\/\\\/petrerjove.com\\\/ca\\\/evento\\\/dinosaures-parc-crisal\\\/\"]}]},{\"@type\":\"ImageObject\",\"inLanguage\":\"ca\",\"@id\":\"https:\\\/\\\/petrerjove.com\\\/ca\\\/evento\\\/dinosaures-parc-crisal\\\/#primaryimage\",\"url\":\"https:\\\/\\\/petrerjove.com\\\/wp-content\\\/uploads\\\/2024\\\/11\\\/dinosaurios_23nov_destacada-min.jpg\",\"contentUrl\":\"https:\\\/\\\/petrerjove.com\\\/wp-content\\\/uploads\\\/2024\\\/11\\\/dinosaurios_23nov_destacada-min.jpg\",\"width\":400,\"height\":290},{\"@type\":\"BreadcrumbList\",\"@id\":\"https:\\\/\\\/petrerjove.com\\\/ca\\\/evento\\\/dinosaures-parc-crisal\\\/#breadcrumb\",\"itemListElement\":[{\"@type\":\"ListItem\",\"position\":1,\"name\":\"Portada\",\"item\":\"https:\\\/\\\/petrerjove.com\\\/ca\\\/\"},{\"@type\":\"ListItem\",\"position\":2,\"name\":\"Dinosaures &#8211; Parc Crisal\"}]},{\"@type\":\"WebSite\",\"@id\":\"https:\\\/\\\/petrerjove.com\\\/ca\\\/#website\",\"url\":\"https:\\\/\\\/petrerjove.com\\\/ca\\\/\",\"name\":\"Petrer Jove\",\"description\":\"Concejal\u00eda de Infancia y Juventud de Petrer\",\"publisher\":{\"@id\":\"https:\\\/\\\/petrerjove.com\\\/ca\\\/#organization\"},\"potentialAction\":[{\"@type\":\"SearchAction\",\"target\":{\"@type\":\"EntryPoint\",\"urlTemplate\":\"https:\\\/\\\/petrerjove.com\\\/ca\\\/?s={search_term_string}\"},\"query-input\":{\"@type\":\"PropertyValueSpecification\",\"valueRequired\":true,\"valueName\":\"search_term_string\"}}],\"inLanguage\":\"ca\"},{\"@type\":\"Organization\",\"@id\":\"https:\\\/\\\/petrerjove.com\\\/ca\\\/#organization\",\"name\":\"Concejal\u00eda de Juventud de Petrer\",\"url\":\"https:\\\/\\\/petrerjove.com\\\/ca\\\/\",\"logo\":{\"@type\":\"ImageObject\",\"inLanguage\":\"ca\",\"@id\":\"https:\\\/\\\/petrerjove.com\\\/ca\\\/#\\\/schema\\\/logo\\\/image\\\/\",\"url\":\"https:\\\/\\\/petrerjove.com\\\/wp-content\\\/uploads\\\/2024\\\/02\\\/petrerjove_horizontal.svg\",\"contentUrl\":\"https:\\\/\\\/petrerjove.com\\\/wp-content\\\/uploads\\\/2024\\\/02\\\/petrerjove_horizontal.svg\",\"width\":200,\"height\":70,\"caption\":\"Concejal\u00eda de Juventud de Petrer\"},\"image\":{\"@id\":\"https:\\\/\\\/petrerjove.com\\\/ca\\\/#\\\/schema\\\/logo\\\/image\\\/\"},\"sameAs\":[\"https:\\\/\\\/www.facebook.com\\\/petrerjoven\\\/\",\"https:\\\/\\\/www.instagram.com\\\/petrerjove\\\/\"]}]}<\/script>\n<!-- \/ Yoast SEO plugin. -->","yoast_head_json":{"title":"Dinosaures - Parc Crisal - Petrer Jove","robots":{"index":"index","follow":"follow","max-snippet":"max-snippet:-1","max-image-preview":"max-image-preview:large","max-video-preview":"max-video-preview:-1"},"canonical":"https:\/\/petrerjove.com\/ca\/evento\/dinosaures-parc-crisal\/","og_locale":"ca_ES","og_type":"article","og_title":"Dinosaures - Parc Crisal - Petrer Jove","og_description":"Aquest 23 i 24 de novembre, el Forn Cultural es transforma en una experi\u00e8ncia prehist\u00f2rica per a tota la fam\u00edlia. Submergeix-te en una activitat did\u00e0ctica en qu\u00e8 els dinosaures respiren, es mouen i semblen vius. Una aventura educativa que encantar\u00e0 grans i petits, on la m\u00e0gia d&#8217;aquests \u00e9ssers antics us portar\u00e0 milions d&#8217;anys enrere. Detalls [&hellip;]","og_url":"https:\/\/petrerjove.com\/ca\/evento\/dinosaures-parc-crisal\/","og_site_name":"Petrer Jove","article_publisher":"https:\/\/www.facebook.com\/petrerjoven\/","article_modified_time":"2024-11-12T12:46:43+00:00","og_image":[{"width":400,"height":290,"url":"https:\/\/petrerjove.com\/wp-content\/uploads\/2024\/11\/dinosaurios_23nov_destacada-min.jpg","type":"image\/jpeg"}],"twitter_card":"summary_large_image","schema":{"@context":"https:\/\/schema.org","@graph":[{"@type":"WebPage","@id":"https:\/\/petrerjove.com\/ca\/evento\/dinosaures-parc-crisal\/","url":"https:\/\/petrerjove.com\/ca\/evento\/dinosaures-parc-crisal\/","name":"Dinosaures - Parc Crisal - Petrer Jove","isPartOf":{"@id":"https:\/\/petrerjove.com\/ca\/#website"},"primaryImageOfPage":{"@id":"https:\/\/petrerjove.com\/ca\/evento\/dinosaures-parc-crisal\/#primaryimage"},"image":{"@id":"https:\/\/petrerjove.com\/ca\/evento\/dinosaures-parc-crisal\/#primaryimage"},"thumbnailUrl":"https:\/\/petrerjove.com\/wp-content\/uploads\/2024\/11\/dinosaurios_23nov_destacada-min.jpg","datePublished":"2024-11-12T12:27:05+00:00","dateModified":"2024-11-12T12:46:43+00:00","breadcrumb":{"@id":"https:\/\/petrerjove.com\/ca\/evento\/dinosaures-parc-crisal\/#breadcrumb"},"inLanguage":"ca","potentialAction":[{"@type":"ReadAction","target":["https:\/\/petrerjove.com\/ca\/evento\/dinosaures-parc-crisal\/"]}]},{"@type":"ImageObject","inLanguage":"ca","@id":"https:\/\/petrerjove.com\/ca\/evento\/dinosaures-parc-crisal\/#primaryimage","url":"https:\/\/petrerjove.com\/wp-content\/uploads\/2024\/11\/dinosaurios_23nov_destacada-min.jpg","contentUrl":"https:\/\/petrerjove.com\/wp-content\/uploads\/2024\/11\/dinosaurios_23nov_destacada-min.jpg","width":400,"height":290},{"@type":"BreadcrumbList","@id":"https:\/\/petrerjove.com\/ca\/evento\/dinosaures-parc-crisal\/#breadcrumb","itemListElement":[{"@type":"ListItem","position":1,"name":"Portada","item":"https:\/\/petrerjove.com\/ca\/"},{"@type":"ListItem","position":2,"name":"Dinosaures &#8211; Parc Crisal"}]},{"@type":"WebSite","@id":"https:\/\/petrerjove.com\/ca\/#website","url":"https:\/\/petrerjove.com\/ca\/","name":"Petrer Jove","description":"Concejal\u00eda de Infancia y Juventud de Petrer","publisher":{"@id":"https:\/\/petrerjove.com\/ca\/#organization"},"potentialAction":[{"@type":"SearchAction","target":{"@type":"EntryPoint","urlTemplate":"https:\/\/petrerjove.com\/ca\/?s={search_term_string}"},"query-input":{"@type":"PropertyValueSpecification","valueRequired":true,"valueName":"search_term_string"}}],"inLanguage":"ca"},{"@type":"Organization","@id":"https:\/\/petrerjove.com\/ca\/#organization","name":"Concejal\u00eda de Juventud de Petrer","url":"https:\/\/petrerjove.com\/ca\/","logo":{"@type":"ImageObject","inLanguage":"ca","@id":"https:\/\/petrerjove.com\/ca\/#\/schema\/logo\/image\/","url":"https:\/\/petrerjove.com\/wp-content\/uploads\/2024\/02\/petrerjove_horizontal.svg","contentUrl":"https:\/\/petrerjove.com\/wp-content\/uploads\/2024\/02\/petrerjove_horizontal.svg","width":200,"height":70,"caption":"Concejal\u00eda de Juventud de Petrer"},"image":{"@id":"https:\/\/petrerjove.com\/ca\/#\/schema\/logo\/image\/"},"sameAs":["https:\/\/www.facebook.com\/petrerjoven\/","https:\/\/www.instagram.com\/petrerjove\/"]}]}},"_links":{"self":[{"href":"https:\/\/petrerjove.com\/ca\/wp-json\/wp\/v2\/evento\/4543","targetHints":{"allow":["GET"]}}],"collection":[{"href":"https:\/\/petrerjove.com\/ca\/wp-json\/wp\/v2\/evento"}],"about":[{"href":"https:\/\/petrerjove.com\/ca\/wp-json\/wp\/v2\/types\/evento"}],"author":[{"embeddable":true,"href":"https:\/\/petrerjove.com\/ca\/wp-json\/wp\/v2\/users\/1"}],"version-history":[{"count":1,"href":"https:\/\/petrerjove.com\/ca\/wp-json\/wp\/v2\/evento\/4543\/revisions"}],"predecessor-version":[{"id":4544,"href":"https:\/\/petrerjove.com\/ca\/wp-json\/wp\/v2\/evento\/4543\/revisions\/4544"}],"wp:featuredmedia":[{"embeddable":true,"href":"https:\/\/petrerjove.com\/ca\/wp-json\/wp\/v2\/media\/4541"}],"wp:attachment":[{"href":"https:\/\/petrerjove.com\/ca\/wp-json\/wp\/v2\/media?parent=4543"}],"wp:term":[{"taxonomy":"tag-evento","embeddable":true,"href":"https:\/\/petrerjove.com\/ca\/wp-json\/wp\/v2\/tag-evento?post=4543"},{"taxonomy":"edades-eventos","embeddable":true,"href":"https:\/\/petrerjove.com\/ca\/wp-json\/wp\/v2\/edades-eventos?post=4543"},{"taxonomy":"lugar-eventos","embeddable":true,"href":"https:\/\/petrerjove.com\/ca\/wp-json\/wp\/v2\/lugar-eventos?post=4543"}],"curies":[{"name":"wp","href":"https:\/\/api.w.org\/{rel}","templated":true}]}}

<p>Aquest 23 i 24 de novembre, el Forn Cultural es transforma en una experiència prehistòrica per a tota la família. Submergeix-te en una activitat didàctica en què els dinosaures respiren, es mouen i semblen vius. Una aventura educativa que encantarà grans i petits, on la màgia d&#8217;aquests éssers antics us portarà milions d&#8217;anys enrere.</p>

<p><strong>Detalls de l&#8217;activitat:</strong><br/>📆 <strong>Datas</strong>: 23 i 24 de novembre de 10h a 14h i de 15h a 21h<br/>📍 <strong>Lloc&lt; /strong&gt;: Forn Cultural<br/>🎫 <strong>Entrades</strong>: 7€ a la taquilla</strong></p>

<p>No us perdeu l&#8217;oportunitat de viure aquesta experiència interactiva amb tota la família!</p>

<div style="height:50px" aria-hidden="true" class="wp-block-spacer"></div>

<figure class="wp-block-image aligncenter size-large is-resized"><img fetchpriority="high" decoding="async" width="717" height="1024" src="https://petrerjove.com/wp-content/uploads/2024/11/IMG-20241107-WA0014-min-717x1024.jpg" alt="" class="wp-image-4535" style="width:350px" srcset="https://petrerjove.com/wp-content/uploads/2024/11/IMG-20241107-WA0014-min-717x1024.jpg 717w, https://petrerjove.com/wp-content/uploads/2024/11/IMG-20241107-WA0014-min-210x300.jpg 210w, https://petrerjove.com/wp-content/uploads/2024/11/IMG-20241107-WA0014-min-768x1097.jpg 768w, https://petrerjove.com/wp-content/uploads/2024/11/IMG-20241107-WA0014-min-1075x1536.jpg 1075w, https://petrerjove.com/wp-content/uploads/2024/11/IMG-20241107-WA0014-min.jpg 1120w" sizes="(max-width: 717px) 100vw, 717px" /></figure>

<!-- This site is optimized with the Yoast SEO plugin v27.5 - https://yoast.com/product/yoast-seo-wordpress/ -->
<title>Dinosaures - Parc Crisal - Petrer Jove</title>
<meta name="robots" content="index, follow, max-snippet:-1, max-image-preview:large, max-video-preview:-1" />
<link rel="canonical" href="https://petrerjove.com/ca/evento/dinosaures-parc-crisal/" />
<meta property="og:locale" content="ca_ES" />
<meta property="og:type" content="article" />
<meta property="og:title" content="Dinosaures - Parc Crisal - Petrer Jove" />
<meta property="og:description" content="Aquest 23 i 24 de novembre, el Forn Cultural es transforma en una experiència prehistòrica per a tota la família. Submergeix-te en una activitat didàctica en què els dinosaures respiren, es mouen i semblen vius. Una aventura educativa que encantarà grans i petits, on la màgia d&#8217;aquests éssers antics us portarà milions d&#8217;anys enrere. Detalls [&hellip;]" />
<meta property="og:url" content="https://petrerjove.com/ca/evento/dinosaures-parc-crisal/" />
<meta property="og:site_name" content="Petrer Jove" />
<meta property="article:publisher" content="https://www.facebook.com/petrerjoven/" />
<meta property="article:modified_time" content="2024-11-12T12:46:43+00:00" />
<meta property="og:image" content="https://petrerjove.com/wp-content/uploads/2024/11/dinosaurios_23nov_destacada-min.jpg" />
	<meta property="og:image:width" content="400" />
	<meta property="og:image:height" content="290" />
	<meta property="og:image:type" content="image/jpeg" />
<meta name="twitter:card" content="summary_large_image" />
<script type="application/ld+json" class="yoast-schema-graph">{"@context":"https:\/\/schema.org","@graph":[{"@type":"WebPage","@id":"https:\/\/petrerjove.com\/ca\/evento\/dinosaures-parc-crisal\/","url":"https:\/\/petrerjove.com\/ca\/evento\/dinosaures-parc-crisal\/","name":"Dinosaures - Parc Crisal - Petrer Jove","isPartOf":{"@id":"https:\/\/petrerjove.com\/ca\/#website"},"primaryImageOfPage":{"@id":"https:\/\/petrerjove.com\/ca\/evento\/dinosaures-parc-crisal\/#primaryimage"},"image":{"@id":"https:\/\/petrerjove.com\/ca\/evento\/dinosaures-parc-crisal\/#primaryimage"},"thumbnailUrl":"https:\/\/petrerjove.com\/wp-content\/uploads\/2024\/11\/dinosaurios_23nov_destacada-min.jpg","datePublished":"2024-11-12T12:27:05+00:00","dateModified":"2024-11-12T12:46:43+00:00","breadcrumb":{"@id":"https:\/\/petrerjove.com\/ca\/evento\/dinosaures-parc-crisal\/#breadcrumb"},"inLanguage":"ca","potentialAction":[{"@type":"ReadAction","target":["https:\/\/petrerjove.com\/ca\/evento\/dinosaures-parc-crisal\/"]}]},{"@type":"ImageObject","inLanguage":"ca","@id":"https:\/\/petrerjove.com\/ca\/evento\/dinosaures-parc-crisal\/#primaryimage","url":"https:\/\/petrerjove.com\/wp-content\/uploads\/2024\/11\/dinosaurios_23nov_destacada-min.jpg","contentUrl":"https:\/\/petrerjove.com\/wp-content\/uploads\/2024\/11\/dinosaurios_23nov_destacada-min.jpg","width":400,"height":290},{"@type":"BreadcrumbList","@id":"https:\/\/petrerjove.com\/ca\/evento\/dinosaures-parc-crisal\/#breadcrumb","itemListElement":[{"@type":"ListItem","position":1,"name":"Portada","item":"https:\/\/petrerjove.com\/ca\/"},{"@type":"ListItem","position":2,"name":"Dinosaures &#8211; Parc Crisal"}]},{"@type":"WebSite","@id":"https:\/\/petrerjove.com\/ca\/#website","url":"https:\/\/petrerjove.com\/ca\/","name":"Petrer Jove","description":"Concejalía de Infancia y Juventud de Petrer","publisher":{"@id":"https:\/\/petrerjove.com\/ca\/#organization"},"potentialAction":[{"@type":"SearchAction","target":{"@type":"EntryPoint","urlTemplate":"https:\/\/petrerjove.com\/ca\/?s={search_term_string}"},"query-input":{"@type":"PropertyValueSpecification","valueRequired":true,"valueName":"search_term_string"}}],"inLanguage":"ca"},{"@type":"Organization","@id":"https:\/\/petrerjove.com\/ca\/#organization","name":"Concejalía de Juventud de Petrer","url":"https:\/\/petrerjove.com\/ca\/","logo":{"@type":"ImageObject","inLanguage":"ca","@id":"https:\/\/petrerjove.com\/ca\/#\/schema\/logo\/image\/","url":"https:\/\/petrerjove.com\/wp-content\/uploads\/2024\/02\/petrerjove_horizontal.svg","contentUrl":"https:\/\/petrerjove.com\/wp-content\/uploads\/2024\/02\/petrerjove_horizontal.svg","width":200,"height":70,"caption":"Concejalía de Juventud de Petrer"},"image":{"@id":"https:\/\/petrerjove.com\/ca\/#\/schema\/logo\/image\/"},"sameAs":["https:\/\/www.facebook.com\/petrerjoven\/","https:\/\/www.instagram.com\/petrerjove\/"]}]}</script>
<!-- / Yoast SEO plugin. -->

Aquest 23 i 24 de novembre, el Forn Cultural es transforma en una experiència prehistòrica per a tota la família. Submergeix-te en una activitat didàctica en què els dinosaures respiren, es mouen i semblen vius. Una aventura educativa que encantarà grans i petits, on la màgia d&#8217;aquests éssers antics us portarà milions d&#8217;anys enrere. Detalls [&hellip;]

Concejalía de Infancia y Juventud de Petrer

Concejalía de Juventud de Petrer
