{"id":3231,"date":"2024-05-09T08:03:05","date_gmt":"2024-05-09T06:03:05","guid":{"rendered":"https:\/\/petrerjove.com\/evento\/lart-de-dubtar-de-lart\/"},"modified":"2024-05-09T08:04:28","modified_gmt":"2024-05-09T06:04:28","slug":"lart-de-dubtar-de-lart","status":"publish","type":"evento","link":"https:\/\/petrerjove.com\/ca\/evento\/lart-de-dubtar-de-lart\/","title":{"rendered":"L&#8217;art de dubtar de l&#8217;art"},"content":{"rendered":"\n<p>Prepareu-vos per endinsar-vos en el fascinant m\u00f3n de l&#8217;art amb nosaltres aquest dissabte 11 de Maig! Estem encantats d&#8217;anunciar que estarem impartint &#8220;L&#8217;ART DE DUBTE DE L&#8217;ART&#8221;<\/p>\n\n<p>Durant aquest micro obert, debatrem i aprofundirem en el car\u00e0cter transformador de l&#8217;art, explorarem les filosofies de diversos artistes destacats i discutirem temes candents com la censura i molt m\u00e9s.<\/p>\n\n<p>Us hi esperem a la Regidoria d&#8217;Inf\u00e0ncia i Joventut a les 18:30 h amb els bra\u00e7os oberts! L&#8217;entrada \u00e9s lliure i gratu\u00efta, aix\u00ed que no hi ha excusa per perdre&#8217;s aquesta oportunitat d&#8217;expandir les vostres ments i explorar l&#8217;apassionant m\u00f3n de l&#8217;art.<\/p>\n","protected":false},"author":1,"featured_media":3229,"template":"","tag-evento":[],"edades-eventos":[],"lugar-eventos":[98],"class_list":["post-3231","evento","type-evento","status-publish","has-post-thumbnail","hentry","lugar-eventos-regidoria-de-joventut"],"yoast_head":"<!-- This site is optimized with the Yoast SEO plugin v27.5 - https:\/\/yoast.com\/product\/yoast-seo-wordpress\/ -->\n<title>L&#039;art de dubtar de l&#039;art - Petrer Jove<\/title>\n<meta name=\"description\" content=\"L&#039;art de dubtar de l&#039;art, micro obert per compartir i explorar. L&#039;11 de maig a les 18:30h a la Regidoria de Joventut entrada lliure!\" \/>\n<meta name=\"robots\" content=\"index, follow, max-snippet:-1, max-image-preview:large, max-video-preview:-1\" \/>\n<link rel=\"canonical\" href=\"https:\/\/petrerjove.com\/ca\/evento\/lart-de-dubtar-de-lart\/\" \/>\n<meta property=\"og:locale\" content=\"ca_ES\" \/>\n<meta property=\"og:type\" content=\"article\" \/>\n<meta property=\"og:title\" content=\"L&#039;art de dubtar de l&#039;art - Petrer Jove\" \/>\n<meta property=\"og:description\" content=\"L&#039;art de dubtar de l&#039;art, micro obert per compartir i explorar. L&#039;11 de maig a les 18:30h a la Regidoria de Joventut entrada lliure!\" \/>\n<meta property=\"og:url\" content=\"https:\/\/petrerjove.com\/ca\/evento\/lart-de-dubtar-de-lart\/\" \/>\n<meta property=\"og:site_name\" content=\"Petrer Jove\" \/>\n<meta property=\"article:publisher\" content=\"https:\/\/www.facebook.com\/petrerjoven\/\" \/>\n<meta property=\"article:modified_time\" content=\"2024-05-09T06:04:28+00:00\" \/>\n<meta property=\"og:image\" content=\"https:\/\/petrerjove.com\/wp-content\/uploads\/2024\/05\/hablararte_11mayo_destacada-min.jpg\" \/>\n\t<meta property=\"og:image:width\" content=\"400\" \/>\n\t<meta property=\"og:image:height\" content=\"290\" \/>\n\t<meta property=\"og:image:type\" content=\"image\/jpeg\" \/>\n<meta name=\"twitter:card\" content=\"summary_large_image\" \/>\n<meta name=\"twitter:label1\" content=\"Temps estimat de lectura\" \/>\n\t<meta name=\"twitter:data1\" content=\"1 minut\" \/>\n<script type=\"application\/ld+json\" class=\"yoast-schema-graph\">{\"@context\":\"https:\\\/\\\/schema.org\",\"@graph\":[{\"@type\":\"WebPage\",\"@id\":\"https:\\\/\\\/petrerjove.com\\\/ca\\\/evento\\\/lart-de-dubtar-de-lart\\\/\",\"url\":\"https:\\\/\\\/petrerjove.com\\\/ca\\\/evento\\\/lart-de-dubtar-de-lart\\\/\",\"name\":\"L'art de dubtar de l'art - Petrer Jove\",\"isPartOf\":{\"@id\":\"https:\\\/\\\/petrerjove.com\\\/ca\\\/#website\"},\"primaryImageOfPage\":{\"@id\":\"https:\\\/\\\/petrerjove.com\\\/ca\\\/evento\\\/lart-de-dubtar-de-lart\\\/#primaryimage\"},\"image\":{\"@id\":\"https:\\\/\\\/petrerjove.com\\\/ca\\\/evento\\\/lart-de-dubtar-de-lart\\\/#primaryimage\"},\"thumbnailUrl\":\"https:\\\/\\\/petrerjove.com\\\/wp-content\\\/uploads\\\/2024\\\/05\\\/hablararte_11mayo_destacada-min.jpg\",\"datePublished\":\"2024-05-09T06:03:05+00:00\",\"dateModified\":\"2024-05-09T06:04:28+00:00\",\"description\":\"L'art de dubtar de l'art, micro obert per compartir i explorar. L'11 de maig a les 18:30h a la Regidoria de Joventut entrada lliure!\",\"breadcrumb\":{\"@id\":\"https:\\\/\\\/petrerjove.com\\\/ca\\\/evento\\\/lart-de-dubtar-de-lart\\\/#breadcrumb\"},\"inLanguage\":\"ca\",\"potentialAction\":[{\"@type\":\"ReadAction\",\"target\":[\"https:\\\/\\\/petrerjove.com\\\/ca\\\/evento\\\/lart-de-dubtar-de-lart\\\/\"]}]},{\"@type\":\"ImageObject\",\"inLanguage\":\"ca\",\"@id\":\"https:\\\/\\\/petrerjove.com\\\/ca\\\/evento\\\/lart-de-dubtar-de-lart\\\/#primaryimage\",\"url\":\"https:\\\/\\\/petrerjove.com\\\/wp-content\\\/uploads\\\/2024\\\/05\\\/hablararte_11mayo_destacada-min.jpg\",\"contentUrl\":\"https:\\\/\\\/petrerjove.com\\\/wp-content\\\/uploads\\\/2024\\\/05\\\/hablararte_11mayo_destacada-min.jpg\",\"width\":400,\"height\":290},{\"@type\":\"BreadcrumbList\",\"@id\":\"https:\\\/\\\/petrerjove.com\\\/ca\\\/evento\\\/lart-de-dubtar-de-lart\\\/#breadcrumb\",\"itemListElement\":[{\"@type\":\"ListItem\",\"position\":1,\"name\":\"Portada\",\"item\":\"https:\\\/\\\/petrerjove.com\\\/ca\\\/\"},{\"@type\":\"ListItem\",\"position\":2,\"name\":\"L&#8217;art de dubtar de l&#8217;art\"}]},{\"@type\":\"WebSite\",\"@id\":\"https:\\\/\\\/petrerjove.com\\\/ca\\\/#website\",\"url\":\"https:\\\/\\\/petrerjove.com\\\/ca\\\/\",\"name\":\"Petrer Jove\",\"description\":\"Concejal\u00eda de Infancia y Juventud de Petrer\",\"publisher\":{\"@id\":\"https:\\\/\\\/petrerjove.com\\\/ca\\\/#organization\"},\"potentialAction\":[{\"@type\":\"SearchAction\",\"target\":{\"@type\":\"EntryPoint\",\"urlTemplate\":\"https:\\\/\\\/petrerjove.com\\\/ca\\\/?s={search_term_string}\"},\"query-input\":{\"@type\":\"PropertyValueSpecification\",\"valueRequired\":true,\"valueName\":\"search_term_string\"}}],\"inLanguage\":\"ca\"},{\"@type\":\"Organization\",\"@id\":\"https:\\\/\\\/petrerjove.com\\\/ca\\\/#organization\",\"name\":\"Concejal\u00eda de Juventud de Petrer\",\"url\":\"https:\\\/\\\/petrerjove.com\\\/ca\\\/\",\"logo\":{\"@type\":\"ImageObject\",\"inLanguage\":\"ca\",\"@id\":\"https:\\\/\\\/petrerjove.com\\\/ca\\\/#\\\/schema\\\/logo\\\/image\\\/\",\"url\":\"https:\\\/\\\/petrerjove.com\\\/wp-content\\\/uploads\\\/2024\\\/02\\\/petrerjove_horizontal.svg\",\"contentUrl\":\"https:\\\/\\\/petrerjove.com\\\/wp-content\\\/uploads\\\/2024\\\/02\\\/petrerjove_horizontal.svg\",\"width\":200,\"height\":70,\"caption\":\"Concejal\u00eda de Juventud de Petrer\"},\"image\":{\"@id\":\"https:\\\/\\\/petrerjove.com\\\/ca\\\/#\\\/schema\\\/logo\\\/image\\\/\"},\"sameAs\":[\"https:\\\/\\\/www.facebook.com\\\/petrerjoven\\\/\",\"https:\\\/\\\/www.instagram.com\\\/petrerjove\\\/\"]}]}<\/script>\n<!-- \/ Yoast SEO plugin. -->","yoast_head_json":{"title":"L'art de dubtar de l'art - Petrer Jove","description":"L'art de dubtar de l'art, micro obert per compartir i explorar. L'11 de maig a les 18:30h a la Regidoria de Joventut entrada lliure!","robots":{"index":"index","follow":"follow","max-snippet":"max-snippet:-1","max-image-preview":"max-image-preview:large","max-video-preview":"max-video-preview:-1"},"canonical":"https:\/\/petrerjove.com\/ca\/evento\/lart-de-dubtar-de-lart\/","og_locale":"ca_ES","og_type":"article","og_title":"L'art de dubtar de l'art - Petrer Jove","og_description":"L'art de dubtar de l'art, micro obert per compartir i explorar. L'11 de maig a les 18:30h a la Regidoria de Joventut entrada lliure!","og_url":"https:\/\/petrerjove.com\/ca\/evento\/lart-de-dubtar-de-lart\/","og_site_name":"Petrer Jove","article_publisher":"https:\/\/www.facebook.com\/petrerjoven\/","article_modified_time":"2024-05-09T06:04:28+00:00","og_image":[{"width":400,"height":290,"url":"https:\/\/petrerjove.com\/wp-content\/uploads\/2024\/05\/hablararte_11mayo_destacada-min.jpg","type":"image\/jpeg"}],"twitter_card":"summary_large_image","twitter_misc":{"Temps estimat de lectura":"1 minut"},"schema":{"@context":"https:\/\/schema.org","@graph":[{"@type":"WebPage","@id":"https:\/\/petrerjove.com\/ca\/evento\/lart-de-dubtar-de-lart\/","url":"https:\/\/petrerjove.com\/ca\/evento\/lart-de-dubtar-de-lart\/","name":"L'art de dubtar de l'art - Petrer Jove","isPartOf":{"@id":"https:\/\/petrerjove.com\/ca\/#website"},"primaryImageOfPage":{"@id":"https:\/\/petrerjove.com\/ca\/evento\/lart-de-dubtar-de-lart\/#primaryimage"},"image":{"@id":"https:\/\/petrerjove.com\/ca\/evento\/lart-de-dubtar-de-lart\/#primaryimage"},"thumbnailUrl":"https:\/\/petrerjove.com\/wp-content\/uploads\/2024\/05\/hablararte_11mayo_destacada-min.jpg","datePublished":"2024-05-09T06:03:05+00:00","dateModified":"2024-05-09T06:04:28+00:00","description":"L'art de dubtar de l'art, micro obert per compartir i explorar. L'11 de maig a les 18:30h a la Regidoria de Joventut entrada lliure!","breadcrumb":{"@id":"https:\/\/petrerjove.com\/ca\/evento\/lart-de-dubtar-de-lart\/#breadcrumb"},"inLanguage":"ca","potentialAction":[{"@type":"ReadAction","target":["https:\/\/petrerjove.com\/ca\/evento\/lart-de-dubtar-de-lart\/"]}]},{"@type":"ImageObject","inLanguage":"ca","@id":"https:\/\/petrerjove.com\/ca\/evento\/lart-de-dubtar-de-lart\/#primaryimage","url":"https:\/\/petrerjove.com\/wp-content\/uploads\/2024\/05\/hablararte_11mayo_destacada-min.jpg","contentUrl":"https:\/\/petrerjove.com\/wp-content\/uploads\/2024\/05\/hablararte_11mayo_destacada-min.jpg","width":400,"height":290},{"@type":"BreadcrumbList","@id":"https:\/\/petrerjove.com\/ca\/evento\/lart-de-dubtar-de-lart\/#breadcrumb","itemListElement":[{"@type":"ListItem","position":1,"name":"Portada","item":"https:\/\/petrerjove.com\/ca\/"},{"@type":"ListItem","position":2,"name":"L&#8217;art de dubtar de l&#8217;art"}]},{"@type":"WebSite","@id":"https:\/\/petrerjove.com\/ca\/#website","url":"https:\/\/petrerjove.com\/ca\/","name":"Petrer Jove","description":"Concejal\u00eda de Infancia y Juventud de Petrer","publisher":{"@id":"https:\/\/petrerjove.com\/ca\/#organization"},"potentialAction":[{"@type":"SearchAction","target":{"@type":"EntryPoint","urlTemplate":"https:\/\/petrerjove.com\/ca\/?s={search_term_string}"},"query-input":{"@type":"PropertyValueSpecification","valueRequired":true,"valueName":"search_term_string"}}],"inLanguage":"ca"},{"@type":"Organization","@id":"https:\/\/petrerjove.com\/ca\/#organization","name":"Concejal\u00eda de Juventud de Petrer","url":"https:\/\/petrerjove.com\/ca\/","logo":{"@type":"ImageObject","inLanguage":"ca","@id":"https:\/\/petrerjove.com\/ca\/#\/schema\/logo\/image\/","url":"https:\/\/petrerjove.com\/wp-content\/uploads\/2024\/02\/petrerjove_horizontal.svg","contentUrl":"https:\/\/petrerjove.com\/wp-content\/uploads\/2024\/02\/petrerjove_horizontal.svg","width":200,"height":70,"caption":"Concejal\u00eda de Juventud de Petrer"},"image":{"@id":"https:\/\/petrerjove.com\/ca\/#\/schema\/logo\/image\/"},"sameAs":["https:\/\/www.facebook.com\/petrerjoven\/","https:\/\/www.instagram.com\/petrerjove\/"]}]}},"_links":{"self":[{"href":"https:\/\/petrerjove.com\/ca\/wp-json\/wp\/v2\/evento\/3231","targetHints":{"allow":["GET"]}}],"collection":[{"href":"https:\/\/petrerjove.com\/ca\/wp-json\/wp\/v2\/evento"}],"about":[{"href":"https:\/\/petrerjove.com\/ca\/wp-json\/wp\/v2\/types\/evento"}],"author":[{"embeddable":true,"href":"https:\/\/petrerjove.com\/ca\/wp-json\/wp\/v2\/users\/1"}],"version-history":[{"count":1,"href":"https:\/\/petrerjove.com\/ca\/wp-json\/wp\/v2\/evento\/3231\/revisions"}],"predecessor-version":[{"id":3232,"href":"https:\/\/petrerjove.com\/ca\/wp-json\/wp\/v2\/evento\/3231\/revisions\/3232"}],"wp:featuredmedia":[{"embeddable":true,"href":"https:\/\/petrerjove.com\/ca\/wp-json\/wp\/v2\/media\/3229"}],"wp:attachment":[{"href":"https:\/\/petrerjove.com\/ca\/wp-json\/wp\/v2\/media?parent=3231"}],"wp:term":[{"taxonomy":"tag-evento","embeddable":true,"href":"https:\/\/petrerjove.com\/ca\/wp-json\/wp\/v2\/tag-evento?post=3231"},{"taxonomy":"edades-eventos","embeddable":true,"href":"https:\/\/petrerjove.com\/ca\/wp-json\/wp\/v2\/edades-eventos?post=3231"},{"taxonomy":"lugar-eventos","embeddable":true,"href":"https:\/\/petrerjove.com\/ca\/wp-json\/wp\/v2\/lugar-eventos?post=3231"}],"curies":[{"name":"wp","href":"https:\/\/api.w.org\/{rel}","templated":true}]}}

<p>Prepareu-vos per endinsar-vos en el fascinant món de l&#8217;art amb nosaltres aquest dissabte 11 de Maig! Estem encantats d&#8217;anunciar que estarem impartint &#8220;L&#8217;ART DE DUBTE DE L&#8217;ART&#8221;</p>

<p>Durant aquest micro obert, debatrem i aprofundirem en el caràcter transformador de l&#8217;art, explorarem les filosofies de diversos artistes destacats i discutirem temes candents com la censura i molt més.</p>

<p>Us hi esperem a la Regidoria d&#8217;Infància i Joventut a les 18:30 h amb els braços oberts! L&#8217;entrada és lliure i gratuïta, així que no hi ha excusa per perdre&#8217;s aquesta oportunitat d&#8217;expandir les vostres ments i explorar l&#8217;apassionant món de l&#8217;art.</p>

<!-- This site is optimized with the Yoast SEO plugin v27.5 - https://yoast.com/product/yoast-seo-wordpress/ -->
<title>L&#039;art de dubtar de l&#039;art - Petrer Jove</title>
<meta name="description" content="L&#039;art de dubtar de l&#039;art, micro obert per compartir i explorar. L&#039;11 de maig a les 18:30h a la Regidoria de Joventut entrada lliure!" />
<meta name="robots" content="index, follow, max-snippet:-1, max-image-preview:large, max-video-preview:-1" />
<link rel="canonical" href="https://petrerjove.com/ca/evento/lart-de-dubtar-de-lart/" />
<meta property="og:locale" content="ca_ES" />
<meta property="og:type" content="article" />
<meta property="og:title" content="L&#039;art de dubtar de l&#039;art - Petrer Jove" />
<meta property="og:description" content="L&#039;art de dubtar de l&#039;art, micro obert per compartir i explorar. L&#039;11 de maig a les 18:30h a la Regidoria de Joventut entrada lliure!" />
<meta property="og:url" content="https://petrerjove.com/ca/evento/lart-de-dubtar-de-lart/" />
<meta property="og:site_name" content="Petrer Jove" />
<meta property="article:publisher" content="https://www.facebook.com/petrerjoven/" />
<meta property="article:modified_time" content="2024-05-09T06:04:28+00:00" />
<meta property="og:image" content="https://petrerjove.com/wp-content/uploads/2024/05/hablararte_11mayo_destacada-min.jpg" />
	<meta property="og:image:width" content="400" />
	<meta property="og:image:height" content="290" />
	<meta property="og:image:type" content="image/jpeg" />
<meta name="twitter:card" content="summary_large_image" />
<meta name="twitter:label1" content="Temps estimat de lectura" />
	<meta name="twitter:data1" content="1 minut" />
<script type="application/ld+json" class="yoast-schema-graph">{"@context":"https:\/\/schema.org","@graph":[{"@type":"WebPage","@id":"https:\/\/petrerjove.com\/ca\/evento\/lart-de-dubtar-de-lart\/","url":"https:\/\/petrerjove.com\/ca\/evento\/lart-de-dubtar-de-lart\/","name":"L'art de dubtar de l'art - Petrer Jove","isPartOf":{"@id":"https:\/\/petrerjove.com\/ca\/#website"},"primaryImageOfPage":{"@id":"https:\/\/petrerjove.com\/ca\/evento\/lart-de-dubtar-de-lart\/#primaryimage"},"image":{"@id":"https:\/\/petrerjove.com\/ca\/evento\/lart-de-dubtar-de-lart\/#primaryimage"},"thumbnailUrl":"https:\/\/petrerjove.com\/wp-content\/uploads\/2024\/05\/hablararte_11mayo_destacada-min.jpg","datePublished":"2024-05-09T06:03:05+00:00","dateModified":"2024-05-09T06:04:28+00:00","description":"L'art de dubtar de l'art, micro obert per compartir i explorar. L'11 de maig a les 18:30h a la Regidoria de Joventut entrada lliure!","breadcrumb":{"@id":"https:\/\/petrerjove.com\/ca\/evento\/lart-de-dubtar-de-lart\/#breadcrumb"},"inLanguage":"ca","potentialAction":[{"@type":"ReadAction","target":["https:\/\/petrerjove.com\/ca\/evento\/lart-de-dubtar-de-lart\/"]}]},{"@type":"ImageObject","inLanguage":"ca","@id":"https:\/\/petrerjove.com\/ca\/evento\/lart-de-dubtar-de-lart\/#primaryimage","url":"https:\/\/petrerjove.com\/wp-content\/uploads\/2024\/05\/hablararte_11mayo_destacada-min.jpg","contentUrl":"https:\/\/petrerjove.com\/wp-content\/uploads\/2024\/05\/hablararte_11mayo_destacada-min.jpg","width":400,"height":290},{"@type":"BreadcrumbList","@id":"https:\/\/petrerjove.com\/ca\/evento\/lart-de-dubtar-de-lart\/#breadcrumb","itemListElement":[{"@type":"ListItem","position":1,"name":"Portada","item":"https:\/\/petrerjove.com\/ca\/"},{"@type":"ListItem","position":2,"name":"L&#8217;art de dubtar de l&#8217;art"}]},{"@type":"WebSite","@id":"https:\/\/petrerjove.com\/ca\/#website","url":"https:\/\/petrerjove.com\/ca\/","name":"Petrer Jove","description":"Concejalía de Infancia y Juventud de Petrer","publisher":{"@id":"https:\/\/petrerjove.com\/ca\/#organization"},"potentialAction":[{"@type":"SearchAction","target":{"@type":"EntryPoint","urlTemplate":"https:\/\/petrerjove.com\/ca\/?s={search_term_string}"},"query-input":{"@type":"PropertyValueSpecification","valueRequired":true,"valueName":"search_term_string"}}],"inLanguage":"ca"},{"@type":"Organization","@id":"https:\/\/petrerjove.com\/ca\/#organization","name":"Concejalía de Juventud de Petrer","url":"https:\/\/petrerjove.com\/ca\/","logo":{"@type":"ImageObject","inLanguage":"ca","@id":"https:\/\/petrerjove.com\/ca\/#\/schema\/logo\/image\/","url":"https:\/\/petrerjove.com\/wp-content\/uploads\/2024\/02\/petrerjove_horizontal.svg","contentUrl":"https:\/\/petrerjove.com\/wp-content\/uploads\/2024\/02\/petrerjove_horizontal.svg","width":200,"height":70,"caption":"Concejalía de Juventud de Petrer"},"image":{"@id":"https:\/\/petrerjove.com\/ca\/#\/schema\/logo\/image\/"},"sameAs":["https:\/\/www.facebook.com\/petrerjoven\/","https:\/\/www.instagram.com\/petrerjove\/"]}]}</script>
<!-- / Yoast SEO plugin. -->

Concejalía de Infancia y Juventud de Petrer

Concejalía de Juventud de Petrer
