{"id":2959,"date":"2024-04-23T11:02:37","date_gmt":"2024-04-23T09:02:37","guid":{"rendered":"https:\/\/petrerjove.com\/evento\/exposicio-de-pintura-rebus\/"},"modified":"2024-04-24T07:40:22","modified_gmt":"2024-04-24T05:40:22","slug":"exposicio-de-pintura-rebus","status":"publish","type":"evento","link":"https:\/\/petrerjove.com\/ca\/evento\/exposicio-de-pintura-rebus\/","title":{"rendered":"Exposici\u00f3 de pintura &#8211; Rebus"},"content":{"rendered":"\n<p>Quants cops no trobem respostes als enigmes de la vida? Encara ens q\u00fcestionem intentant comprendre alguns fen\u00f2mens, encara que portem segles trobant respostes cient\u00edfiques.&#13;\n&#13;\nTot i els enganys de la vista, les interpretacions d&#8217;algunes activitats espec\u00edfiques sempre romanen obertes i incertes per a l&#8217;home, ja que estan magistralment ocultes. Ja sigui a la din\u00e0mica existencial, o per voluntat humana. Sobrecarreguem l&#8217;art contemporani amb un llenguatge herm\u00e8tic i fosc que troba diverses respostes en un moment donat i en una circumst\u00e0ncia determinada. Les respostes varien amb el temps perqu\u00e8 som entitats variables i complexes.&#13;\n&#13;\nDespr\u00e9s de tot, nom\u00e9s \u00e9s un joc amb coses, un jerogl\u00edfic.&#13;\n&#13;\nINAUGURACI\u00d3:&#13;\n\ud83d\udcc5 Divendres 26 d&#8217;abril \u2013 18:30h<\/p>\n\n<p><strong>EXPOSICI\u00d3<\/strong>&#13;\n\ud83d\udcc5 Del 26 d&#8217;abril al 12 de maig del 2024&#13;\n<strong>HORARI<\/strong>&#13;\n\ud83d\udd62 Dijous a diumenge, de 18h a 20h&#13;\n\ud83d\udccdForn Cultural<\/p>\n\n<div style=\"height:50px\" aria-hidden=\"true\" class=\"wp-block-spacer\"><\/div>\n\n<figure class=\"wp-block-image aligncenter size-large is-resized\"><img fetchpriority=\"high\" decoding=\"async\" width=\"724\" height=\"1024\" src=\"https:\/\/petrerjove.com\/wp-content\/uploads\/2024\/04\/expo_rebus-min-724x1024.jpg\" alt=\"\" class=\"wp-image-2904\" style=\"width:350px\" srcset=\"https:\/\/petrerjove.com\/wp-content\/uploads\/2024\/04\/expo_rebus-min-724x1024.jpg 724w, https:\/\/petrerjove.com\/wp-content\/uploads\/2024\/04\/expo_rebus-min-212x300.jpg 212w, https:\/\/petrerjove.com\/wp-content\/uploads\/2024\/04\/expo_rebus-min-768x1086.jpg 768w, https:\/\/petrerjove.com\/wp-content\/uploads\/2024\/04\/expo_rebus-min-1086x1536.jpg 1086w, https:\/\/petrerjove.com\/wp-content\/uploads\/2024\/04\/expo_rebus-min.jpg 1358w\" sizes=\"(max-width: 724px) 100vw, 724px\" \/><\/figure>\n","protected":false},"author":1,"featured_media":2909,"template":"","tag-evento":[],"edades-eventos":[],"lugar-eventos":[68],"class_list":["post-2959","evento","type-evento","status-publish","has-post-thumbnail","hentry","lugar-eventos-forn-cultural-petrer-ca"],"yoast_head":"<!-- This site is optimized with the Yoast SEO plugin v27.5 - https:\/\/yoast.com\/product\/yoast-seo-wordpress\/ -->\n<title>Exposici\u00f3 de pintura - Rebus - Petrer Jove<\/title>\n<meta name=\"robots\" content=\"index, follow, max-snippet:-1, max-image-preview:large, max-video-preview:-1\" \/>\n<link rel=\"canonical\" href=\"https:\/\/petrerjove.com\/ca\/evento\/exposicio-de-pintura-rebus\/\" \/>\n<meta property=\"og:locale\" content=\"ca_ES\" \/>\n<meta property=\"og:type\" content=\"article\" \/>\n<meta property=\"og:title\" content=\"Exposici\u00f3 de pintura - Rebus - Petrer Jove\" \/>\n<meta property=\"og:description\" content=\"Quants cops no trobem respostes als enigmes de la vida? Encara ens q\u00fcestionem intentant comprendre alguns fen\u00f2mens, encara que portem segles trobant respostes cient\u00edfiques.&#013; &#013; Tot i els enganys de la vista, les interpretacions d&#8217;algunes activitats espec\u00edfiques sempre romanen obertes i incertes per a l&#8217;home, ja que estan magistralment ocultes. Ja sigui a la din\u00e0mica [&hellip;]\" \/>\n<meta property=\"og:url\" content=\"https:\/\/petrerjove.com\/ca\/evento\/exposicio-de-pintura-rebus\/\" \/>\n<meta property=\"og:site_name\" content=\"Petrer Jove\" \/>\n<meta property=\"article:publisher\" content=\"https:\/\/www.facebook.com\/petrerjoven\/\" \/>\n<meta property=\"article:modified_time\" content=\"2024-04-24T05:40:22+00:00\" \/>\n<meta name=\"twitter:card\" content=\"summary_large_image\" \/>\n<meta name=\"twitter:label1\" content=\"Temps estimat de lectura\" \/>\n\t<meta name=\"twitter:data1\" content=\"1 minut\" \/>\n<script type=\"application\/ld+json\" class=\"yoast-schema-graph\">{\"@context\":\"https:\\\/\\\/schema.org\",\"@graph\":[{\"@type\":\"WebPage\",\"@id\":\"https:\\\/\\\/petrerjove.com\\\/ca\\\/evento\\\/exposicio-de-pintura-rebus\\\/\",\"url\":\"https:\\\/\\\/petrerjove.com\\\/ca\\\/evento\\\/exposicio-de-pintura-rebus\\\/\",\"name\":\"Exposici\u00f3 de pintura - Rebus - Petrer Jove\",\"isPartOf\":{\"@id\":\"https:\\\/\\\/petrerjove.com\\\/ca\\\/#website\"},\"primaryImageOfPage\":{\"@id\":\"https:\\\/\\\/petrerjove.com\\\/ca\\\/evento\\\/exposicio-de-pintura-rebus\\\/#primaryimage\"},\"image\":{\"@id\":\"https:\\\/\\\/petrerjove.com\\\/ca\\\/evento\\\/exposicio-de-pintura-rebus\\\/#primaryimage\"},\"thumbnailUrl\":\"https:\\\/\\\/petrerjove.com\\\/wp-content\\\/uploads\\\/2024\\\/04\\\/rebus_26abril_destacada-min.jpg\",\"datePublished\":\"2024-04-23T09:02:37+00:00\",\"dateModified\":\"2024-04-24T05:40:22+00:00\",\"breadcrumb\":{\"@id\":\"https:\\\/\\\/petrerjove.com\\\/ca\\\/evento\\\/exposicio-de-pintura-rebus\\\/#breadcrumb\"},\"inLanguage\":\"ca\",\"potentialAction\":[{\"@type\":\"ReadAction\",\"target\":[\"https:\\\/\\\/petrerjove.com\\\/ca\\\/evento\\\/exposicio-de-pintura-rebus\\\/\"]}]},{\"@type\":\"ImageObject\",\"inLanguage\":\"ca\",\"@id\":\"https:\\\/\\\/petrerjove.com\\\/ca\\\/evento\\\/exposicio-de-pintura-rebus\\\/#primaryimage\",\"url\":\"https:\\\/\\\/petrerjove.com\\\/wp-content\\\/uploads\\\/2024\\\/04\\\/rebus_26abril_destacada-min.jpg\",\"contentUrl\":\"https:\\\/\\\/petrerjove.com\\\/wp-content\\\/uploads\\\/2024\\\/04\\\/rebus_26abril_destacada-min.jpg\",\"width\":400,\"height\":290,\"caption\":\"rebus_26abril_destacada-min\"},{\"@type\":\"BreadcrumbList\",\"@id\":\"https:\\\/\\\/petrerjove.com\\\/ca\\\/evento\\\/exposicio-de-pintura-rebus\\\/#breadcrumb\",\"itemListElement\":[{\"@type\":\"ListItem\",\"position\":1,\"name\":\"Portada\",\"item\":\"https:\\\/\\\/petrerjove.com\\\/ca\\\/\"},{\"@type\":\"ListItem\",\"position\":2,\"name\":\"Exposici\u00f3 de pintura &#8211; Rebus\"}]},{\"@type\":\"WebSite\",\"@id\":\"https:\\\/\\\/petrerjove.com\\\/ca\\\/#website\",\"url\":\"https:\\\/\\\/petrerjove.com\\\/ca\\\/\",\"name\":\"Petrer Jove\",\"description\":\"Concejal\u00eda de Infancia y Juventud de Petrer\",\"publisher\":{\"@id\":\"https:\\\/\\\/petrerjove.com\\\/ca\\\/#organization\"},\"potentialAction\":[{\"@type\":\"SearchAction\",\"target\":{\"@type\":\"EntryPoint\",\"urlTemplate\":\"https:\\\/\\\/petrerjove.com\\\/ca\\\/?s={search_term_string}\"},\"query-input\":{\"@type\":\"PropertyValueSpecification\",\"valueRequired\":true,\"valueName\":\"search_term_string\"}}],\"inLanguage\":\"ca\"},{\"@type\":\"Organization\",\"@id\":\"https:\\\/\\\/petrerjove.com\\\/ca\\\/#organization\",\"name\":\"Concejal\u00eda de Juventud de Petrer\",\"url\":\"https:\\\/\\\/petrerjove.com\\\/ca\\\/\",\"logo\":{\"@type\":\"ImageObject\",\"inLanguage\":\"ca\",\"@id\":\"https:\\\/\\\/petrerjove.com\\\/ca\\\/#\\\/schema\\\/logo\\\/image\\\/\",\"url\":\"https:\\\/\\\/petrerjove.com\\\/wp-content\\\/uploads\\\/2024\\\/02\\\/petrerjove_horizontal.svg\",\"contentUrl\":\"https:\\\/\\\/petrerjove.com\\\/wp-content\\\/uploads\\\/2024\\\/02\\\/petrerjove_horizontal.svg\",\"width\":200,\"height\":70,\"caption\":\"Concejal\u00eda de Juventud de Petrer\"},\"image\":{\"@id\":\"https:\\\/\\\/petrerjove.com\\\/ca\\\/#\\\/schema\\\/logo\\\/image\\\/\"},\"sameAs\":[\"https:\\\/\\\/www.facebook.com\\\/petrerjoven\\\/\",\"https:\\\/\\\/www.instagram.com\\\/petrerjove\\\/\"]}]}<\/script>\n<!-- \/ Yoast SEO plugin. -->","yoast_head_json":{"title":"Exposici\u00f3 de pintura - Rebus - Petrer Jove","robots":{"index":"index","follow":"follow","max-snippet":"max-snippet:-1","max-image-preview":"max-image-preview:large","max-video-preview":"max-video-preview:-1"},"canonical":"https:\/\/petrerjove.com\/ca\/evento\/exposicio-de-pintura-rebus\/","og_locale":"ca_ES","og_type":"article","og_title":"Exposici\u00f3 de pintura - Rebus - Petrer Jove","og_description":"Quants cops no trobem respostes als enigmes de la vida? Encara ens q\u00fcestionem intentant comprendre alguns fen\u00f2mens, encara que portem segles trobant respostes cient\u00edfiques.&#13; &#13; Tot i els enganys de la vista, les interpretacions d&#8217;algunes activitats espec\u00edfiques sempre romanen obertes i incertes per a l&#8217;home, ja que estan magistralment ocultes. Ja sigui a la din\u00e0mica [&hellip;]","og_url":"https:\/\/petrerjove.com\/ca\/evento\/exposicio-de-pintura-rebus\/","og_site_name":"Petrer Jove","article_publisher":"https:\/\/www.facebook.com\/petrerjoven\/","article_modified_time":"2024-04-24T05:40:22+00:00","twitter_card":"summary_large_image","twitter_misc":{"Temps estimat de lectura":"1 minut"},"schema":{"@context":"https:\/\/schema.org","@graph":[{"@type":"WebPage","@id":"https:\/\/petrerjove.com\/ca\/evento\/exposicio-de-pintura-rebus\/","url":"https:\/\/petrerjove.com\/ca\/evento\/exposicio-de-pintura-rebus\/","name":"Exposici\u00f3 de pintura - Rebus - Petrer Jove","isPartOf":{"@id":"https:\/\/petrerjove.com\/ca\/#website"},"primaryImageOfPage":{"@id":"https:\/\/petrerjove.com\/ca\/evento\/exposicio-de-pintura-rebus\/#primaryimage"},"image":{"@id":"https:\/\/petrerjove.com\/ca\/evento\/exposicio-de-pintura-rebus\/#primaryimage"},"thumbnailUrl":"https:\/\/petrerjove.com\/wp-content\/uploads\/2024\/04\/rebus_26abril_destacada-min.jpg","datePublished":"2024-04-23T09:02:37+00:00","dateModified":"2024-04-24T05:40:22+00:00","breadcrumb":{"@id":"https:\/\/petrerjove.com\/ca\/evento\/exposicio-de-pintura-rebus\/#breadcrumb"},"inLanguage":"ca","potentialAction":[{"@type":"ReadAction","target":["https:\/\/petrerjove.com\/ca\/evento\/exposicio-de-pintura-rebus\/"]}]},{"@type":"ImageObject","inLanguage":"ca","@id":"https:\/\/petrerjove.com\/ca\/evento\/exposicio-de-pintura-rebus\/#primaryimage","url":"https:\/\/petrerjove.com\/wp-content\/uploads\/2024\/04\/rebus_26abril_destacada-min.jpg","contentUrl":"https:\/\/petrerjove.com\/wp-content\/uploads\/2024\/04\/rebus_26abril_destacada-min.jpg","width":400,"height":290,"caption":"rebus_26abril_destacada-min"},{"@type":"BreadcrumbList","@id":"https:\/\/petrerjove.com\/ca\/evento\/exposicio-de-pintura-rebus\/#breadcrumb","itemListElement":[{"@type":"ListItem","position":1,"name":"Portada","item":"https:\/\/petrerjove.com\/ca\/"},{"@type":"ListItem","position":2,"name":"Exposici\u00f3 de pintura &#8211; Rebus"}]},{"@type":"WebSite","@id":"https:\/\/petrerjove.com\/ca\/#website","url":"https:\/\/petrerjove.com\/ca\/","name":"Petrer Jove","description":"Concejal\u00eda de Infancia y Juventud de Petrer","publisher":{"@id":"https:\/\/petrerjove.com\/ca\/#organization"},"potentialAction":[{"@type":"SearchAction","target":{"@type":"EntryPoint","urlTemplate":"https:\/\/petrerjove.com\/ca\/?s={search_term_string}"},"query-input":{"@type":"PropertyValueSpecification","valueRequired":true,"valueName":"search_term_string"}}],"inLanguage":"ca"},{"@type":"Organization","@id":"https:\/\/petrerjove.com\/ca\/#organization","name":"Concejal\u00eda de Juventud de Petrer","url":"https:\/\/petrerjove.com\/ca\/","logo":{"@type":"ImageObject","inLanguage":"ca","@id":"https:\/\/petrerjove.com\/ca\/#\/schema\/logo\/image\/","url":"https:\/\/petrerjove.com\/wp-content\/uploads\/2024\/02\/petrerjove_horizontal.svg","contentUrl":"https:\/\/petrerjove.com\/wp-content\/uploads\/2024\/02\/petrerjove_horizontal.svg","width":200,"height":70,"caption":"Concejal\u00eda de Juventud de Petrer"},"image":{"@id":"https:\/\/petrerjove.com\/ca\/#\/schema\/logo\/image\/"},"sameAs":["https:\/\/www.facebook.com\/petrerjoven\/","https:\/\/www.instagram.com\/petrerjove\/"]}]}},"_links":{"self":[{"href":"https:\/\/petrerjove.com\/ca\/wp-json\/wp\/v2\/evento\/2959","targetHints":{"allow":["GET"]}}],"collection":[{"href":"https:\/\/petrerjove.com\/ca\/wp-json\/wp\/v2\/evento"}],"about":[{"href":"https:\/\/petrerjove.com\/ca\/wp-json\/wp\/v2\/types\/evento"}],"author":[{"embeddable":true,"href":"https:\/\/petrerjove.com\/ca\/wp-json\/wp\/v2\/users\/1"}],"version-history":[{"count":1,"href":"https:\/\/petrerjove.com\/ca\/wp-json\/wp\/v2\/evento\/2959\/revisions"}],"predecessor-version":[{"id":2960,"href":"https:\/\/petrerjove.com\/ca\/wp-json\/wp\/v2\/evento\/2959\/revisions\/2960"}],"wp:featuredmedia":[{"embeddable":true,"href":"https:\/\/petrerjove.com\/ca\/wp-json\/wp\/v2\/media\/2909"}],"wp:attachment":[{"href":"https:\/\/petrerjove.com\/ca\/wp-json\/wp\/v2\/media?parent=2959"}],"wp:term":[{"taxonomy":"tag-evento","embeddable":true,"href":"https:\/\/petrerjove.com\/ca\/wp-json\/wp\/v2\/tag-evento?post=2959"},{"taxonomy":"edades-eventos","embeddable":true,"href":"https:\/\/petrerjove.com\/ca\/wp-json\/wp\/v2\/edades-eventos?post=2959"},{"taxonomy":"lugar-eventos","embeddable":true,"href":"https:\/\/petrerjove.com\/ca\/wp-json\/wp\/v2\/lugar-eventos?post=2959"}],"curies":[{"name":"wp","href":"https:\/\/api.w.org\/{rel}","templated":true}]}}

Exposició de pintura &#8211; Rebus

<p>Quants cops no trobem respostes als enigmes de la vida? Encara ens qüestionem intentant comprendre alguns fenòmens, encara que portem segles trobant respostes científiques.&#13;
&#13;
Tot i els enganys de la vista, les interpretacions d&#8217;algunes activitats específiques sempre romanen obertes i incertes per a l&#8217;home, ja que estan magistralment ocultes. Ja sigui a la dinàmica existencial, o per voluntat humana. Sobrecarreguem l&#8217;art contemporani amb un llenguatge hermètic i fosc que troba diverses respostes en un moment donat i en una circumstància determinada. Les respostes varien amb el temps perquè som entitats variables i complexes.&#13;
&#13;
Després de tot, només és un joc amb coses, un jeroglífic.&#13;
&#13;
INAUGURACIÓ:&#13;
📅 Divendres 26 d&#8217;abril – 18:30h</p>

<p><strong>EXPOSICIÓ</strong>&#13;
📅 Del 26 d&#8217;abril al 12 de maig del 2024&#13;
<strong>HORARI</strong>&#13;
🕢 Dijous a diumenge, de 18h a 20h&#13;
📍Forn Cultural</p>

<div style="height:50px" aria-hidden="true" class="wp-block-spacer"></div>

<figure class="wp-block-image aligncenter size-large is-resized"><img fetchpriority="high" decoding="async" width="724" height="1024" src="https://petrerjove.com/wp-content/uploads/2024/04/expo_rebus-min-724x1024.jpg" alt="" class="wp-image-2904" style="width:350px" srcset="https://petrerjove.com/wp-content/uploads/2024/04/expo_rebus-min-724x1024.jpg 724w, https://petrerjove.com/wp-content/uploads/2024/04/expo_rebus-min-212x300.jpg 212w, https://petrerjove.com/wp-content/uploads/2024/04/expo_rebus-min-768x1086.jpg 768w, https://petrerjove.com/wp-content/uploads/2024/04/expo_rebus-min-1086x1536.jpg 1086w, https://petrerjove.com/wp-content/uploads/2024/04/expo_rebus-min.jpg 1358w" sizes="(max-width: 724px) 100vw, 724px" /></figure>

<!-- This site is optimized with the Yoast SEO plugin v27.5 - https://yoast.com/product/yoast-seo-wordpress/ -->
<title>Exposició de pintura - Rebus - Petrer Jove</title>
<meta name="robots" content="index, follow, max-snippet:-1, max-image-preview:large, max-video-preview:-1" />
<link rel="canonical" href="https://petrerjove.com/ca/evento/exposicio-de-pintura-rebus/" />
<meta property="og:locale" content="ca_ES" />
<meta property="og:type" content="article" />
<meta property="og:title" content="Exposició de pintura - Rebus - Petrer Jove" />
<meta property="og:description" content="Quants cops no trobem respostes als enigmes de la vida? Encara ens qüestionem intentant comprendre alguns fenòmens, encara que portem segles trobant respostes científiques.&#013; &#013; Tot i els enganys de la vista, les interpretacions d&#8217;algunes activitats específiques sempre romanen obertes i incertes per a l&#8217;home, ja que estan magistralment ocultes. Ja sigui a la dinàmica [&hellip;]" />
<meta property="og:url" content="https://petrerjove.com/ca/evento/exposicio-de-pintura-rebus/" />
<meta property="og:site_name" content="Petrer Jove" />
<meta property="article:publisher" content="https://www.facebook.com/petrerjoven/" />
<meta property="article:modified_time" content="2024-04-24T05:40:22+00:00" />
<meta name="twitter:card" content="summary_large_image" />
<meta name="twitter:label1" content="Temps estimat de lectura" />
	<meta name="twitter:data1" content="1 minut" />
<script type="application/ld+json" class="yoast-schema-graph">{"@context":"https:\/\/schema.org","@graph":[{"@type":"WebPage","@id":"https:\/\/petrerjove.com\/ca\/evento\/exposicio-de-pintura-rebus\/","url":"https:\/\/petrerjove.com\/ca\/evento\/exposicio-de-pintura-rebus\/","name":"Exposició de pintura - Rebus - Petrer Jove","isPartOf":{"@id":"https:\/\/petrerjove.com\/ca\/#website"},"primaryImageOfPage":{"@id":"https:\/\/petrerjove.com\/ca\/evento\/exposicio-de-pintura-rebus\/#primaryimage"},"image":{"@id":"https:\/\/petrerjove.com\/ca\/evento\/exposicio-de-pintura-rebus\/#primaryimage"},"thumbnailUrl":"https:\/\/petrerjove.com\/wp-content\/uploads\/2024\/04\/rebus_26abril_destacada-min.jpg","datePublished":"2024-04-23T09:02:37+00:00","dateModified":"2024-04-24T05:40:22+00:00","breadcrumb":{"@id":"https:\/\/petrerjove.com\/ca\/evento\/exposicio-de-pintura-rebus\/#breadcrumb"},"inLanguage":"ca","potentialAction":[{"@type":"ReadAction","target":["https:\/\/petrerjove.com\/ca\/evento\/exposicio-de-pintura-rebus\/"]}]},{"@type":"ImageObject","inLanguage":"ca","@id":"https:\/\/petrerjove.com\/ca\/evento\/exposicio-de-pintura-rebus\/#primaryimage","url":"https:\/\/petrerjove.com\/wp-content\/uploads\/2024\/04\/rebus_26abril_destacada-min.jpg","contentUrl":"https:\/\/petrerjove.com\/wp-content\/uploads\/2024\/04\/rebus_26abril_destacada-min.jpg","width":400,"height":290,"caption":"rebus_26abril_destacada-min"},{"@type":"BreadcrumbList","@id":"https:\/\/petrerjove.com\/ca\/evento\/exposicio-de-pintura-rebus\/#breadcrumb","itemListElement":[{"@type":"ListItem","position":1,"name":"Portada","item":"https:\/\/petrerjove.com\/ca\/"},{"@type":"ListItem","position":2,"name":"Exposició de pintura &#8211; Rebus"}]},{"@type":"WebSite","@id":"https:\/\/petrerjove.com\/ca\/#website","url":"https:\/\/petrerjove.com\/ca\/","name":"Petrer Jove","description":"Concejalía de Infancia y Juventud de Petrer","publisher":{"@id":"https:\/\/petrerjove.com\/ca\/#organization"},"potentialAction":[{"@type":"SearchAction","target":{"@type":"EntryPoint","urlTemplate":"https:\/\/petrerjove.com\/ca\/?s={search_term_string}"},"query-input":{"@type":"PropertyValueSpecification","valueRequired":true,"valueName":"search_term_string"}}],"inLanguage":"ca"},{"@type":"Organization","@id":"https:\/\/petrerjove.com\/ca\/#organization","name":"Concejalía de Juventud de Petrer","url":"https:\/\/petrerjove.com\/ca\/","logo":{"@type":"ImageObject","inLanguage":"ca","@id":"https:\/\/petrerjove.com\/ca\/#\/schema\/logo\/image\/","url":"https:\/\/petrerjove.com\/wp-content\/uploads\/2024\/02\/petrerjove_horizontal.svg","contentUrl":"https:\/\/petrerjove.com\/wp-content\/uploads\/2024\/02\/petrerjove_horizontal.svg","width":200,"height":70,"caption":"Concejalía de Juventud de Petrer"},"image":{"@id":"https:\/\/petrerjove.com\/ca\/#\/schema\/logo\/image\/"},"sameAs":["https:\/\/www.facebook.com\/petrerjoven\/","https:\/\/www.instagram.com\/petrerjove\/"]}]}</script>
<!-- / Yoast SEO plugin. -->

Exposició de pintura - Rebus - Petrer Jove

Quants cops no trobem respostes als enigmes de la vida? Encara ens qüestionem intentant comprendre alguns fenòmens, encara que portem segles trobant respostes científiques.&#13; &#13; Tot i els enganys de la vista, les interpretacions d&#8217;algunes activitats específiques sempre romanen obertes i incertes per a l&#8217;home, ja que estan magistralment ocultes. Ja sigui a la dinàmica [&hellip;]

Concejalía de Infancia y Juventud de Petrer

Concejalía de Juventud de Petrer
