{"id":2681,"date":"2024-02-22T09:36:26","date_gmt":"2024-02-22T08:36:26","guid":{"rendered":"https:\/\/petrerjove.com\/evento\/ruta-urbana-parc-9-doctubre\/"},"modified":"2024-04-23T07:49:47","modified_gmt":"2024-04-23T05:49:47","slug":"ruta-urbana-parc-9-doctubre","status":"publish","type":"evento","link":"https:\/\/petrerjove.com\/ca\/evento\/ruta-urbana-parc-9-doctubre\/","title":{"rendered":"Ruta Urbana Parc 9 d&#8217;Octubre"},"content":{"rendered":"\n<p>El dissabte 24 de febrer, t&#8217;esperem en el Casal de la Joventut a les 10 del mat\u00ed per a posar rumb al parc 9 d&#8217;octubre i descobrir la seua flora i fauna en la millor companyia!&#13;\n&#13;\nL&#8217;activitat est\u00e0 pensada per a tota la fam\u00edlia, es pot portar esmorzar.&#13;\n&#13;\nGaudix d&#8217;una Ruta Urbana en un dels espais p\u00fablics de Petrer que major concentraci\u00f3 de fauna i flora cont\u00e9, encara que en la majoria de les ocasions passen desapercebuts. Les educadores mediambientals del *CREA s\u00f3n les encarregades de dirigir la visita per un itinerari interior del parc en els quals es donen a con\u00e9ixer amb tot detall aquelles plantes i animals existents en el recinte i que hem vist moltes vegades per\u00f2 que no coneixem.<\/p>\n\n<p><strong>T&#8217;esperem!<\/strong><\/p>\n","protected":false},"author":1,"featured_media":2682,"template":"","tag-evento":[92],"edades-eventos":[],"lugar-eventos":[69],"class_list":["post-2681","evento","type-evento","status-publish","has-post-thumbnail","hentry","tag-evento-destacat","lugar-eventos-casal-de-la-joventut"],"yoast_head":"<!-- This site is optimized with the Yoast SEO plugin v27.5 - https:\/\/yoast.com\/product\/yoast-seo-wordpress\/ -->\n<title>Ruta Urbana Parc 9 d&#039;Octubre - Petrer Jove<\/title>\n<meta name=\"robots\" content=\"index, follow, max-snippet:-1, max-image-preview:large, max-video-preview:-1\" \/>\n<link rel=\"canonical\" href=\"https:\/\/petrerjove.com\/ca\/evento\/ruta-urbana-parc-9-doctubre\/\" \/>\n<meta property=\"og:locale\" content=\"ca_ES\" \/>\n<meta property=\"og:type\" content=\"article\" \/>\n<meta property=\"og:title\" content=\"Ruta Urbana Parc 9 d&#039;Octubre - Petrer Jove\" \/>\n<meta property=\"og:description\" content=\"El dissabte 24 de febrer, t&#8217;esperem en el Casal de la Joventut a les 10 del mat\u00ed per a posar rumb al parc 9 d&#8217;octubre i descobrir la seua flora i fauna en la millor companyia!&#013; &#013; L&#8217;activitat est\u00e0 pensada per a tota la fam\u00edlia, es pot portar esmorzar.&#013; &#013; Gaudix d&#8217;una Ruta Urbana en [&hellip;]\" \/>\n<meta property=\"og:url\" content=\"https:\/\/petrerjove.com\/ca\/evento\/ruta-urbana-parc-9-doctubre\/\" \/>\n<meta property=\"og:site_name\" content=\"Petrer Jove\" \/>\n<meta property=\"article:publisher\" content=\"https:\/\/www.facebook.com\/petrerjoven\/\" \/>\n<meta property=\"article:modified_time\" content=\"2024-04-23T05:49:47+00:00\" \/>\n<meta property=\"og:image\" content=\"https:\/\/petrerjove.com\/wp-content\/uploads\/2024\/02\/rutaurbana_24feb_destacada-min.jpeg\" \/>\n\t<meta property=\"og:image:width\" content=\"400\" \/>\n\t<meta property=\"og:image:height\" content=\"290\" \/>\n\t<meta property=\"og:image:type\" content=\"image\/jpeg\" \/>\n<meta name=\"twitter:card\" content=\"summary_large_image\" \/>\n<meta name=\"twitter:label1\" content=\"Temps estimat de lectura\" \/>\n\t<meta name=\"twitter:data1\" content=\"1 minut\" \/>\n<script type=\"application\/ld+json\" class=\"yoast-schema-graph\">{\"@context\":\"https:\\\/\\\/schema.org\",\"@graph\":[{\"@type\":\"WebPage\",\"@id\":\"https:\\\/\\\/petrerjove.com\\\/ca\\\/evento\\\/ruta-urbana-parc-9-doctubre\\\/\",\"url\":\"https:\\\/\\\/petrerjove.com\\\/ca\\\/evento\\\/ruta-urbana-parc-9-doctubre\\\/\",\"name\":\"Ruta Urbana Parc 9 d'Octubre - Petrer Jove\",\"isPartOf\":{\"@id\":\"https:\\\/\\\/petrerjove.com\\\/ca\\\/#website\"},\"primaryImageOfPage\":{\"@id\":\"https:\\\/\\\/petrerjove.com\\\/ca\\\/evento\\\/ruta-urbana-parc-9-doctubre\\\/#primaryimage\"},\"image\":{\"@id\":\"https:\\\/\\\/petrerjove.com\\\/ca\\\/evento\\\/ruta-urbana-parc-9-doctubre\\\/#primaryimage\"},\"thumbnailUrl\":\"https:\\\/\\\/petrerjove.com\\\/wp-content\\\/uploads\\\/2024\\\/02\\\/rutaurbana_24feb_destacada-min.jpeg\",\"datePublished\":\"2024-02-22T08:36:26+00:00\",\"dateModified\":\"2024-04-23T05:49:47+00:00\",\"breadcrumb\":{\"@id\":\"https:\\\/\\\/petrerjove.com\\\/ca\\\/evento\\\/ruta-urbana-parc-9-doctubre\\\/#breadcrumb\"},\"inLanguage\":\"ca\",\"potentialAction\":[{\"@type\":\"ReadAction\",\"target\":[\"https:\\\/\\\/petrerjove.com\\\/ca\\\/evento\\\/ruta-urbana-parc-9-doctubre\\\/\"]}]},{\"@type\":\"ImageObject\",\"inLanguage\":\"ca\",\"@id\":\"https:\\\/\\\/petrerjove.com\\\/ca\\\/evento\\\/ruta-urbana-parc-9-doctubre\\\/#primaryimage\",\"url\":\"https:\\\/\\\/petrerjove.com\\\/wp-content\\\/uploads\\\/2024\\\/02\\\/rutaurbana_24feb_destacada-min.jpeg\",\"contentUrl\":\"https:\\\/\\\/petrerjove.com\\\/wp-content\\\/uploads\\\/2024\\\/02\\\/rutaurbana_24feb_destacada-min.jpeg\",\"width\":400,\"height\":290},{\"@type\":\"BreadcrumbList\",\"@id\":\"https:\\\/\\\/petrerjove.com\\\/ca\\\/evento\\\/ruta-urbana-parc-9-doctubre\\\/#breadcrumb\",\"itemListElement\":[{\"@type\":\"ListItem\",\"position\":1,\"name\":\"Portada\",\"item\":\"https:\\\/\\\/petrerjove.com\\\/ca\\\/\"},{\"@type\":\"ListItem\",\"position\":2,\"name\":\"Ruta Urbana Parc 9 d&#8217;Octubre\"}]},{\"@type\":\"WebSite\",\"@id\":\"https:\\\/\\\/petrerjove.com\\\/ca\\\/#website\",\"url\":\"https:\\\/\\\/petrerjove.com\\\/ca\\\/\",\"name\":\"Petrer Jove\",\"description\":\"Concejal\u00eda de Infancia y Juventud de Petrer\",\"publisher\":{\"@id\":\"https:\\\/\\\/petrerjove.com\\\/ca\\\/#organization\"},\"potentialAction\":[{\"@type\":\"SearchAction\",\"target\":{\"@type\":\"EntryPoint\",\"urlTemplate\":\"https:\\\/\\\/petrerjove.com\\\/ca\\\/?s={search_term_string}\"},\"query-input\":{\"@type\":\"PropertyValueSpecification\",\"valueRequired\":true,\"valueName\":\"search_term_string\"}}],\"inLanguage\":\"ca\"},{\"@type\":\"Organization\",\"@id\":\"https:\\\/\\\/petrerjove.com\\\/ca\\\/#organization\",\"name\":\"Concejal\u00eda de Juventud de Petrer\",\"url\":\"https:\\\/\\\/petrerjove.com\\\/ca\\\/\",\"logo\":{\"@type\":\"ImageObject\",\"inLanguage\":\"ca\",\"@id\":\"https:\\\/\\\/petrerjove.com\\\/ca\\\/#\\\/schema\\\/logo\\\/image\\\/\",\"url\":\"https:\\\/\\\/petrerjove.com\\\/wp-content\\\/uploads\\\/2024\\\/02\\\/petrerjove_horizontal.svg\",\"contentUrl\":\"https:\\\/\\\/petrerjove.com\\\/wp-content\\\/uploads\\\/2024\\\/02\\\/petrerjove_horizontal.svg\",\"width\":200,\"height\":70,\"caption\":\"Concejal\u00eda de Juventud de Petrer\"},\"image\":{\"@id\":\"https:\\\/\\\/petrerjove.com\\\/ca\\\/#\\\/schema\\\/logo\\\/image\\\/\"},\"sameAs\":[\"https:\\\/\\\/www.facebook.com\\\/petrerjoven\\\/\",\"https:\\\/\\\/www.instagram.com\\\/petrerjove\\\/\"]}]}<\/script>\n<!-- \/ Yoast SEO plugin. -->","yoast_head_json":{"title":"Ruta Urbana Parc 9 d'Octubre - Petrer Jove","robots":{"index":"index","follow":"follow","max-snippet":"max-snippet:-1","max-image-preview":"max-image-preview:large","max-video-preview":"max-video-preview:-1"},"canonical":"https:\/\/petrerjove.com\/ca\/evento\/ruta-urbana-parc-9-doctubre\/","og_locale":"ca_ES","og_type":"article","og_title":"Ruta Urbana Parc 9 d'Octubre - Petrer Jove","og_description":"El dissabte 24 de febrer, t&#8217;esperem en el Casal de la Joventut a les 10 del mat\u00ed per a posar rumb al parc 9 d&#8217;octubre i descobrir la seua flora i fauna en la millor companyia!&#13; &#13; L&#8217;activitat est\u00e0 pensada per a tota la fam\u00edlia, es pot portar esmorzar.&#13; &#13; Gaudix d&#8217;una Ruta Urbana en [&hellip;]","og_url":"https:\/\/petrerjove.com\/ca\/evento\/ruta-urbana-parc-9-doctubre\/","og_site_name":"Petrer Jove","article_publisher":"https:\/\/www.facebook.com\/petrerjoven\/","article_modified_time":"2024-04-23T05:49:47+00:00","og_image":[{"width":400,"height":290,"url":"https:\/\/petrerjove.com\/wp-content\/uploads\/2024\/02\/rutaurbana_24feb_destacada-min.jpeg","type":"image\/jpeg"}],"twitter_card":"summary_large_image","twitter_misc":{"Temps estimat de lectura":"1 minut"},"schema":{"@context":"https:\/\/schema.org","@graph":[{"@type":"WebPage","@id":"https:\/\/petrerjove.com\/ca\/evento\/ruta-urbana-parc-9-doctubre\/","url":"https:\/\/petrerjove.com\/ca\/evento\/ruta-urbana-parc-9-doctubre\/","name":"Ruta Urbana Parc 9 d'Octubre - Petrer Jove","isPartOf":{"@id":"https:\/\/petrerjove.com\/ca\/#website"},"primaryImageOfPage":{"@id":"https:\/\/petrerjove.com\/ca\/evento\/ruta-urbana-parc-9-doctubre\/#primaryimage"},"image":{"@id":"https:\/\/petrerjove.com\/ca\/evento\/ruta-urbana-parc-9-doctubre\/#primaryimage"},"thumbnailUrl":"https:\/\/petrerjove.com\/wp-content\/uploads\/2024\/02\/rutaurbana_24feb_destacada-min.jpeg","datePublished":"2024-02-22T08:36:26+00:00","dateModified":"2024-04-23T05:49:47+00:00","breadcrumb":{"@id":"https:\/\/petrerjove.com\/ca\/evento\/ruta-urbana-parc-9-doctubre\/#breadcrumb"},"inLanguage":"ca","potentialAction":[{"@type":"ReadAction","target":["https:\/\/petrerjove.com\/ca\/evento\/ruta-urbana-parc-9-doctubre\/"]}]},{"@type":"ImageObject","inLanguage":"ca","@id":"https:\/\/petrerjove.com\/ca\/evento\/ruta-urbana-parc-9-doctubre\/#primaryimage","url":"https:\/\/petrerjove.com\/wp-content\/uploads\/2024\/02\/rutaurbana_24feb_destacada-min.jpeg","contentUrl":"https:\/\/petrerjove.com\/wp-content\/uploads\/2024\/02\/rutaurbana_24feb_destacada-min.jpeg","width":400,"height":290},{"@type":"BreadcrumbList","@id":"https:\/\/petrerjove.com\/ca\/evento\/ruta-urbana-parc-9-doctubre\/#breadcrumb","itemListElement":[{"@type":"ListItem","position":1,"name":"Portada","item":"https:\/\/petrerjove.com\/ca\/"},{"@type":"ListItem","position":2,"name":"Ruta Urbana Parc 9 d&#8217;Octubre"}]},{"@type":"WebSite","@id":"https:\/\/petrerjove.com\/ca\/#website","url":"https:\/\/petrerjove.com\/ca\/","name":"Petrer Jove","description":"Concejal\u00eda de Infancia y Juventud de Petrer","publisher":{"@id":"https:\/\/petrerjove.com\/ca\/#organization"},"potentialAction":[{"@type":"SearchAction","target":{"@type":"EntryPoint","urlTemplate":"https:\/\/petrerjove.com\/ca\/?s={search_term_string}"},"query-input":{"@type":"PropertyValueSpecification","valueRequired":true,"valueName":"search_term_string"}}],"inLanguage":"ca"},{"@type":"Organization","@id":"https:\/\/petrerjove.com\/ca\/#organization","name":"Concejal\u00eda de Juventud de Petrer","url":"https:\/\/petrerjove.com\/ca\/","logo":{"@type":"ImageObject","inLanguage":"ca","@id":"https:\/\/petrerjove.com\/ca\/#\/schema\/logo\/image\/","url":"https:\/\/petrerjove.com\/wp-content\/uploads\/2024\/02\/petrerjove_horizontal.svg","contentUrl":"https:\/\/petrerjove.com\/wp-content\/uploads\/2024\/02\/petrerjove_horizontal.svg","width":200,"height":70,"caption":"Concejal\u00eda de Juventud de Petrer"},"image":{"@id":"https:\/\/petrerjove.com\/ca\/#\/schema\/logo\/image\/"},"sameAs":["https:\/\/www.facebook.com\/petrerjoven\/","https:\/\/www.instagram.com\/petrerjove\/"]}]}},"_links":{"self":[{"href":"https:\/\/petrerjove.com\/ca\/wp-json\/wp\/v2\/evento\/2681","targetHints":{"allow":["GET"]}}],"collection":[{"href":"https:\/\/petrerjove.com\/ca\/wp-json\/wp\/v2\/evento"}],"about":[{"href":"https:\/\/petrerjove.com\/ca\/wp-json\/wp\/v2\/types\/evento"}],"author":[{"embeddable":true,"href":"https:\/\/petrerjove.com\/ca\/wp-json\/wp\/v2\/users\/1"}],"version-history":[{"count":3,"href":"https:\/\/petrerjove.com\/ca\/wp-json\/wp\/v2\/evento\/2681\/revisions"}],"predecessor-version":[{"id":2887,"href":"https:\/\/petrerjove.com\/ca\/wp-json\/wp\/v2\/evento\/2681\/revisions\/2887"}],"wp:featuredmedia":[{"embeddable":true,"href":"https:\/\/petrerjove.com\/ca\/wp-json\/wp\/v2\/media\/2682"}],"wp:attachment":[{"href":"https:\/\/petrerjove.com\/ca\/wp-json\/wp\/v2\/media?parent=2681"}],"wp:term":[{"taxonomy":"tag-evento","embeddable":true,"href":"https:\/\/petrerjove.com\/ca\/wp-json\/wp\/v2\/tag-evento?post=2681"},{"taxonomy":"edades-eventos","embeddable":true,"href":"https:\/\/petrerjove.com\/ca\/wp-json\/wp\/v2\/edades-eventos?post=2681"},{"taxonomy":"lugar-eventos","embeddable":true,"href":"https:\/\/petrerjove.com\/ca\/wp-json\/wp\/v2\/lugar-eventos?post=2681"}],"curies":[{"name":"wp","href":"https:\/\/api.w.org\/{rel}","templated":true}]}}

<p>El dissabte 24 de febrer, t&#8217;esperem en el Casal de la Joventut a les 10 del matí per a posar rumb al parc 9 d&#8217;octubre i descobrir la seua flora i fauna en la millor companyia!&#13;
&#13;
L&#8217;activitat està pensada per a tota la família, es pot portar esmorzar.&#13;
&#13;
Gaudix d&#8217;una Ruta Urbana en un dels espais públics de Petrer que major concentració de fauna i flora conté, encara que en la majoria de les ocasions passen desapercebuts. Les educadores mediambientals del *CREA són les encarregades de dirigir la visita per un itinerari interior del parc en els quals es donen a conéixer amb tot detall aquelles plantes i animals existents en el recinte i que hem vist moltes vegades però que no coneixem.</p>

<p><strong>T&#8217;esperem!</strong></p>

<!-- This site is optimized with the Yoast SEO plugin v27.5 - https://yoast.com/product/yoast-seo-wordpress/ -->
<title>Ruta Urbana Parc 9 d&#039;Octubre - Petrer Jove</title>
<meta name="robots" content="index, follow, max-snippet:-1, max-image-preview:large, max-video-preview:-1" />
<link rel="canonical" href="https://petrerjove.com/ca/evento/ruta-urbana-parc-9-doctubre/" />
<meta property="og:locale" content="ca_ES" />
<meta property="og:type" content="article" />
<meta property="og:title" content="Ruta Urbana Parc 9 d&#039;Octubre - Petrer Jove" />
<meta property="og:description" content="El dissabte 24 de febrer, t&#8217;esperem en el Casal de la Joventut a les 10 del matí per a posar rumb al parc 9 d&#8217;octubre i descobrir la seua flora i fauna en la millor companyia!&#013; &#013; L&#8217;activitat està pensada per a tota la família, es pot portar esmorzar.&#013; &#013; Gaudix d&#8217;una Ruta Urbana en [&hellip;]" />
<meta property="og:url" content="https://petrerjove.com/ca/evento/ruta-urbana-parc-9-doctubre/" />
<meta property="og:site_name" content="Petrer Jove" />
<meta property="article:publisher" content="https://www.facebook.com/petrerjoven/" />
<meta property="article:modified_time" content="2024-04-23T05:49:47+00:00" />
<meta property="og:image" content="https://petrerjove.com/wp-content/uploads/2024/02/rutaurbana_24feb_destacada-min.jpeg" />
	<meta property="og:image:width" content="400" />
	<meta property="og:image:height" content="290" />
	<meta property="og:image:type" content="image/jpeg" />
<meta name="twitter:card" content="summary_large_image" />
<meta name="twitter:label1" content="Temps estimat de lectura" />
	<meta name="twitter:data1" content="1 minut" />
<script type="application/ld+json" class="yoast-schema-graph">{"@context":"https:\/\/schema.org","@graph":[{"@type":"WebPage","@id":"https:\/\/petrerjove.com\/ca\/evento\/ruta-urbana-parc-9-doctubre\/","url":"https:\/\/petrerjove.com\/ca\/evento\/ruta-urbana-parc-9-doctubre\/","name":"Ruta Urbana Parc 9 d'Octubre - Petrer Jove","isPartOf":{"@id":"https:\/\/petrerjove.com\/ca\/#website"},"primaryImageOfPage":{"@id":"https:\/\/petrerjove.com\/ca\/evento\/ruta-urbana-parc-9-doctubre\/#primaryimage"},"image":{"@id":"https:\/\/petrerjove.com\/ca\/evento\/ruta-urbana-parc-9-doctubre\/#primaryimage"},"thumbnailUrl":"https:\/\/petrerjove.com\/wp-content\/uploads\/2024\/02\/rutaurbana_24feb_destacada-min.jpeg","datePublished":"2024-02-22T08:36:26+00:00","dateModified":"2024-04-23T05:49:47+00:00","breadcrumb":{"@id":"https:\/\/petrerjove.com\/ca\/evento\/ruta-urbana-parc-9-doctubre\/#breadcrumb"},"inLanguage":"ca","potentialAction":[{"@type":"ReadAction","target":["https:\/\/petrerjove.com\/ca\/evento\/ruta-urbana-parc-9-doctubre\/"]}]},{"@type":"ImageObject","inLanguage":"ca","@id":"https:\/\/petrerjove.com\/ca\/evento\/ruta-urbana-parc-9-doctubre\/#primaryimage","url":"https:\/\/petrerjove.com\/wp-content\/uploads\/2024\/02\/rutaurbana_24feb_destacada-min.jpeg","contentUrl":"https:\/\/petrerjove.com\/wp-content\/uploads\/2024\/02\/rutaurbana_24feb_destacada-min.jpeg","width":400,"height":290},{"@type":"BreadcrumbList","@id":"https:\/\/petrerjove.com\/ca\/evento\/ruta-urbana-parc-9-doctubre\/#breadcrumb","itemListElement":[{"@type":"ListItem","position":1,"name":"Portada","item":"https:\/\/petrerjove.com\/ca\/"},{"@type":"ListItem","position":2,"name":"Ruta Urbana Parc 9 d&#8217;Octubre"}]},{"@type":"WebSite","@id":"https:\/\/petrerjove.com\/ca\/#website","url":"https:\/\/petrerjove.com\/ca\/","name":"Petrer Jove","description":"Concejalía de Infancia y Juventud de Petrer","publisher":{"@id":"https:\/\/petrerjove.com\/ca\/#organization"},"potentialAction":[{"@type":"SearchAction","target":{"@type":"EntryPoint","urlTemplate":"https:\/\/petrerjove.com\/ca\/?s={search_term_string}"},"query-input":{"@type":"PropertyValueSpecification","valueRequired":true,"valueName":"search_term_string"}}],"inLanguage":"ca"},{"@type":"Organization","@id":"https:\/\/petrerjove.com\/ca\/#organization","name":"Concejalía de Juventud de Petrer","url":"https:\/\/petrerjove.com\/ca\/","logo":{"@type":"ImageObject","inLanguage":"ca","@id":"https:\/\/petrerjove.com\/ca\/#\/schema\/logo\/image\/","url":"https:\/\/petrerjove.com\/wp-content\/uploads\/2024\/02\/petrerjove_horizontal.svg","contentUrl":"https:\/\/petrerjove.com\/wp-content\/uploads\/2024\/02\/petrerjove_horizontal.svg","width":200,"height":70,"caption":"Concejalía de Juventud de Petrer"},"image":{"@id":"https:\/\/petrerjove.com\/ca\/#\/schema\/logo\/image\/"},"sameAs":["https:\/\/www.facebook.com\/petrerjoven\/","https:\/\/www.instagram.com\/petrerjove\/"]}]}</script>
<!-- / Yoast SEO plugin. -->

El dissabte 24 de febrer, t&#8217;esperem en el Casal de la Joventut a les 10 del matí per a posar rumb al parc 9 d&#8217;octubre i descobrir la seua flora i fauna en la millor companyia!&#13; &#13; L&#8217;activitat està pensada per a tota la família, es pot portar esmorzar.&#13; &#13; Gaudix d&#8217;una Ruta Urbana en [&hellip;]

Concejalía de Infancia y Juventud de Petrer

Concejalía de Juventud de Petrer
