{"id":2664,"date":"2024-02-22T11:21:54","date_gmt":"2024-02-22T10:21:54","guid":{"rendered":"https:\/\/petrerjove.com\/evento\/introduccio-a-la-informatica-musical\/"},"modified":"2024-04-23T07:49:07","modified_gmt":"2024-04-23T05:49:07","slug":"introduccio-a-la-informatica-musical","status":"publish","type":"evento","link":"https:\/\/petrerjove.com\/ca\/evento\/introduccio-a-la-informatica-musical\/","title":{"rendered":"Introducci\u00f3 a la inform\u00e0tica musical"},"content":{"rendered":"\n<p><strong>Atent@s universitari@s!<\/strong> Andes curt de cr\u00e8dits? Introdueix-te en el m\u00f3n d&#8217;Inform\u00e0tica Musical de la m\u00e0 del professor Jorge Calvo Zaragoza, especialista en Llenguatges i Sistemes Inform\u00e0tiques. En la nostra Societat de la Informaci\u00f3, gran quantitat de desenvolupaments tecnol\u00f2gics tracten amb dades musicals.<\/p>\n\n<p>El curs donar\u00e0 lloc el 21 i 28 de febrer; 6, 13 i 20 de mar\u00e7, de 9.30 a 12.30 en *Espai *Blanc (C\/Luis *Chorro, 7 Petrer).<\/p>\n\n<p><strong>El cost \u00e9s de 30\u20ac. Cr\u00e8dits: 1,5 *ECTS<\/strong>. Per a preinscriure&#8217;t, pots anar al bot\u00f3 que trobar\u00e0s fent *scroll.<\/p>\n\n<p>La m\u00fasica juga un paper molt rellevant en la societat: entre altres, el de consumir m\u00fasica en plataformes de *streaming o tocar un instrument, tant com afici\u00f3 com professionalment, \u00e9s una cosa habitual. En el context de l&#8217;actual Societat de la Informaci\u00f3, gran quantitat de desenvolupaments tecnol\u00f2gics tracten amb dades musicals, amb l&#8217;objectiu de millorar l&#8217;experi\u00e8ncia de l&#8217;usuari final. Quan s&#8217;utilitzen tecnologies inform\u00e0tiques, aix\u00f2 es coneix com a Inform\u00e0tica Musical.<\/p>\n\n<p>Este curs pret\u00e9n donar a con\u00e9ixer este camp tant al p\u00fablic general com a aquells interessats en una possible via laboral, ja siga investigadora o industrial. Cobrirem aspectes, tant conceptuals com t\u00e8cnics, relacionats amb el camp en general i tamb\u00e9 sobre tasques concretes (classificaci\u00f3 de m\u00fasica, transcripci\u00f3 d&#8217;\u00e0udio, composici\u00f3 autom\u00e0tica, etc.), integrant de manera natural les ferramentes utilitzades t\u00edpicament (com la intel\u00b7lig\u00e8ncia artificial i el processament de senyal).<\/p>\n","protected":false},"author":1,"featured_media":2665,"template":"","tag-evento":[],"edades-eventos":[],"lugar-eventos":[81],"class_list":["post-2664","evento","type-evento","status-publish","has-post-thumbnail","hentry","lugar-eventos-espai-blanc"],"yoast_head":"<!-- This site is optimized with the Yoast SEO plugin v27.5 - https:\/\/yoast.com\/product\/yoast-seo-wordpress\/ -->\n<title>Introducci\u00f3 a la inform\u00e0tica musical - Petrer Jove<\/title>\n<meta name=\"robots\" content=\"index, follow, max-snippet:-1, max-image-preview:large, max-video-preview:-1\" \/>\n<link rel=\"canonical\" href=\"https:\/\/petrerjove.com\/ca\/evento\/introduccio-a-la-informatica-musical\/\" \/>\n<meta property=\"og:locale\" content=\"ca_ES\" \/>\n<meta property=\"og:type\" content=\"article\" \/>\n<meta property=\"og:title\" content=\"Introducci\u00f3 a la inform\u00e0tica musical - Petrer Jove\" \/>\n<meta property=\"og:description\" content=\"Atent@s universitari@s! Andes curt de cr\u00e8dits? Introdueix-te en el m\u00f3n d&#8217;Inform\u00e0tica Musical de la m\u00e0 del professor Jorge Calvo Zaragoza, especialista en Llenguatges i Sistemes Inform\u00e0tiques. En la nostra Societat de la Informaci\u00f3, gran quantitat de desenvolupaments tecnol\u00f2gics tracten amb dades musicals. El curs donar\u00e0 lloc el 21 i 28 de febrer; 6, 13 i [&hellip;]\" \/>\n<meta property=\"og:url\" content=\"https:\/\/petrerjove.com\/ca\/evento\/introduccio-a-la-informatica-musical\/\" \/>\n<meta property=\"og:site_name\" content=\"Petrer Jove\" \/>\n<meta property=\"article:publisher\" content=\"https:\/\/www.facebook.com\/petrerjoven\/\" \/>\n<meta property=\"article:modified_time\" content=\"2024-04-23T05:49:07+00:00\" \/>\n<meta property=\"og:image\" content=\"https:\/\/petrerjove.com\/wp-content\/uploads\/2024\/02\/informaticamusical_destacada-min.jpeg\" \/>\n\t<meta property=\"og:image:width\" content=\"400\" \/>\n\t<meta property=\"og:image:height\" content=\"290\" \/>\n\t<meta property=\"og:image:type\" content=\"image\/jpeg\" \/>\n<meta name=\"twitter:card\" content=\"summary_large_image\" \/>\n<meta name=\"twitter:label1\" content=\"Temps estimat de lectura\" \/>\n\t<meta name=\"twitter:data1\" content=\"1 minut\" \/>\n<script type=\"application\/ld+json\" class=\"yoast-schema-graph\">{\"@context\":\"https:\\\/\\\/schema.org\",\"@graph\":[{\"@type\":\"WebPage\",\"@id\":\"https:\\\/\\\/petrerjove.com\\\/ca\\\/evento\\\/introduccio-a-la-informatica-musical\\\/\",\"url\":\"https:\\\/\\\/petrerjove.com\\\/ca\\\/evento\\\/introduccio-a-la-informatica-musical\\\/\",\"name\":\"Introducci\u00f3 a la inform\u00e0tica musical - Petrer Jove\",\"isPartOf\":{\"@id\":\"https:\\\/\\\/petrerjove.com\\\/ca\\\/#website\"},\"primaryImageOfPage\":{\"@id\":\"https:\\\/\\\/petrerjove.com\\\/ca\\\/evento\\\/introduccio-a-la-informatica-musical\\\/#primaryimage\"},\"image\":{\"@id\":\"https:\\\/\\\/petrerjove.com\\\/ca\\\/evento\\\/introduccio-a-la-informatica-musical\\\/#primaryimage\"},\"thumbnailUrl\":\"https:\\\/\\\/petrerjove.com\\\/wp-content\\\/uploads\\\/2024\\\/02\\\/informaticamusical_destacada-min.jpeg\",\"datePublished\":\"2024-02-22T10:21:54+00:00\",\"dateModified\":\"2024-04-23T05:49:07+00:00\",\"breadcrumb\":{\"@id\":\"https:\\\/\\\/petrerjove.com\\\/ca\\\/evento\\\/introduccio-a-la-informatica-musical\\\/#breadcrumb\"},\"inLanguage\":\"ca\",\"potentialAction\":[{\"@type\":\"ReadAction\",\"target\":[\"https:\\\/\\\/petrerjove.com\\\/ca\\\/evento\\\/introduccio-a-la-informatica-musical\\\/\"]}]},{\"@type\":\"ImageObject\",\"inLanguage\":\"ca\",\"@id\":\"https:\\\/\\\/petrerjove.com\\\/ca\\\/evento\\\/introduccio-a-la-informatica-musical\\\/#primaryimage\",\"url\":\"https:\\\/\\\/petrerjove.com\\\/wp-content\\\/uploads\\\/2024\\\/02\\\/informaticamusical_destacada-min.jpeg\",\"contentUrl\":\"https:\\\/\\\/petrerjove.com\\\/wp-content\\\/uploads\\\/2024\\\/02\\\/informaticamusical_destacada-min.jpeg\",\"width\":400,\"height\":290},{\"@type\":\"BreadcrumbList\",\"@id\":\"https:\\\/\\\/petrerjove.com\\\/ca\\\/evento\\\/introduccio-a-la-informatica-musical\\\/#breadcrumb\",\"itemListElement\":[{\"@type\":\"ListItem\",\"position\":1,\"name\":\"Portada\",\"item\":\"https:\\\/\\\/petrerjove.com\\\/ca\\\/\"},{\"@type\":\"ListItem\",\"position\":2,\"name\":\"Introducci\u00f3 a la inform\u00e0tica musical\"}]},{\"@type\":\"WebSite\",\"@id\":\"https:\\\/\\\/petrerjove.com\\\/ca\\\/#website\",\"url\":\"https:\\\/\\\/petrerjove.com\\\/ca\\\/\",\"name\":\"Petrer Jove\",\"description\":\"Concejal\u00eda de Infancia y Juventud de Petrer\",\"publisher\":{\"@id\":\"https:\\\/\\\/petrerjove.com\\\/ca\\\/#organization\"},\"potentialAction\":[{\"@type\":\"SearchAction\",\"target\":{\"@type\":\"EntryPoint\",\"urlTemplate\":\"https:\\\/\\\/petrerjove.com\\\/ca\\\/?s={search_term_string}\"},\"query-input\":{\"@type\":\"PropertyValueSpecification\",\"valueRequired\":true,\"valueName\":\"search_term_string\"}}],\"inLanguage\":\"ca\"},{\"@type\":\"Organization\",\"@id\":\"https:\\\/\\\/petrerjove.com\\\/ca\\\/#organization\",\"name\":\"Concejal\u00eda de Juventud de Petrer\",\"url\":\"https:\\\/\\\/petrerjove.com\\\/ca\\\/\",\"logo\":{\"@type\":\"ImageObject\",\"inLanguage\":\"ca\",\"@id\":\"https:\\\/\\\/petrerjove.com\\\/ca\\\/#\\\/schema\\\/logo\\\/image\\\/\",\"url\":\"https:\\\/\\\/petrerjove.com\\\/wp-content\\\/uploads\\\/2024\\\/02\\\/petrerjove_horizontal.svg\",\"contentUrl\":\"https:\\\/\\\/petrerjove.com\\\/wp-content\\\/uploads\\\/2024\\\/02\\\/petrerjove_horizontal.svg\",\"width\":200,\"height\":70,\"caption\":\"Concejal\u00eda de Juventud de Petrer\"},\"image\":{\"@id\":\"https:\\\/\\\/petrerjove.com\\\/ca\\\/#\\\/schema\\\/logo\\\/image\\\/\"},\"sameAs\":[\"https:\\\/\\\/www.facebook.com\\\/petrerjoven\\\/\",\"https:\\\/\\\/www.instagram.com\\\/petrerjove\\\/\"]}]}<\/script>\n<!-- \/ Yoast SEO plugin. -->","yoast_head_json":{"title":"Introducci\u00f3 a la inform\u00e0tica musical - Petrer Jove","robots":{"index":"index","follow":"follow","max-snippet":"max-snippet:-1","max-image-preview":"max-image-preview:large","max-video-preview":"max-video-preview:-1"},"canonical":"https:\/\/petrerjove.com\/ca\/evento\/introduccio-a-la-informatica-musical\/","og_locale":"ca_ES","og_type":"article","og_title":"Introducci\u00f3 a la inform\u00e0tica musical - Petrer Jove","og_description":"Atent@s universitari@s! Andes curt de cr\u00e8dits? Introdueix-te en el m\u00f3n d&#8217;Inform\u00e0tica Musical de la m\u00e0 del professor Jorge Calvo Zaragoza, especialista en Llenguatges i Sistemes Inform\u00e0tiques. En la nostra Societat de la Informaci\u00f3, gran quantitat de desenvolupaments tecnol\u00f2gics tracten amb dades musicals. El curs donar\u00e0 lloc el 21 i 28 de febrer; 6, 13 i [&hellip;]","og_url":"https:\/\/petrerjove.com\/ca\/evento\/introduccio-a-la-informatica-musical\/","og_site_name":"Petrer Jove","article_publisher":"https:\/\/www.facebook.com\/petrerjoven\/","article_modified_time":"2024-04-23T05:49:07+00:00","og_image":[{"width":400,"height":290,"url":"https:\/\/petrerjove.com\/wp-content\/uploads\/2024\/02\/informaticamusical_destacada-min.jpeg","type":"image\/jpeg"}],"twitter_card":"summary_large_image","twitter_misc":{"Temps estimat de lectura":"1 minut"},"schema":{"@context":"https:\/\/schema.org","@graph":[{"@type":"WebPage","@id":"https:\/\/petrerjove.com\/ca\/evento\/introduccio-a-la-informatica-musical\/","url":"https:\/\/petrerjove.com\/ca\/evento\/introduccio-a-la-informatica-musical\/","name":"Introducci\u00f3 a la inform\u00e0tica musical - Petrer Jove","isPartOf":{"@id":"https:\/\/petrerjove.com\/ca\/#website"},"primaryImageOfPage":{"@id":"https:\/\/petrerjove.com\/ca\/evento\/introduccio-a-la-informatica-musical\/#primaryimage"},"image":{"@id":"https:\/\/petrerjove.com\/ca\/evento\/introduccio-a-la-informatica-musical\/#primaryimage"},"thumbnailUrl":"https:\/\/petrerjove.com\/wp-content\/uploads\/2024\/02\/informaticamusical_destacada-min.jpeg","datePublished":"2024-02-22T10:21:54+00:00","dateModified":"2024-04-23T05:49:07+00:00","breadcrumb":{"@id":"https:\/\/petrerjove.com\/ca\/evento\/introduccio-a-la-informatica-musical\/#breadcrumb"},"inLanguage":"ca","potentialAction":[{"@type":"ReadAction","target":["https:\/\/petrerjove.com\/ca\/evento\/introduccio-a-la-informatica-musical\/"]}]},{"@type":"ImageObject","inLanguage":"ca","@id":"https:\/\/petrerjove.com\/ca\/evento\/introduccio-a-la-informatica-musical\/#primaryimage","url":"https:\/\/petrerjove.com\/wp-content\/uploads\/2024\/02\/informaticamusical_destacada-min.jpeg","contentUrl":"https:\/\/petrerjove.com\/wp-content\/uploads\/2024\/02\/informaticamusical_destacada-min.jpeg","width":400,"height":290},{"@type":"BreadcrumbList","@id":"https:\/\/petrerjove.com\/ca\/evento\/introduccio-a-la-informatica-musical\/#breadcrumb","itemListElement":[{"@type":"ListItem","position":1,"name":"Portada","item":"https:\/\/petrerjove.com\/ca\/"},{"@type":"ListItem","position":2,"name":"Introducci\u00f3 a la inform\u00e0tica musical"}]},{"@type":"WebSite","@id":"https:\/\/petrerjove.com\/ca\/#website","url":"https:\/\/petrerjove.com\/ca\/","name":"Petrer Jove","description":"Concejal\u00eda de Infancia y Juventud de Petrer","publisher":{"@id":"https:\/\/petrerjove.com\/ca\/#organization"},"potentialAction":[{"@type":"SearchAction","target":{"@type":"EntryPoint","urlTemplate":"https:\/\/petrerjove.com\/ca\/?s={search_term_string}"},"query-input":{"@type":"PropertyValueSpecification","valueRequired":true,"valueName":"search_term_string"}}],"inLanguage":"ca"},{"@type":"Organization","@id":"https:\/\/petrerjove.com\/ca\/#organization","name":"Concejal\u00eda de Juventud de Petrer","url":"https:\/\/petrerjove.com\/ca\/","logo":{"@type":"ImageObject","inLanguage":"ca","@id":"https:\/\/petrerjove.com\/ca\/#\/schema\/logo\/image\/","url":"https:\/\/petrerjove.com\/wp-content\/uploads\/2024\/02\/petrerjove_horizontal.svg","contentUrl":"https:\/\/petrerjove.com\/wp-content\/uploads\/2024\/02\/petrerjove_horizontal.svg","width":200,"height":70,"caption":"Concejal\u00eda de Juventud de Petrer"},"image":{"@id":"https:\/\/petrerjove.com\/ca\/#\/schema\/logo\/image\/"},"sameAs":["https:\/\/www.facebook.com\/petrerjoven\/","https:\/\/www.instagram.com\/petrerjove\/"]}]}},"_links":{"self":[{"href":"https:\/\/petrerjove.com\/ca\/wp-json\/wp\/v2\/evento\/2664","targetHints":{"allow":["GET"]}}],"collection":[{"href":"https:\/\/petrerjove.com\/ca\/wp-json\/wp\/v2\/evento"}],"about":[{"href":"https:\/\/petrerjove.com\/ca\/wp-json\/wp\/v2\/types\/evento"}],"author":[{"embeddable":true,"href":"https:\/\/petrerjove.com\/ca\/wp-json\/wp\/v2\/users\/1"}],"version-history":[{"count":3,"href":"https:\/\/petrerjove.com\/ca\/wp-json\/wp\/v2\/evento\/2664\/revisions"}],"predecessor-version":[{"id":2879,"href":"https:\/\/petrerjove.com\/ca\/wp-json\/wp\/v2\/evento\/2664\/revisions\/2879"}],"wp:featuredmedia":[{"embeddable":true,"href":"https:\/\/petrerjove.com\/ca\/wp-json\/wp\/v2\/media\/2665"}],"wp:attachment":[{"href":"https:\/\/petrerjove.com\/ca\/wp-json\/wp\/v2\/media?parent=2664"}],"wp:term":[{"taxonomy":"tag-evento","embeddable":true,"href":"https:\/\/petrerjove.com\/ca\/wp-json\/wp\/v2\/tag-evento?post=2664"},{"taxonomy":"edades-eventos","embeddable":true,"href":"https:\/\/petrerjove.com\/ca\/wp-json\/wp\/v2\/edades-eventos?post=2664"},{"taxonomy":"lugar-eventos","embeddable":true,"href":"https:\/\/petrerjove.com\/ca\/wp-json\/wp\/v2\/lugar-eventos?post=2664"}],"curies":[{"name":"wp","href":"https:\/\/api.w.org\/{rel}","templated":true}]}}

Introducció a la informàtica musical

<p><strong>Atent@s universitari@s!</strong> Andes curt de crèdits? Introdueix-te en el món d&#8217;Informàtica Musical de la mà del professor Jorge Calvo Zaragoza, especialista en Llenguatges i Sistemes Informàtiques. En la nostra Societat de la Informació, gran quantitat de desenvolupaments tecnològics tracten amb dades musicals.</p>

<p>El curs donarà lloc el 21 i 28 de febrer; 6, 13 i 20 de març, de 9.30 a 12.30 en *Espai *Blanc (C/Luis *Chorro, 7 Petrer).</p>

<p><strong>El cost és de 30€. Crèdits: 1,5 *ECTS</strong>. Per a preinscriure&#8217;t, pots anar al botó que trobaràs fent *scroll.</p>

<p>La música juga un paper molt rellevant en la societat: entre altres, el de consumir música en plataformes de *streaming o tocar un instrument, tant com afició com professionalment, és una cosa habitual. En el context de l&#8217;actual Societat de la Informació, gran quantitat de desenvolupaments tecnològics tracten amb dades musicals, amb l&#8217;objectiu de millorar l&#8217;experiència de l&#8217;usuari final. Quan s&#8217;utilitzen tecnologies informàtiques, això es coneix com a Informàtica Musical.</p>

<p>Este curs pretén donar a conéixer este camp tant al públic general com a aquells interessats en una possible via laboral, ja siga investigadora o industrial. Cobrirem aspectes, tant conceptuals com tècnics, relacionats amb el camp en general i també sobre tasques concretes (classificació de música, transcripció d&#8217;àudio, composició automàtica, etc.), integrant de manera natural les ferramentes utilitzades típicament (com la intel·ligència artificial i el processament de senyal).</p>

<!-- This site is optimized with the Yoast SEO plugin v27.5 - https://yoast.com/product/yoast-seo-wordpress/ -->
<title>Introducció a la informàtica musical - Petrer Jove</title>
<meta name="robots" content="index, follow, max-snippet:-1, max-image-preview:large, max-video-preview:-1" />
<link rel="canonical" href="https://petrerjove.com/ca/evento/introduccio-a-la-informatica-musical/" />
<meta property="og:locale" content="ca_ES" />
<meta property="og:type" content="article" />
<meta property="og:title" content="Introducció a la informàtica musical - Petrer Jove" />
<meta property="og:description" content="Atent@s universitari@s! Andes curt de crèdits? Introdueix-te en el món d&#8217;Informàtica Musical de la mà del professor Jorge Calvo Zaragoza, especialista en Llenguatges i Sistemes Informàtiques. En la nostra Societat de la Informació, gran quantitat de desenvolupaments tecnològics tracten amb dades musicals. El curs donarà lloc el 21 i 28 de febrer; 6, 13 i [&hellip;]" />
<meta property="og:url" content="https://petrerjove.com/ca/evento/introduccio-a-la-informatica-musical/" />
<meta property="og:site_name" content="Petrer Jove" />
<meta property="article:publisher" content="https://www.facebook.com/petrerjoven/" />
<meta property="article:modified_time" content="2024-04-23T05:49:07+00:00" />
<meta property="og:image" content="https://petrerjove.com/wp-content/uploads/2024/02/informaticamusical_destacada-min.jpeg" />
	<meta property="og:image:width" content="400" />
	<meta property="og:image:height" content="290" />
	<meta property="og:image:type" content="image/jpeg" />
<meta name="twitter:card" content="summary_large_image" />
<meta name="twitter:label1" content="Temps estimat de lectura" />
	<meta name="twitter:data1" content="1 minut" />
<script type="application/ld+json" class="yoast-schema-graph">{"@context":"https:\/\/schema.org","@graph":[{"@type":"WebPage","@id":"https:\/\/petrerjove.com\/ca\/evento\/introduccio-a-la-informatica-musical\/","url":"https:\/\/petrerjove.com\/ca\/evento\/introduccio-a-la-informatica-musical\/","name":"Introducció a la informàtica musical - Petrer Jove","isPartOf":{"@id":"https:\/\/petrerjove.com\/ca\/#website"},"primaryImageOfPage":{"@id":"https:\/\/petrerjove.com\/ca\/evento\/introduccio-a-la-informatica-musical\/#primaryimage"},"image":{"@id":"https:\/\/petrerjove.com\/ca\/evento\/introduccio-a-la-informatica-musical\/#primaryimage"},"thumbnailUrl":"https:\/\/petrerjove.com\/wp-content\/uploads\/2024\/02\/informaticamusical_destacada-min.jpeg","datePublished":"2024-02-22T10:21:54+00:00","dateModified":"2024-04-23T05:49:07+00:00","breadcrumb":{"@id":"https:\/\/petrerjove.com\/ca\/evento\/introduccio-a-la-informatica-musical\/#breadcrumb"},"inLanguage":"ca","potentialAction":[{"@type":"ReadAction","target":["https:\/\/petrerjove.com\/ca\/evento\/introduccio-a-la-informatica-musical\/"]}]},{"@type":"ImageObject","inLanguage":"ca","@id":"https:\/\/petrerjove.com\/ca\/evento\/introduccio-a-la-informatica-musical\/#primaryimage","url":"https:\/\/petrerjove.com\/wp-content\/uploads\/2024\/02\/informaticamusical_destacada-min.jpeg","contentUrl":"https:\/\/petrerjove.com\/wp-content\/uploads\/2024\/02\/informaticamusical_destacada-min.jpeg","width":400,"height":290},{"@type":"BreadcrumbList","@id":"https:\/\/petrerjove.com\/ca\/evento\/introduccio-a-la-informatica-musical\/#breadcrumb","itemListElement":[{"@type":"ListItem","position":1,"name":"Portada","item":"https:\/\/petrerjove.com\/ca\/"},{"@type":"ListItem","position":2,"name":"Introducció a la informàtica musical"}]},{"@type":"WebSite","@id":"https:\/\/petrerjove.com\/ca\/#website","url":"https:\/\/petrerjove.com\/ca\/","name":"Petrer Jove","description":"Concejalía de Infancia y Juventud de Petrer","publisher":{"@id":"https:\/\/petrerjove.com\/ca\/#organization"},"potentialAction":[{"@type":"SearchAction","target":{"@type":"EntryPoint","urlTemplate":"https:\/\/petrerjove.com\/ca\/?s={search_term_string}"},"query-input":{"@type":"PropertyValueSpecification","valueRequired":true,"valueName":"search_term_string"}}],"inLanguage":"ca"},{"@type":"Organization","@id":"https:\/\/petrerjove.com\/ca\/#organization","name":"Concejalía de Juventud de Petrer","url":"https:\/\/petrerjove.com\/ca\/","logo":{"@type":"ImageObject","inLanguage":"ca","@id":"https:\/\/petrerjove.com\/ca\/#\/schema\/logo\/image\/","url":"https:\/\/petrerjove.com\/wp-content\/uploads\/2024\/02\/petrerjove_horizontal.svg","contentUrl":"https:\/\/petrerjove.com\/wp-content\/uploads\/2024\/02\/petrerjove_horizontal.svg","width":200,"height":70,"caption":"Concejalía de Juventud de Petrer"},"image":{"@id":"https:\/\/petrerjove.com\/ca\/#\/schema\/logo\/image\/"},"sameAs":["https:\/\/www.facebook.com\/petrerjoven\/","https:\/\/www.instagram.com\/petrerjove\/"]}]}</script>
<!-- / Yoast SEO plugin. -->

Introducció a la informàtica musical - Petrer Jove

Atent@s universitari@s! Andes curt de crèdits? Introdueix-te en el món d&#8217;Informàtica Musical de la mà del professor Jorge Calvo Zaragoza, especialista en Llenguatges i Sistemes Informàtiques. En la nostra Societat de la Informació, gran quantitat de desenvolupaments tecnològics tracten amb dades musicals. El curs donarà lloc el 21 i 28 de febrer; 6, 13 i [&hellip;]

Concejalía de Infancia y Juventud de Petrer

Concejalía de Juventud de Petrer
