{"version":"1.0","provider_name":"Petrer Jove","provider_url":"https:\/\/petrerjove.com\/ca\/","author_name":"Wabi","author_url":"https:\/\/petrerjove.com\/ca\/author\/wabi\/","title":"Taller de Creaci\u00f3 de Llibretes amb Paper Reciclat - Petrer Jove","type":"rich","width":600,"height":338,"html":"<blockquote class=\"wp-embedded-content\" data-secret=\"3HwsbskQpS\"><a href=\"https:\/\/petrerjove.com\/ca\/evento\/taller-de-creacio-de-llibretes-amb-paper-reciclat\/\">Taller de Creaci\u00f3 de Llibretes amb Paper Reciclat<\/a><\/blockquote><iframe sandbox=\"allow-scripts\" security=\"restricted\" src=\"https:\/\/petrerjove.com\/ca\/evento\/taller-de-creacio-de-llibretes-amb-paper-reciclat\/embed\/#?secret=3HwsbskQpS\" width=\"600\" height=\"338\" title=\"&#8220;Taller de Creaci\u00f3 de Llibretes amb Paper Reciclat&#8221; &#8212; Petrer Jove\" data-secret=\"3HwsbskQpS\" frameborder=\"0\" marginwidth=\"0\" marginheight=\"0\" scrolling=\"no\" class=\"wp-embedded-content\"><\/iframe><script>\n\/*! This file is auto-generated *\/\n!function(d,l){\"use strict\";l.querySelector&&d.addEventListener&&\"undefined\"!=typeof URL&&(d.wp=d.wp||{},d.wp.receiveEmbedMessage||(d.wp.receiveEmbedMessage=function(e){var t=e.data;if((t||t.secret||t.message||t.value)&&!\/[^a-zA-Z0-9]\/.test(t.secret)){for(var s,r,n,a=l.querySelectorAll('iframe[data-secret=\"'+t.secret+'\"]'),o=l.querySelectorAll('blockquote[data-secret=\"'+t.secret+'\"]'),c=new RegExp(\"^https?:$\",\"i\"),i=0;i<o.length;i++)o[i].style.display=\"none\";for(i=0;i<a.length;i++)s=a[i],e.source===s.contentWindow&&(s.removeAttribute(\"style\"),\"height\"===t.message?(1e3<(r=parseInt(t.value,10))?r=1e3:~~r<200&&(r=200),s.height=r):\"link\"===t.message&&(r=new URL(s.getAttribute(\"src\")),n=new URL(t.value),c.test(n.protocol))&&n.host===r.host&&l.activeElement===s&&(d.top.location.href=t.value))}},d.addEventListener(\"message\",d.wp.receiveEmbedMessage,!1),l.addEventListener(\"DOMContentLoaded\",function(){for(var e,t,s=l.querySelectorAll(\"iframe.wp-embedded-content\"),r=0;r<s.length;r++)(t=(e=s[r]).getAttribute(\"data-secret\"))||(t=Math.random().toString(36).substring(2,12),e.src+=\"#?secret=\"+t,e.setAttribute(\"data-secret\",t)),e.contentWindow.postMessage({message:\"ready\",secret:t},\"*\")},!1)))}(window,document);\n\/\/# sourceURL=https:\/\/petrerjove.com\/wp-includes\/js\/wp-embed.min.js\n<\/script>\n","thumbnail_url":"https:\/\/petrerjove.com\/wp-content\/uploads\/2025\/04\/libretaspapel_22abril_destacada.jpg","thumbnail_width":400,"thumbnail_height":290,"description":"\u267b\ufe0f Celebra el Dia del Llibre cuidant el planeta \ud83d\udcc5 Del 22 al 25 d&#8217;abril\ud83d\udd60 De 17:30 a 18:30 h\ud83d\udccd Regidoria de Joventut \u2013 C\/ Ortega i Gasset, 26 \u2013 Petrer&gt; Apr\u00e8n a crear les teves pr\u00f2pies llibretes reutilitzant paper i materials reciclats.Un taller pr\u00e0ctic, ecol\u00f2gic i creatiu per donar vida a les teves idees [&hellip;]"}

Taller de Creació de Llibretes amb Paper Reciclat - Petrer Jove

<blockquote class="wp-embedded-content" data-secret="3HwsbskQpS"><a href="https://petrerjove.com/ca/evento/taller-de-creacio-de-llibretes-amb-paper-reciclat/">Taller de Creació de Llibretes amb Paper Reciclat</a></blockquote><iframe sandbox="allow-scripts" security="restricted" src="https://petrerjove.com/ca/evento/taller-de-creacio-de-llibretes-amb-paper-reciclat/embed/#?secret=3HwsbskQpS" width="600" height="338" title="&#8220;Taller de Creació de Llibretes amb Paper Reciclat&#8221; &#8212; Petrer Jove" data-secret="3HwsbskQpS" frameborder="0" marginwidth="0" marginheight="0" scrolling="no" class="wp-embedded-content"></iframe><script>
/*! This file is auto-generated */
!function(d,l){"use strict";l.querySelector&&d.addEventListener&&"undefined"!=typeof URL&&(d.wp=d.wp||{},d.wp.receiveEmbedMessage||(d.wp.receiveEmbedMessage=function(e){var t=e.data;if((t||t.secret||t.message||t.value)&&!/[^a-zA-Z0-9]/.test(t.secret)){for(var s,r,n,a=l.querySelectorAll('iframe[data-secret="'+t.secret+'"]'),o=l.querySelectorAll('blockquote[data-secret="'+t.secret+'"]'),c=new RegExp("^https?:$","i"),i=0;i<o.length;i++)o[i].style.display="none";for(i=0;i<a.length;i++)s=a[i],e.source===s.contentWindow&&(s.removeAttribute("style"),"height"===t.message?(1e3<(r=parseInt(t.value,10))?r=1e3:~~r<200&&(r=200),s.height=r):"link"===t.message&&(r=new URL(s.getAttribute("src")),n=new URL(t.value),c.test(n.protocol))&&n.host===r.host&&l.activeElement===s&&(d.top.location.href=t.value))}},d.addEventListener("message",d.wp.receiveEmbedMessage,!1),l.addEventListener("DOMContentLoaded",function(){for(var e,t,s=l.querySelectorAll("iframe.wp-embedded-content"),r=0;r<s.length;r++)(t=(e=s[r]).getAttribute("data-secret"))||(t=Math.random().toString(36).substring(2,12),e.src+="#?secret="+t,e.setAttribute("data-secret",t)),e.contentWindow.postMessage({message:"ready",secret:t},"*")},!1)))}(window,document);
//# sourceURL=https://petrerjove.com/wp-includes/js/wp-embed.min.js
</script>

♻️ Celebra el Dia del Llibre cuidant el planeta 📅 Del 22 al 25 d&#8217;abril🕠 De 17:30 a 18:30 h📍 Regidoria de Joventut – C/ Ortega i Gasset, 26 – Petrer&gt; Aprèn a crear les teves pròpies llibretes reutilitzant paper i materials reciclats.Un taller pràctic, ecològic i creatiu per donar vida a les teves idees [&hellip;]
