{"version":"1.0","provider_name":"Petrer Jove","provider_url":"https:\/\/petrerjove.com\/ca\/","author_name":"Wabi","author_url":"https:\/\/petrerjove.com\/ca\/author\/wabi\/","title":"Daf\u00f3 Theatrum - Avui he sentit LA CRIDA - Petrer Jove","type":"rich","width":600,"height":338,"html":"<blockquote class=\"wp-embedded-content\" data-secret=\"0YHnADCmsh\"><a href=\"https:\/\/petrerjove.com\/ca\/evento\/dafo-theatrum-avui-he-sentit-la-crida\/\">Daf\u00f3 Theatrum &#8211; Avui he sentit LA CRIDA<\/a><\/blockquote><iframe sandbox=\"allow-scripts\" security=\"restricted\" src=\"https:\/\/petrerjove.com\/ca\/evento\/dafo-theatrum-avui-he-sentit-la-crida\/embed\/#?secret=0YHnADCmsh\" width=\"600\" height=\"338\" title=\"&#8220;Daf\u00f3 Theatrum &#8211; Avui he sentit LA CRIDA&#8221; &#8212; Petrer Jove\" data-secret=\"0YHnADCmsh\" frameborder=\"0\" marginwidth=\"0\" marginheight=\"0\" scrolling=\"no\" class=\"wp-embedded-content\"><\/iframe><script>\n\/*! This file is auto-generated *\/\n!function(d,l){\"use strict\";l.querySelector&&d.addEventListener&&\"undefined\"!=typeof URL&&(d.wp=d.wp||{},d.wp.receiveEmbedMessage||(d.wp.receiveEmbedMessage=function(e){var t=e.data;if((t||t.secret||t.message||t.value)&&!\/[^a-zA-Z0-9]\/.test(t.secret)){for(var s,r,n,a=l.querySelectorAll('iframe[data-secret=\"'+t.secret+'\"]'),o=l.querySelectorAll('blockquote[data-secret=\"'+t.secret+'\"]'),c=new RegExp(\"^https?:$\",\"i\"),i=0;i<o.length;i++)o[i].style.display=\"none\";for(i=0;i<a.length;i++)s=a[i],e.source===s.contentWindow&&(s.removeAttribute(\"style\"),\"height\"===t.message?(1e3<(r=parseInt(t.value,10))?r=1e3:~~r<200&&(r=200),s.height=r):\"link\"===t.message&&(r=new URL(s.getAttribute(\"src\")),n=new URL(t.value),c.test(n.protocol))&&n.host===r.host&&l.activeElement===s&&(d.top.location.href=t.value))}},d.addEventListener(\"message\",d.wp.receiveEmbedMessage,!1),l.addEventListener(\"DOMContentLoaded\",function(){for(var e,t,s=l.querySelectorAll(\"iframe.wp-embedded-content\"),r=0;r<s.length;r++)(t=(e=s[r]).getAttribute(\"data-secret\"))||(t=Math.random().toString(36).substring(2,12),e.src+=\"#?secret=\"+t,e.setAttribute(\"data-secret\",t)),e.contentWindow.postMessage({message:\"ready\",secret:t},\"*\")},!1)))}(window,document);\n\/\/# sourceURL=https:\/\/petrerjove.com\/wp-includes\/js\/wp-embed.min.js\n<\/script>\n","thumbnail_url":"https:\/\/petrerjove.com\/wp-content\/uploads\/2024\/11\/llamada_21dic_destacada-min.jpg","thumbnail_width":400,"thumbnail_height":290,"description":"\u00a1L&#8217;emoci\u00f3 arriba al Teatre Cervantes de Petrer amb l&#8217;obra de Daf\u00f3 Theatrum! &#8220;Avui he sentit LA CRIDA&#8221; promet ser una experi\u00e8ncia \u00fanica plena d&#8217;intensitat i emoci\u00f3. No us perdeu aquesta oportunitat de gaudir d&#8217;una posada en escena captivadora, que us portar\u00e0 a viure una hist\u00f2ria plena de girs sorprenents. Detalls de l&#8217;esdeveniment:\ud83d\udcc6 Data: Dissabte, 21 [&hellip;]"}

Dafó Theatrum - Avui he sentit LA CRIDA - Petrer Jove

<blockquote class="wp-embedded-content" data-secret="0YHnADCmsh"><a href="https://petrerjove.com/ca/evento/dafo-theatrum-avui-he-sentit-la-crida/">Dafó Theatrum &#8211; Avui he sentit LA CRIDA</a></blockquote><iframe sandbox="allow-scripts" security="restricted" src="https://petrerjove.com/ca/evento/dafo-theatrum-avui-he-sentit-la-crida/embed/#?secret=0YHnADCmsh" width="600" height="338" title="&#8220;Dafó Theatrum &#8211; Avui he sentit LA CRIDA&#8221; &#8212; Petrer Jove" data-secret="0YHnADCmsh" frameborder="0" marginwidth="0" marginheight="0" scrolling="no" class="wp-embedded-content"></iframe><script>
/*! This file is auto-generated */
!function(d,l){"use strict";l.querySelector&&d.addEventListener&&"undefined"!=typeof URL&&(d.wp=d.wp||{},d.wp.receiveEmbedMessage||(d.wp.receiveEmbedMessage=function(e){var t=e.data;if((t||t.secret||t.message||t.value)&&!/[^a-zA-Z0-9]/.test(t.secret)){for(var s,r,n,a=l.querySelectorAll('iframe[data-secret="'+t.secret+'"]'),o=l.querySelectorAll('blockquote[data-secret="'+t.secret+'"]'),c=new RegExp("^https?:$","i"),i=0;i<o.length;i++)o[i].style.display="none";for(i=0;i<a.length;i++)s=a[i],e.source===s.contentWindow&&(s.removeAttribute("style"),"height"===t.message?(1e3<(r=parseInt(t.value,10))?r=1e3:~~r<200&&(r=200),s.height=r):"link"===t.message&&(r=new URL(s.getAttribute("src")),n=new URL(t.value),c.test(n.protocol))&&n.host===r.host&&l.activeElement===s&&(d.top.location.href=t.value))}},d.addEventListener("message",d.wp.receiveEmbedMessage,!1),l.addEventListener("DOMContentLoaded",function(){for(var e,t,s=l.querySelectorAll("iframe.wp-embedded-content"),r=0;r<s.length;r++)(t=(e=s[r]).getAttribute("data-secret"))||(t=Math.random().toString(36).substring(2,12),e.src+="#?secret="+t,e.setAttribute("data-secret",t)),e.contentWindow.postMessage({message:"ready",secret:t},"*")},!1)))}(window,document);
//# sourceURL=https://petrerjove.com/wp-includes/js/wp-embed.min.js
</script>

¡L&#8217;emoció arriba al Teatre Cervantes de Petrer amb l&#8217;obra de Dafó Theatrum! &#8220;Avui he sentit LA CRIDA&#8221; promet ser una experiència única plena d&#8217;intensitat i emoció. No us perdeu aquesta oportunitat de gaudir d&#8217;una posada en escena captivadora, que us portarà a viure una història plena de girs sorprenents. Detalls de l&#8217;esdeveniment:📆 Data: Dissabte, 21 [&hellip;]
